20.197.195.24 - - [24/Jul/2026:10:39:37 -0300] "GET /gecko.php HTTP/1.1" 404 146 "-" "-" "-"
20.197.195.24 - - [24/Jul/2026:10:39:37 -0300] "GET /sh3ll.php HTTP/1.1" 404 146 "-" "-" "-"
20.197.195.24 - - [24/Jul/2026:10:39:37 -0300] "GET /pbck.php HTTP/1.1" 404 146 "-" "-" "-"
20.197.195.24 - - [24/Jul/2026:10:39:37 -0300] "GET /xiugai.php?p= HTTP/1.1" 404 146 "-" "-" "-"
20.197.195.24 - - [24/Jul/2026:10:39:38 -0300] "GET /e.php HTTP/1.1" 404 146 "-" "-" "-"
20.197.195.24 - - [24/Jul/2026:10:39:38 -0300] "GET /for.php HTTP/1.1" 404 146 "-" "-" "-"
20.197.195.24 - - [24/Jul/2026:10:39:38 -0300] "GET /ssh3ll.php HTTP/1.1" 404 146 "-" "-" "-"
20.197.195.24 - - [24/Jul/2026:10:39:38 -0300] "GET /adminner.php HTTP/1.1" 404 146 "-" "-" "-"
20.197.195.24 - - [24/Jul/2026:10:39:39 -0300] "GET /82.php HTTP/1.1" 404 146 "-" "-" "-"
20.197.195.24 - - [24/Jul/2026:10:39:39 -0300] "GET /kir.php HTTP/1.1" 404 146 "-" "-" "-"
20.197.195.24 - - [24/Jul/2026:10:39:39 -0300] "GET /up4.php HTTP/1.1" 404 146 "-" "-" "-"
20.197.195.24 - - [24/Jul/2026:10:39:39 -0300] "GET /xhar.php HTTP/1.1" 404 146 "-" "-" "-"
20.197.195.24 - - [24/Jul/2026:10:39:39 -0300] "GET /file1221.php HTTP/1.1" 404 146 "-" "-" "-"
20.197.195.24 - - [24/Jul/2026:10:39:40 -0300] "GET /inx.php HTTP/1.1" 404 146 "-" "-" "-"
20.197.195.24 - - [24/Jul/2026:10:39:40 -0300] "GET /qqqa.php HTTP/1.1" 404 146 "-" "-" "-"
20.197.195.24 - - [24/Jul/2026:10:39:40 -0300] "GET /wp-firewall.php HTTP/1.1" 404 146 "-" "-" "-"
20.197.195.24 - - [24/Jul/2026:10:39:40 -0300] "GET /reviall.php HTTP/1.1" 404 146 "-" "-" "-"
20.197.195.24 - - [24/Jul/2026:10:39:41 -0300] "GET /s_o2.php HTTP/1.1" 404 146 "-" "-" "-"
20.197.195.24 - - [24/Jul/2026:10:39:41 -0300] "GET /s_m.php HTTP/1.1" 404 146 "-" "-" "-"
20.197.195.24 - - [24/Jul/2026:10:39:41 -0300] "GET /file_6842.php HTTP/1.1" 404 146 "-" "-" "-"
20.197.195.24 - - [24/Jul/2026:10:39:41 -0300] "GET /nb.php HTTP/1.1" 404 146 "-" "-" "-"
20.197.195.24 - - [24/Jul/2026:10:39:41 -0300] "GET /wo-cn.php HTTP/1.1" 404 146 "-" "-" "-"
20.197.195.24 - - [24/Jul/2026:10:39:42 -0300] "GET /22xxxew.php HTTP/1.1" 404 146 "-" "-" "-"
159.223.102.202 - - [24/Jul/2026:10:41:02 -0300] "POST /wp-cron.php?doing_wp_cron=1784900462.2351260185241699218750 HTTP/1.1" 200 11 "-" "WordPress/6.9.4; https://www.bottaingenieria.com.ar" "-"
51.68.107.154 - - [24/Jul/2026:10:41:02 -0300] "GET /robots.txt HTTP/1.1" 200 152 "-" "Mozilla/5.0 (compatible; MJ12bot/v2.0.5; http://mj12bot.com/)" "-"
51.68.107.154 - - [24/Jul/2026:10:41:03 -0300] "GET / HTTP/1.1" 200 157823 "-" "Mozilla/5.0 (compatible; MJ12bot/v2.0.5; http://mj12bot.com/)" "-"
190.11.58.55 - - [24/Jul/2026:10:41:24 -0300] "POST /testbot/HVidD74XP83CP8wXsd/bridgesisbotsgt.php HTTP/1.1" 200 45 "-" "-" "-"
190.11.58.55 - - [24/Jul/2026:10:41:37 -0300] "POST /testbot/HVidD74XP83CP8wXsd/bridgesisbotsgt.php HTTP/1.1" 200 45 "-" "-" "-"
190.11.58.55 - - [24/Jul/2026:10:41:39 -0300] "POST /testbot/HVidD74XP83CP8wXsd/bridgesisbotsgt.php HTTP/1.1" 200 45 "-" "-" "-"
190.11.58.55 - - [24/Jul/2026:10:41:42 -0300] "POST /testbot/HVidD74XP83CP8wXsd/bridgesisbotsgt.php HTTP/1.1" 200 45 "-" "-" "-"
190.11.58.55 - - [24/Jul/2026:10:41:49 -0300] "POST /testbot/HVidD74XP83CP8wXsd/bridgesisbotsgt.php HTTP/1.1" 200 45 "-" "-" "-"
190.11.58.55 - - [24/Jul/2026:10:43:54 -0300] "POST /testbot/HVidD74XP83CP8wXsd/bridgesisbotsgt.php HTTP/1.1" 200 45 "-" "-" "-"
190.11.58.55 - - [24/Jul/2026:10:47:15 -0300] "POST /testbot/HVidD74XP83CP8wXsd/bridgesisbotsgt.php HTTP/1.1" 200 45 "-" "-" "-"
190.11.58.55 - - [24/Jul/2026:10:47:35 -0300] "POST /testbot/HVidD74XP83CP8wXsd/bridgesisbotsgt.php HTTP/1.1" 200 45 "-" "-" "-"
181.117.208.41 - - [24/Jul/2026:10:48:34 -0300] "GET /accesostock/accesoaplicacion.php?name=Ramirez_6&pass=X5aLbuMSE1yOzB8DU2Az HTTP/1.1" 301 162 "-" "-" "-"
190.11.58.55 - - [24/Jul/2026:10:50:40 -0300] "POST /testbot/HVidD74XP83CP8wXsd/bridgesisbotsgt.php HTTP/1.1" 200 45 "-" "-" "-"
190.11.58.55 - - [24/Jul/2026:10:50:47 -0300] "POST /testbot/HVidD74XP83CP8wXsd/bridgesisbotsgt.php HTTP/1.1" 200 45 "-" "-" "-"
190.11.58.55 - - [24/Jul/2026:10:51:00 -0300] "POST /testbot/HVidD74XP83CP8wXsd/bridgesisbotsgt.php HTTP/1.1" 200 45 "-" "-" "-"
190.11.58.55 - - [24/Jul/2026:10:51:21 -0300] "POST /testbot/HVidD74XP83CP8wXsd/bridgesisbotsgt.php HTTP/1.1" 200 45 "-" "-" "-"
181.92.172.153 - - [24/Jul/2026:10:53:55 -0300] "GET /accesostock/accesoaplicacion.php?name=filomeno_3&pass=rlalu5840KDlkd765%25P HTTP/1.1" 301 162 "-" "-" "-"
190.11.58.55 - - [24/Jul/2026:10:54:08 -0300] "POST /testbot/HVidD74XP83CP8wXsd/bridgesisbotsgt.php HTTP/1.1" 200 45 "-" "-" "-"
190.11.58.55 - - [24/Jul/2026:10:54:14 -0300] "POST /testbot/HVidD74XP83CP8wXsd/bridgesisbotsgt.php HTTP/1.1" 200 45 "-" "-" "-"
190.11.58.55 - - [24/Jul/2026:10:54:26 -0300] "POST /testbot/HVidD74XP83CP8wXsd/bridgesisbotsgt.php HTTP/1.1" 200 45 "-" "-" "-"
190.11.58.55 - - [24/Jul/2026:10:54:30 -0300] "POST /testbot/HVidD74XP83CP8wXsd/bridgesisbotsgt.php HTTP/1.1" 200 45 "-" "-" "-"
190.11.58.55 - - [24/Jul/2026:10:55:00 -0300] "POST /testbot/HVidD74XP83CP8wXsd/bridgesisbotsgt.php HTTP/1.1" 200 45 "-" "-" "-"
190.11.58.55 - - [24/Jul/2026:10:55:17 -0300] "POST /testbot/HVidD74XP83CP8wXsd/bridgesisbotsgt.php HTTP/1.1" 200 45 "-" "-" "-"
190.11.58.55 - - [24/Jul/2026:10:55:25 -0300] "POST /testbot/HVidD74XP83CP8wXsd/bridgesisbotsgt.php HTTP/1.1" 200 45 "-" "-" "-"
190.11.58.55 - - [24/Jul/2026:10:55:34 -0300] "POST /testbot/HVidD74XP83CP8wXsd/bridgesisbotsgt.php HTTP/1.1" 200 45 "-" "-" "-"
190.11.58.55 - - [24/Jul/2026:10:55:37 -0300] "POST /testbot/HVidD74XP83CP8wXsd/bridgesisbotsgt.php HTTP/1.1" 200 45 "-" "-" "-"
190.11.58.55 - - [24/Jul/2026:10:57:36 -0300] "POST /testbot/HVidD74XP83CP8wXsd/bridgesisbotsgt.php HTTP/1.1" 200 45 "-" "-" "-"
190.11.58.55 - - [24/Jul/2026:10:59:50 -0300] "POST /testbot/HVidD74XP83CP8wXsd/bridgesisbotsgt.php HTTP/1.1" 200 45 "-" "-" "-"
181.117.208.41 - - [24/Jul/2026:11:00:53 -0300] "GET /accesostock/accesoaplicacion.php?name=Caseres_7&pass=X5aLbuMSE1yOzB8DU2Az HTTP/1.1" 301 162 "-" "-" "-"
190.11.58.55 - - [24/Jul/2026:11:00:57 -0300] "POST /testbot/HVidD74XP83CP8wXsd/bridgesisbotsgt.php HTTP/1.1" 200 45 "-" "-" "-"
190.11.58.55 - - [24/Jul/2026:11:01:03 -0300] "POST /testbot/HVidD74XP83CP8wXsd/bridgesisbotsgt.php HTTP/1.1" 200 45 "-" "-" "-"
190.11.58.55 - - [24/Jul/2026:11:01:48 -0300] "POST /testbot/HVidD74XP83CP8wXsd/bridgesisbotsgt.php HTTP/1.1" 200 45 "-" "-" "-"
190.11.58.55 - - [24/Jul/2026:11:03:26 -0300] "POST /testbot/HVidD74XP83CP8wXsd/bridgesisbotsgt.php HTTP/1.1" 200 45 "-" "-" "-"
190.11.58.55 - - [24/Jul/2026:11:04:18 -0300] "POST /testbot/HVidD74XP83CP8wXsd/bridgesisbotsgt.php HTTP/1.1" 200 45 "-" "-" "-"
190.11.58.55 - - [24/Jul/2026:11:07:28 -0300] "POST /testbot/HVidD74XP83CP8wXsd/bridgesisbotsgt.php HTTP/1.1" 200 45 "-" "-" "-"
190.11.58.55 - - [24/Jul/2026:11:09:11 -0300] "POST /testbot/HVidD74XP83CP8wXsd/bridgesisbotsgt.php HTTP/1.1" 200 45 "-" "-" "-"
190.11.58.55 - - [24/Jul/2026:11:11:55 -0300] "POST /testbot/HVidD74XP83CP8wXsd/bridgesisbotsgt.php HTTP/1.1" 200 45 "-" "-" "-"
190.11.58.55 - - [24/Jul/2026:11:12:38 -0300] "POST /testbot/HVidD74XP83CP8wXsd/bridgesisbotsgt.php HTTP/1.1" 200 45 "-" "-" "-"
190.11.58.55 - - [24/Jul/2026:11:13:24 -0300] "POST /testbot/HVidD74XP83CP8wXsd/bridgesisbotsgt.php HTTP/1.1" 200 45 "-" "-" "-"
190.11.58.55 - - [24/Jul/2026:11:15:26 -0300] "POST /testbot/HVidD74XP83CP8wXsd/bridgesisbotsgt.php HTTP/1.1" 200 45 "-" "-" "-"
190.11.58.55 - - [24/Jul/2026:11:15:35 -0300] "POST /testbot/HVidD74XP83CP8wXsd/bridgesisbotsgt.php HTTP/1.1" 200 45 "-" "-" "-"
34.96.41.245 - - [24/Jul/2026:11:17:24 -0300] "GET / HTTP/1.1" 499 0 "-" "Mozilla/5.0 (Windows NT 10.0; Win64; x64) AppleWebKit/537.36 (KHTML, like Gecko) Chrome/121.0.0.0 Safari/537.36" "-"
159.223.102.202 - - [24/Jul/2026:11:17:27 -0300] "POST /wp-cron.php?doing_wp_cron=1784902646.8713700771331787109375 HTTP/1.1" 200 11 "-" "WordPress/6.9.4; https://www.bottaingenieria.com.ar" "-"
34.96.41.245 - - [24/Jul/2026:11:17:27 -0300] "GET / HTTP/1.1" 200 157822 "-" "Mozilla/5.0 (Windows NT 10.0; Win64; x64) AppleWebKit/537.36 (KHTML, like Gecko) Chrome/121.0.0.0 Safari/537.36" "-"
190.11.58.55 - - [24/Jul/2026:11:17:43 -0300] "POST /testbot/HVidD74XP83CP8wXsd/bridgesisbotsgt.php HTTP/1.1" 200 45 "-" "-" "-"
190.11.58.55 - - [24/Jul/2026:11:17:48 -0300] "POST /testbot/HVidD74XP83CP8wXsd/bridgesisbotsgt.php HTTP/1.1" 200 45 "-" "-" "-"
159.223.102.202 - - [24/Jul/2026:11:19:54 -0300] "POST /wp-cron.php?doing_wp_cron=1784902794.8458049297332763671875 HTTP/1.1" 200 11 "-" "WordPress/6.9.4; https://www.bottaingenieria.com.ar" "-"
32.193.53.179 - - [24/Jul/2026:11:19:54 -0300] "GET /robots.txt HTTP/1.1" 200 171 "-" "Mozilla/5.0 (Macintosh; Intel Mac OS X 10_10_1) AppleWebKit/600.2.5 (KHTML, like Gecko) Version/8.0.2 Safari/600.2.5 (Gort)" "-"
181.117.208.41 - - [24/Jul/2026:11:22:29 -0300] "GET /accesostock/accesoaplicacion.php?name=Ramirez_6&pass=X5aLbuMSE1yOzB8DU2Az HTTP/1.1" 301 162 "-" "-" "-"
190.11.58.55 - - [24/Jul/2026:11:24:00 -0300] "POST /testbot/HVidD74XP83CP8wXsd/bridgesisbotsgt.php HTTP/1.1" 200 45 "-" "-" "-"
190.11.58.55 - - [24/Jul/2026:11:24:24 -0300] "POST /testbot/HVidD74XP83CP8wXsd/bridgesisbotsgt.php HTTP/1.1" 200 45 "-" "-" "-"
190.11.58.55 - - [24/Jul/2026:11:27:25 -0300] "POST /testbot/HVidD74XP83CP8wXsd/bridgesisbotsgt.php HTTP/1.1" 200 45 "-" "-" "-"
190.11.58.55 - - [24/Jul/2026:11:31:27 -0300] "POST /testbot/HVidD74XP83CP8wXsd/bridgesisbotsgt.php HTTP/1.1" 200 45 "-" "-" "-"
159.223.102.202 - - [24/Jul/2026:11:31:38 -0300] "POST /wp-cron.php?doing_wp_cron=1784903498.0702760219573974609375 HTTP/1.1" 200 11 "-" "WordPress/6.9.4; https://www.bottaingenieria.com.ar" "-"
148.113.128.174 - - [24/Jul/2026:11:31:38 -0300] "GET /wp-sitemap.xml HTTP/2.0" 200 194 "-" "Mozilla/5.0 (compatible; AhrefsBot/7.0; +http://ahrefs.com/robot/)" "-"
167.114.139.157 - - [24/Jul/2026:11:31:39 -0300] "GET /wp-sitemap-posts-post-1.xml HTTP/2.0" 200 193 "-" "Mozilla/5.0 (compatible; AhrefsBot/7.0; +http://ahrefs.com/robot/)" "-"
51.161.37.133 - - [24/Jul/2026:11:31:41 -0300] "GET /wp-sitemap-posts-page-1.xml HTTP/2.0" 200 344 "-" "Mozilla/5.0 (compatible; AhrefsBot/7.0; +http://ahrefs.com/robot/)" "-"
51.161.65.110 - - [24/Jul/2026:11:31:42 -0300] "GET /wp-sitemap-posts-product-1.xml HTTP/2.0" 200 234 "-" "Mozilla/5.0 (compatible; AhrefsBot/7.0; +http://ahrefs.com/robot/)" "-"
142.44.220.168 - - [24/Jul/2026:11:31:44 -0300] "GET /wp-sitemap-taxonomies-category-1.xml HTTP/2.0" 200 153 "-" "Mozilla/5.0 (compatible; AhrefsBot/7.0; +http://ahrefs.com/robot/)" "-"
54.39.136.31 - - [24/Jul/2026:11:31:46 -0300] "GET /wp-sitemap-taxonomies-product_cat-1.xml HTTP/2.0" 200 160 "-" "Mozilla/5.0 (compatible; AhrefsBot/7.0; +http://ahrefs.com/robot/)" "-"
15.235.98.124 - - [24/Jul/2026:11:31:47 -0300] "GET /wp-sitemap-users-1.xml HTTP/2.0" 200 148 "-" "Mozilla/5.0 (compatible; AhrefsBot/7.0; +http://ahrefs.com/robot/)" "-"
190.11.58.55 - - [24/Jul/2026:11:32:37 -0300] "POST /testbot/HVidD74XP83CP8wXsd/bridgesisbotsgt.php HTTP/1.1" 200 45 "-" "-" "-"
190.11.58.55 - - [24/Jul/2026:11:33:14 -0300] "POST /testbot/HVidD74XP83CP8wXsd/bridgesisbotsgt.php HTTP/1.1" 200 45 "-" "-" "-"
190.11.58.55 - - [24/Jul/2026:11:33:56 -0300] "POST /testbot/HVidD74XP83CP8wXsd/bridgesisbotsgt.php HTTP/1.1" 200 45 "-" "-" "-"
190.11.58.55 - - [24/Jul/2026:11:34:57 -0300] "POST /testbot/HVidD74XP83CP8wXsd/bridgesisbotsgt.php HTTP/1.1" 200 45 "-" "-" "-"
190.11.58.55 - - [24/Jul/2026:11:35:10 -0300] "POST /testbot/HVidD74XP83CP8wXsd/bridgesisbotsgt.php HTTP/1.1" 200 45 "-" "-" "-"
190.11.58.55 - - [24/Jul/2026:11:36:17 -0300] "POST /testbot/HVidD74XP83CP8wXsd/bridgesisbotsgt.php HTTP/1.1" 200 45 "-" "-" "-"
190.11.58.55 - - [24/Jul/2026:11:37:34 -0300] "POST /testbot/HVidD74XP83CP8wXsd/bridgesisbotsgt.php HTTP/1.1" 200 45 "-" "-" "-"
190.11.58.55 - - [24/Jul/2026:11:37:40 -0300] "POST /testbot/HVidD74XP83CP8wXsd/bridgesisbotsgt.php HTTP/1.1" 200 45 "-" "-" "-"
190.11.58.55 - - [24/Jul/2026:11:41:46 -0300] "POST /testbot/HVidD74XP83CP8wXsd/bridgesisbotsgt.php HTTP/1.1" 200 45 "-" "-" "-"
190.11.58.55 - - [24/Jul/2026:11:42:45 -0300] "POST /testbot/HVidD74XP83CP8wXsd/bridgesisbotsgt.php HTTP/1.1" 200 45 "-" "-" "-"
190.11.58.55 - - [24/Jul/2026:11:42:48 -0300] "POST /testbot/HVidD74XP83CP8wXsd/bridgesisbotsgt.php HTTP/1.1" 200 45 "-" "-" "-"
190.11.58.55 - - [24/Jul/2026:11:43:07 -0300] "POST /testbot/HVidD74XP83CP8wXsd/bridgesisbotsgt.php HTTP/1.1" 200 45 "-" "-" "-"
186.123.156.211 - - [24/Jul/2026:11:45:41 -0300] "GET /accesostock/accesoaplicacion.php?name=LC_2&pass=rlalu5840KDlkd765%25P HTTP/1.1" 301 162 "-" "-" "-"
190.11.58.55 - - [24/Jul/2026:11:45:56 -0300] "POST /testbot/HVidD74XP83CP8wXsd/bridgesisbotsgt.php HTTP/1.1" 200 45 "-" "-" "-"
190.11.58.55 - - [24/Jul/2026:11:46:20 -0300] "POST /testbot/HVidD74XP83CP8wXsd/bridgesisbotsgt.php HTTP/1.1" 200 45 "-" "-" "-"
190.11.58.55 - - [24/Jul/2026:11:47:05 -0300] "POST /testbot/HVidD74XP83CP8wXsd/bridgesisbotsgt.php HTTP/1.1" 200 45 "-" "-" "-"
186.123.156.211 - - [24/Jul/2026:11:49:44 -0300] "GET /accesostock/accesoaplicacion.php?name=leandro_114&pass=XuSM9TXEPjGZEp3sArE35sHor HTTP/1.1" 301 162 "-" "-" "-"
190.11.58.55 - - [24/Jul/2026:11:49:46 -0300] "POST /testbot/HVidD74XP83CP8wXsd/bridgesisbotsgt.php HTTP/1.1" 200 45 "-" "-" "-"
190.11.58.55 - - [24/Jul/2026:11:49:54 -0300] "POST /testbot/HVidD74XP83CP8wXsd/bridgesisbotsgt.php HTTP/1.1" 200 45 "-" "-" "-"
190.11.58.55 - - [24/Jul/2026:11:50:18 -0300] "POST /testbot/HVidD74XP83CP8wXsd/bridgesisbotsgt.php HTTP/1.1" 200 45 "-" "-" "-"
190.11.58.55 - - [24/Jul/2026:11:50:29 -0300] "POST /testbot/HVidD74XP83CP8wXsd/bridgesisbotsgt.php HTTP/1.1" 200 45 "-" "-" "-"
190.11.58.55 - - [24/Jul/2026:11:50:47 -0300] "POST /testbot/HVidD74XP83CP8wXsd/bridgesisbotsgt.php HTTP/1.1" 200 45 "-" "-" "-"
190.11.58.55 - - [24/Jul/2026:11:50:50 -0300] "POST /testbot/HVidD74XP83CP8wXsd/bridgesisbotsgt.php HTTP/1.1" 200 45 "-" "-" "-"
190.11.58.55 - - [24/Jul/2026:11:53:22 -0300] "POST /testbot/HVidD74XP83CP8wXsd/bridgesisbotsgt.php HTTP/1.1" 200 45 "-" "-" "-"
190.11.58.55 - - [24/Jul/2026:11:55:18 -0300] "POST /testbot/HVidD74XP83CP8wXsd/bridgesisbotsgt.php HTTP/1.1" 200 45 "-" "-" "-"
159.223.102.202 - - [24/Jul/2026:11:55:36 -0300] "POST /wp-cron.php?doing_wp_cron=1784904936.9559679031372070312500 HTTP/1.1" 200 11 "-" "WordPress/6.9.4; https://www.bottaingenieria.com.ar" "-"
51.68.111.218 - - [24/Jul/2026:11:55:37 -0300] "GET /robots.txt HTTP/1.1" 200 152 "-" "Mozilla/5.0 (compatible; MJ12bot/v2.0.5; http://mj12bot.com/)" "-"
51.68.111.218 - - [24/Jul/2026:11:55:38 -0300] "GET / HTTP/1.1" 200 157823 "-" "Mozilla/5.0 (compatible; MJ12bot/v2.0.5; http://mj12bot.com/)" "-"
159.223.102.202 - - [24/Jul/2026:11:56:08 -0300] "POST /wp-cron.php?doing_wp_cron=1784904968.8034400939941406250000 HTTP/1.1" 200 11 "-" "WordPress/6.9.4; https://www.bottaingenieria.com.ar" "-"
40.77.167.243 - - [24/Jul/2026:11:56:08 -0300] "GET /wp-sitemap-posts-product-1.xml HTTP/2.0" 200 234 "-" "Mozilla/5.0 AppleWebKit/537.36 (KHTML, like Gecko; compatible; bingbot/2.0; +http://www.bing.com/bingbot.htm) Chrome/116.0.1938.76 Safari/537.36" "-"
190.11.58.55 - - [24/Jul/2026:12:01:51 -0300] "POST /testbot/HVidD74XP83CP8wXsd/bridgesisbotsgt.php HTTP/1.1" 200 45 "-" "-" "-"
190.11.58.55 - - [24/Jul/2026:12:02:14 -0300] "POST /testbot/HVidD74XP83CP8wXsd/bridgesisbotsgt.php HTTP/1.1" 200 45 "-" "-" "-"
190.11.58.55 - - [24/Jul/2026:12:02:29 -0300] "POST /testbot/HVidD74XP83CP8wXsd/bridgesisbotsgt.php HTTP/1.1" 200 45 "-" "-" "-"
190.11.58.55 - - [24/Jul/2026:12:02:53 -0300] "POST /testbot/HVidD74XP83CP8wXsd/bridgesisbotsgt.php HTTP/1.1" 200 45 "-" "-" "-"
190.11.58.55 - - [24/Jul/2026:12:05:03 -0300] "POST /testbot/HVidD74XP83CP8wXsd/bridgesisbotsgt.php HTTP/1.1" 200 45 "-" "-" "-"
186.123.156.211 - - [24/Jul/2026:12:09:11 -0300] "GET /accesostock/accesoaplicacion.php?name=emiliano_125&pass=XuSM9TXEPjGZEp3sArE35sHor HTTP/1.1" 301 162 "-" "-" "-"
159.223.102.202 - - [24/Jul/2026:12:09:55 -0300] "POST /wp-cron.php?doing_wp_cron=1784905795.8594169616699218750000 HTTP/1.1" 200 11 "-" "WordPress/6.9.4; https://www.bottaingenieria.com.ar" "-"
43.156.41.180 - - [24/Jul/2026:12:09:56 -0300] "GET / HTTP/1.1" 200 183790 "http://bottaingenieria.com.ar" "Mozilla/5.0 (iPhone; CPU iPhone OS 13_2_3 like Mac OS X) AppleWebKit/605.1.15 (KHTML, like Gecko) Version/13.0.3 Mobile/15E148 Safari/604.1" "-"
190.11.58.55 - - [24/Jul/2026:12:10:17 -0300] "POST /testbot/HVidD74XP83CP8wXsd/bridgesisbotsgt.php HTTP/1.1" 200 45 "-" "-" "-"
186.123.156.211 - - [24/Jul/2026:12:12:04 -0300] "GET /accesostock/accesoaplicacion.php?name=Solo%20usuario_1&pass=rlalu5840KDlkd765%25P HTTP/1.1" 301 162 "-" "-" "-"
190.11.58.55 - - [24/Jul/2026:12:12:27 -0300] "POST /testbot/HVidD74XP83CP8wXsd/bridgesisbotsgt.php HTTP/1.1" 200 45 "-" "-" "-"
190.11.58.55 - - [24/Jul/2026:12:12:48 -0300] "POST /testbot/HVidD74XP83CP8wXsd/bridgesisbotsgt.php HTTP/1.1" 200 45 "-" "-" "-"
181.117.208.41 - - [24/Jul/2026:12:12:59 -0300] "GET /accesostock/accesoaplicacion.php?name=Ramirez_6&pass=X5aLbuMSE1yOzB8DU2Az HTTP/1.1" 301 162 "-" "-" "-"
190.11.58.55 - - [24/Jul/2026:12:15:27 -0300] "POST /testbot/HVidD74XP83CP8wXsd/bridgesisbotsgt.php HTTP/1.1" 200 45 "-" "-" "-"
181.117.208.41 - - [24/Jul/2026:12:15:30 -0300] "GET /accesostock/accesoaplicacion.php?name=admin2_5&pass=rlalu5840KDlkd765%25P HTTP/1.1" 301 162 "-" "-" "-"
190.11.58.55 - - [24/Jul/2026:12:15:40 -0300] "POST /testbot/HVidD74XP83CP8wXsd/bridgesisbotsgt.php HTTP/1.1" 200 45 "-" "-" "-"
159.223.102.202 - - [24/Jul/2026:12:17:22 -0300] "POST /wp-cron.php?doing_wp_cron=1784906242.1634221076965332031250 HTTP/1.1" 200 11 "-" "WordPress/6.9.4; https://www.bottaingenieria.com.ar" "-"
34.96.41.154 - - [24/Jul/2026:12:17:22 -0300] "GET / HTTP/1.1" 200 157822 "-" "Mozilla/5.0 (Windows NT 10.0; Win64; x64) AppleWebKit/537.36 (KHTML, like Gecko) Chrome/121.0.0.0 Safari/537.36" "-"
181.117.208.41 - - [24/Jul/2026:12:19:26 -0300] "GET /accesostock/accesoaplicacion.php?name=CANDUSSO_14&pass=X5aLbuMSE1yOzB8DU2Az HTTP/1.1" 301 162 "-" "-" "-"
159.223.102.202 - - [24/Jul/2026:12:21:34 -0300] "POST /wp-cron.php?doing_wp_cron=1784906494.1029880046844482421875 HTTP/1.1" 200 11 "-" "WordPress/6.9.4; https://www.bottaingenieria.com.ar" "-"
119.91.20.139 - - [24/Jul/2026:12:21:35 -0300] "GET / HTTP/1.1" 200 114178 "http://bottaingenieria.com.ar" "Mozilla/5.0 (iPhone; CPU iPhone OS 13_2_3 like Mac OS X) AppleWebKit/605.1.15 (KHTML, like Gecko) Version/13.0.3 Mobile/15E148 Safari/604.1" "-"
190.11.58.55 - - [24/Jul/2026:12:21:41 -0300] "POST /testbot/HVidD74XP83CP8wXsd/bridgesisbotsgt.php HTTP/1.1" 200 45 "-" "-" "-"
190.11.58.55 - - [24/Jul/2026:12:22:42 -0300] "POST /testbot/HVidD74XP83CP8wXsd/bridgesisbotsgt.php HTTP/1.1" 200 45 "-" "-" "-"
190.11.58.55 - - [24/Jul/2026:12:22:49 -0300] "POST /testbot/HVidD74XP83CP8wXsd/bridgesisbotsgt.php HTTP/1.1" 200 45 "-" "-" "-"
190.11.58.55 - - [24/Jul/2026:12:25:41 -0300] "POST /testbot/HVidD74XP83CP8wXsd/bridgesisbotsgt.php HTTP/1.1" 200 45 "-" "-" "-"
91.108.5.77 - - [24/Jul/2026:12:25:50 -0300] "POST /testbot/HVidD74XP83CP8wXsd/operadorbothook.php HTTP/1.1" 200 31 "-" "-" "-"
190.11.58.55 - - [24/Jul/2026:12:27:05 -0300] "POST /testbot/HVidD74XP83CP8wXsd/bridgesisbotsgt.php HTTP/1.1" 200 45 "-" "-" "-"
190.11.58.55 - - [24/Jul/2026:12:27:05 -0300] "POST /testbot/HVidD74XP83CP8wXsd/bridgesisbotsgt.php HTTP/1.1" 200 45 "-" "-" "-"
190.11.58.55 - - [24/Jul/2026:12:27:09 -0300] "POST /testbot/HVidD74XP83CP8wXsd/bridgesisbotsgt.php HTTP/1.1" 200 45 "-" "-" "-"
190.11.58.55 - - [24/Jul/2026:12:27:15 -0300] "POST /testbot/HVidD74XP83CP8wXsd/bridgesisbotsgt.php HTTP/1.1" 200 45 "-" "-" "-"
190.11.58.55 - - [24/Jul/2026:12:33:33 -0300] "POST /testbot/HVidD74XP83CP8wXsd/bridgesisbotsgt.php HTTP/1.1" 200 45 "-" "-" "-"
190.11.58.55 - - [24/Jul/2026:12:33:50 -0300] "POST /testbot/HVidD74XP83CP8wXsd/bridgesisbotsgt.php HTTP/1.1" 200 45 "-" "-" "-"
190.11.58.55 - - [24/Jul/2026:12:34:00 -0300] "POST /testbot/HVidD74XP83CP8wXsd/bridgesisbotsgt.php HTTP/1.1" 200 45 "-" "-" "-"
190.11.58.55 - - [24/Jul/2026:12:38:00 -0300] "POST /testbot/HVidD74XP83CP8wXsd/bridgesisbotsgt.php HTTP/1.1" 200 45 "-" "-" "-"
190.11.58.55 - - [24/Jul/2026:12:40:15 -0300] "POST /testbot/HVidD74XP83CP8wXsd/bridgesisbotsgt.php HTTP/1.1" 200 45 "-" "-" "-"
190.11.58.55 - - [24/Jul/2026:12:43:42 -0300] "POST /testbot/HVidD74XP83CP8wXsd/bridgesisbotsgt.php HTTP/1.1" 200 45 "-" "-" "-"
190.11.58.55 - - [24/Jul/2026:12:44:44 -0300] "POST /testbot/HVidD74XP83CP8wXsd/bridgesisbotsgt.php HTTP/1.1" 200 45 "-" "-" "-"
190.11.58.55 - - [24/Jul/2026:12:44:49 -0300] "POST /testbot/HVidD74XP83CP8wXsd/bridgesisbotsgt.php HTTP/1.1" 200 45 "-" "-" "-"
190.11.58.55 - - [24/Jul/2026:12:46:16 -0300] "POST /testbot/HVidD74XP83CP8wXsd/bridgesisbotsgt.php HTTP/1.1" 200 45 "-" "-" "-"
190.11.58.55 - - [24/Jul/2026:12:46:56 -0300] "POST /testbot/HVidD74XP83CP8wXsd/bridgesisbotsgt.php HTTP/1.1" 200 45 "-" "-" "-"
190.11.58.55 - - [24/Jul/2026:12:47:11 -0300] "POST /testbot/HVidD74XP83CP8wXsd/bridgesisbotsgt.php HTTP/1.1" 200 45 "-" "-" "-"
190.11.58.55 - - [24/Jul/2026:12:48:12 -0300] "POST /testbot/HVidD74XP83CP8wXsd/bridgesisbotsgt.php HTTP/1.1" 200 45 "-" "-" "-"
190.11.58.55 - - [24/Jul/2026:12:48:45 -0300] "POST /testbot/HVidD74XP83CP8wXsd/bridgesisbotsgt.php HTTP/1.1" 200 45 "-" "-" "-"
159.223.102.202 - - [24/Jul/2026:12:50:13 -0300] "POST /wp-cron.php?doing_wp_cron=1784908213.6005260944366455078125 HTTP/1.1" 200 11 "-" "WordPress/6.9.4; https://www.bottaingenieria.com.ar" "-"
51.210.32.231 - - [24/Jul/2026:12:50:13 -0300] "GET /nosotros/ HTTP/1.0" 200 654252 "https://www.bottaingenieria.com.ar/nosotros/" "Mozilla/5.0 (Windows NT 10.0; Win64; x64) AppleWebKit/537.36 (KHTML, like Gecko) Chrome/129.0.0.0 Safari/537.36" "-"
159.223.102.202 - - [24/Jul/2026:12:50:17 -0300] "POST /wp-admin/admin-ajax.php?action=wp_1_wc_privacy_cleanup&nonce=b2616bcb5e HTTP/1.1" 499 0 "-" "WordPress/6.9.4; https://www.bottaingenieria.com.ar" "-"
51.210.32.231 - - [24/Jul/2026:12:50:23 -0300] "POST /wp-admin/admin-ajax.php HTTP/1.0" 200 43 "https://www.bottaingenieria.com.ar/nosotros/" "Mozilla/5.0 (Windows NT 10.0; Win64; x64) AppleWebKit/537.36 (KHTML, like Gecko) Chrome/129.0.0.0 Safari/537.36" "-"
190.11.58.55 - - [24/Jul/2026:12:51:29 -0300] "POST /testbot/HVidD74XP83CP8wXsd/bridgesisbotsgt.php HTTP/1.1" 200 45 "-" "-" "-"
190.11.58.55 - - [24/Jul/2026:12:51:39 -0300] "POST /testbot/HVidD74XP83CP8wXsd/bridgesisbotsgt.php HTTP/1.1" 200 45 "-" "-" "-"
190.11.58.55 - - [24/Jul/2026:12:51:51 -0300] "POST /testbot/HVidD74XP83CP8wXsd/bridgesisbotsgt.php HTTP/1.1" 200 45 "-" "-" "-"
190.11.58.55 - - [24/Jul/2026:12:52:06 -0300] "POST /testbot/HVidD74XP83CP8wXsd/bridgesisbotsgt.php HTTP/1.1" 200 45 "-" "-" "-"
190.11.58.55 - - [24/Jul/2026:12:52:16 -0300] "POST /testbot/HVidD74XP83CP8wXsd/bridgesisbotsgt.php HTTP/1.1" 200 45 "-" "-" "-"
190.11.58.55 - - [24/Jul/2026:12:52:29 -0300] "POST /testbot/HVidD74XP83CP8wXsd/bridgesisbotsgt.php HTTP/1.1" 200 45 "-" "-" "-"
190.11.58.55 - - [24/Jul/2026:12:53:41 -0300] "POST /testbot/HVidD74XP83CP8wXsd/bridgesisbotsgt.php HTTP/1.1" 200 45 "-" "-" "-"
190.11.58.55 - - [24/Jul/2026:12:54:54 -0300] "POST /testbot/HVidD74XP83CP8wXsd/bridgesisbotsgt.php HTTP/1.1" 200 45 "-" "-" "-"
190.11.58.55 - - [24/Jul/2026:12:58:03 -0300] "POST /testbot/HVidD74XP83CP8wXsd/bridgesisbotsgt.php HTTP/1.1" 200 45 "-" "-" "-"
190.11.58.55 - - [24/Jul/2026:12:58:09 -0300] "POST /testbot/HVidD74XP83CP8wXsd/bridgesisbotsgt.php HTTP/1.1" 200 45 "-" "-" "-"
190.11.58.55 - - [24/Jul/2026:12:58:44 -0300] "POST /testbot/HVidD74XP83CP8wXsd/bridgesisbotsgt.php HTTP/1.1" 200 45 "-" "-" "-"
190.11.58.55 - - [24/Jul/2026:12:59:17 -0300] "POST /testbot/HVidD74XP83CP8wXsd/bridgesisbotsgt.php HTTP/1.1" 200 45 "-" "-" "-"
190.11.58.55 - - [24/Jul/2026:13:00:33 -0300] "POST /testbot/HVidD74XP83CP8wXsd/bridgesisbotsgt.php HTTP/1.1" 200 45 "-" "-" "-"
190.11.58.55 - - [24/Jul/2026:13:00:55 -0300] "POST /testbot/HVidD74XP83CP8wXsd/bridgesisbotsgt.php HTTP/1.1" 200 45 "-" "-" "-"
43.132.214.228 - - [24/Jul/2026:13:01:42 -0300] "GET / HTTP/1.1" 301 162 "-" "Mozilla/5.0 (iPhone; CPU iPhone OS 13_2_3 like Mac OS X) AppleWebKit/605.1.15 (KHTML, like Gecko) Version/13.0.3 Mobile/15E148 Safari/604.1" "-"
159.223.102.202 - - [24/Jul/2026:13:01:45 -0300] "POST /wp-cron.php?doing_wp_cron=1784908905.7145249843597412109375 HTTP/1.1" 200 11 "-" "WordPress/6.9.4; https://www.bottaingenieria.com.ar" "-"
43.132.214.228 - - [24/Jul/2026:13:01:46 -0300] "GET / HTTP/1.1" 200 183796 "http://www.bottaingenieria.com.ar" "Mozilla/5.0 (iPhone; CPU iPhone OS 13_2_3 like Mac OS X) AppleWebKit/605.1.15 (KHTML, like Gecko) Version/13.0.3 Mobile/15E148 Safari/604.1" "-"
190.11.58.55 - - [24/Jul/2026:13:02:10 -0300] "POST /testbot/HVidD74XP83CP8wXsd/bridgesisbotsgt.php HTTP/1.1" 200 45 "-" "-" "-"
159.223.102.202 - - [24/Jul/2026:13:03:38 -0300] "POST /wp-cron.php?doing_wp_cron=1784909018.3623349666595458984375 HTTP/1.1" 200 11 "-" "WordPress/6.9.4; https://www.bottaingenieria.com.ar" "-"
54.39.210.125 - - [24/Jul/2026:13:03:38 -0300] "GET /wp-sitemap.xml HTTP/2.0" 200 194 "-" "Mozilla/5.0 (compatible; AhrefsBot/7.0; +http://ahrefs.com/robot/)" "-"
142.44.225.212 - - [24/Jul/2026:13:03:40 -0300] "GET /wp-sitemap-posts-post-1.xml HTTP/2.0" 200 193 "-" "Mozilla/5.0 (compatible; AhrefsBot/7.0; +http://ahrefs.com/robot/)" "-"
54.39.210.221 - - [24/Jul/2026:13:03:41 -0300] "GET /wp-sitemap-posts-page-1.xml HTTP/2.0" 200 344 "-" "Mozilla/5.0 (compatible; AhrefsBot/7.0; +http://ahrefs.com/robot/)" "-"
51.161.65.105 - - [24/Jul/2026:13:03:43 -0300] "GET /wp-sitemap-posts-product-1.xml HTTP/2.0" 200 234 "-" "Mozilla/5.0 (compatible; AhrefsBot/7.0; +http://ahrefs.com/robot/)" "-"
43.157.191.20 - - [24/Jul/2026:13:03:46 -0300] "GET /feed/ HTTP/1.1" 200 15791 "-" "Mozilla/5.0 (iPhone; CPU iPhone OS 13_2_3 like Mac OS X) AppleWebKit/605.1.15 (KHTML, like Gecko) Version/13.0.3 Mobile/15E148 Safari/604.1" "-"
190.11.58.55 - - [24/Jul/2026:13:04:09 -0300] "POST /testbot/HVidD74XP83CP8wXsd/bridgesisbotsgt.php HTTP/1.1" 200 45 "-" "-" "-"
190.11.58.55 - - [24/Jul/2026:13:06:59 -0300] "POST /testbot/HVidD74XP83CP8wXsd/bridgesisbotsgt.php HTTP/1.1" 200 45 "-" "-" "-"
190.11.58.55 - - [24/Jul/2026:13:07:14 -0300] "POST /testbot/HVidD74XP83CP8wXsd/bridgesisbotsgt.php HTTP/1.1" 200 45 "-" "-" "-"
190.11.58.55 - - [24/Jul/2026:13:09:28 -0300] "POST /testbot/HVidD74XP83CP8wXsd/bridgesisbotsgt.php HTTP/1.1" 200 45 "-" "-" "-"
190.11.58.55 - - [24/Jul/2026:13:09:48 -0300] "POST /testbot/HVidD74XP83CP8wXsd/bridgesisbotsgt.php HTTP/1.1" 200 45 "-" "-" "-"
190.11.58.55 - - [24/Jul/2026:13:14:12 -0300] "POST /testbot/HVidD74XP83CP8wXsd/bridgesisbotsgt.php HTTP/1.1" 200 45 "-" "-" "-"
190.11.58.55 - - [24/Jul/2026:13:14:23 -0300] "POST /testbot/HVidD74XP83CP8wXsd/bridgesisbotsgt.php HTTP/1.1" 200 45 "-" "-" "-"
190.11.58.55 - - [24/Jul/2026:13:14:35 -0300] "POST /testbot/HVidD74XP83CP8wXsd/bridgesisbotsgt.php HTTP/1.1" 200 45 "-" "-" "-"
190.11.58.55 - - [24/Jul/2026:13:14:56 -0300] "POST /testbot/HVidD74XP83CP8wXsd/bridgesisbotsgt.php HTTP/1.1" 200 45 "-" "-" "-"
159.223.102.202 - - [24/Jul/2026:13:15:54 -0300] "POST /wp-cron.php?doing_wp_cron=1784909754.5420689582824707031250 HTTP/1.1" 200 11 "-" "WordPress/6.9.4; https://www.bottaingenieria.com.ar" "-"
43.166.226.57 - - [24/Jul/2026:13:15:54 -0300] "GET /comments/feed/ HTTP/1.1" 200 741 "-" "Mozilla/5.0 (iPhone; CPU iPhone OS 13_2_3 like Mac OS X) AppleWebKit/605.1.15 (KHTML, like Gecko) Version/13.0.3 Mobile/15E148 Safari/604.1" "-"
159.223.102.202 - - [24/Jul/2026:13:17:16 -0300] "POST /wp-cron.php?doing_wp_cron=1784909836.0667030811309814453125 HTTP/1.1" 200 11 "-" "WordPress/6.9.4; https://www.bottaingenieria.com.ar" "-"
34.96.62.91 - - [24/Jul/2026:13:17:16 -0300] "GET / HTTP/1.1" 200 157823 "-" "Mozilla/5.0 (Windows NT 10.0; Win64; x64) AppleWebKit/537.36 (KHTML, like Gecko) Chrome/121.0.0.0 Safari/537.36" "-"
190.11.58.55 - - [24/Jul/2026:13:20:09 -0300] "POST /testbot/HVidD74XP83CP8wXsd/bridgesisbotsgt.php HTTP/1.1" 200 45 "-" "-" "-"
190.11.58.55 - - [24/Jul/2026:13:20:37 -0300] "POST /testbot/HVidD74XP83CP8wXsd/bridgesisbotsgt.php HTTP/1.1" 200 45 "-" "-" "-"
190.11.58.55 - - [24/Jul/2026:13:21:16 -0300] "POST /testbot/HVidD74XP83CP8wXsd/bridgesisbotsgt.php HTTP/1.1" 200 45 "-" "-" "-"
190.11.58.55 - - [24/Jul/2026:13:24:56 -0300] "POST /testbot/HVidD74XP83CP8wXsd/bridgesisbotsgt.php HTTP/1.1" 200 45 "-" "-" "-"
190.11.58.55 - - [24/Jul/2026:13:25:14 -0300] "POST /testbot/HVidD74XP83CP8wXsd/bridgesisbotsgt.php HTTP/1.1" 200 45 "-" "-" "-"
190.11.58.55 - - [24/Jul/2026:13:25:21 -0300] "POST /testbot/HVidD74XP83CP8wXsd/bridgesisbotsgt.php HTTP/1.1" 200 45 "-" "-" "-"
159.223.102.202 - - [24/Jul/2026:13:25:32 -0300] "POST /wp-cron.php?doing_wp_cron=1784910332.5839600563049316406250 HTTP/1.1" 200 11 "-" "WordPress/6.9.4; https://www.bottaingenieria.com.ar" "-"
146.70.194.220 - - [24/Jul/2026:13:25:32 -0300] "GET / HTTP/1.1" 200 701247 "-" "Mozilla/5.0 (Windows NT 10.0; Win64; x64) AppleWebKit/537.36 (KHTML, like Gecko) Chrome/78.0.3904.108 Safari/537.36" "-"
146.70.194.220 - - [24/Jul/2026:13:25:33 -0300] "GET //wp-includes/wlwmanifest.xml HTTP/1.1" 301 5 "-" "Mozilla/5.0 (Windows NT 10.0; Win64; x64) AppleWebKit/537.36 (KHTML, like Gecko) Chrome/78.0.3904.108 Safari/537.36" "-"
146.70.194.220 - - [24/Jul/2026:13:25:33 -0300] "GET //xmlrpc.php?rsd HTTP/1.1" 403 548 "-" "Mozilla/5.0 (Windows NT 10.0; Win64; x64) AppleWebKit/537.36 (KHTML, like Gecko) Chrome/78.0.3904.108 Safari/537.36" "-"
146.70.194.220 - - [24/Jul/2026:13:25:34 -0300] "GET / HTTP/1.1" 200 701265 "-" "Mozilla/5.0 (Windows NT 10.0; Win64; x64) AppleWebKit/537.36 (KHTML, like Gecko) Chrome/78.0.3904.108 Safari/537.36" "-"
146.70.194.220 - - [24/Jul/2026:13:25:35 -0300] "GET //?author=1 HTTP/1.1" 301 5 "-" "Mozilla/5.0 (Windows NT 10.0; Win64; x64) AppleWebKit/537.36 (KHTML, like Gecko) Chrome/78.0.3904.108 Safari/537.36" "-"
146.70.194.220 - - [24/Jul/2026:13:25:36 -0300] "GET //?author=2 HTTP/1.1" 301 5 "-" "Mozilla/5.0 (Windows NT 10.0; Win64; x64) AppleWebKit/537.36 (KHTML, like Gecko) Chrome/78.0.3904.108 Safari/537.36" "-"
146.70.194.220 - - [24/Jul/2026:13:25:37 -0300] "GET //wp-json/wp/v2/users/ HTTP/1.1" 200 1563 "-" "Mozilla/5.0 (Windows NT 10.0; Win64; x64) AppleWebKit/537.36 (KHTML, like Gecko) Chrome/78.0.3904.108 Safari/537.36" "-"
146.70.194.220 - - [24/Jul/2026:13:25:37 -0300] "POST //xmlrpc.php HTTP/1.1" 403 548 "-" "Mozilla/5.0 (Windows NT 10.0; Win64; x64) AppleWebKit/537.36 (KHTML, like Gecko) Chrome/78.0.3904.108 Safari/537.36" "-"
198.11.177.243 - - [24/Jul/2026:13:25:52 -0300] "GET /arca/feed/ HTTP/1.1" 200 842 "-" "Mozilla/5.0 (iPhone; CPU iPhone OS 13_2_3 like Mac OS X) AppleWebKit/605.1.15 (KHTML, like Gecko) Version/13.0.3 Mobile/15E148 Safari/604.1" "-"
190.11.58.55 - - [24/Jul/2026:13:26:02 -0300] "POST /testbot/HVidD74XP83CP8wXsd/bridgesisbotsgt.php HTTP/1.1" 200 45 "-" "-" "-"
190.11.58.55 - - [24/Jul/2026:13:26:15 -0300] "POST /testbot/HVidD74XP83CP8wXsd/bridgesisbotsgt.php HTTP/1.1" 200 45 "-" "-" "-"
190.11.58.55 - - [24/Jul/2026:13:26:18 -0300] "POST /testbot/HVidD74XP83CP8wXsd/bridgesisbotsgt.php HTTP/1.1" 200 45 "-" "-" "-"
190.11.58.55 - - [24/Jul/2026:13:26:43 -0300] "POST /testbot/HVidD74XP83CP8wXsd/bridgesisbotsgt.php HTTP/1.1" 200 45 "-" "-" "-"
190.11.58.55 - - [24/Jul/2026:13:29:21 -0300] "POST /testbot/HVidD74XP83CP8wXsd/bridgesisbotsgt.php HTTP/1.1" 200 45 "-" "-" "-"
190.11.58.55 - - [24/Jul/2026:13:29:33 -0300] "POST /testbot/HVidD74XP83CP8wXsd/bridgesisbotsgt.php HTTP/1.1" 200 45 "-" "-" "-"
190.11.58.55 - - [24/Jul/2026:13:34:27 -0300] "POST /testbot/HVidD74XP83CP8wXsd/bridgesisbotsgt.php HTTP/1.1" 200 45 "-" "-" "-"
190.11.58.55 - - [24/Jul/2026:13:35:35 -0300] "POST /testbot/HVidD74XP83CP8wXsd/bridgesisbotsgt.php HTTP/1.1" 200 45 "-" "-" "-"
190.11.58.55 - - [24/Jul/2026:13:35:42 -0300] "POST /testbot/HVidD74XP83CP8wXsd/bridgesisbotsgt.php HTTP/1.1" 200 45 "-" "-" "-"
159.223.102.202 - - [24/Jul/2026:13:36:13 -0300] "POST /wp-cron.php?doing_wp_cron=1784910973.0675160884857177734375 HTTP/1.1" 200 11 "-" "WordPress/6.9.4; https://www.bottaingenieria.com.ar" "-"
49.51.183.84 - - [24/Jul/2026:13:36:13 -0300] "GET / HTTP/1.1" 200 183796 "-" "Mozilla/5.0 (iPhone; CPU iPhone OS 13_2_3 like Mac OS X) AppleWebKit/605.1.15 (KHTML, like Gecko) Version/13.0.3 Mobile/15E148 Safari/604.1" "-"
190.11.58.55 - - [24/Jul/2026:13:36:52 -0300] "POST /testbot/HVidD74XP83CP8wXsd/bridgesisbotsgt.php HTTP/1.1" 200 45 "-" "-" "-"
190.11.58.55 - - [24/Jul/2026:13:39:31 -0300] "POST /testbot/HVidD74XP83CP8wXsd/bridgesisbotsgt.php HTTP/1.1" 200 45 "-" "-" "-"
190.11.58.55 - - [24/Jul/2026:13:39:35 -0300] "POST /testbot/HVidD74XP83CP8wXsd/bridgesisbotsgt.php HTTP/1.1" 200 45 "-" "-" "-"
190.11.58.55 - - [24/Jul/2026:13:41:52 -0300] "POST /testbot/HVidD74XP83CP8wXsd/bridgesisbotsgt.php HTTP/1.1" 200 45 "-" "-" "-"
190.11.58.55 - - [24/Jul/2026:13:42:32 -0300] "POST /testbot/HVidD74XP83CP8wXsd/bridgesisbotsgt.php HTTP/1.1" 200 45 "-" "-" "-"
190.11.58.55 - - [24/Jul/2026:13:43:02 -0300] "POST /testbot/HVidD74XP83CP8wXsd/bridgesisbotsgt.php HTTP/1.1" 200 45 "-" "-" "-"
159.223.102.202 - - [24/Jul/2026:13:44:18 -0300] "POST /wp-cron.php?doing_wp_cron=1784911458.4081161022186279296875 HTTP/1.1" 200 11 "-" "WordPress/6.9.4; https://www.bottaingenieria.com.ar" "-"
203.55.131.5 - - [24/Jul/2026:13:44:18 -0300] "GET / HTTP/1.1" 200 183796 "-" "Mozilla/5.0 (Windows NT 10.0; Win64; x64) AppleWebKit/537.36 (KHTML, like Gecko) Chrome/133.0.0.0 Safari/537.36" "-"
190.11.58.55 - - [24/Jul/2026:13:48:55 -0300] "POST /testbot/HVidD74XP83CP8wXsd/bridgesisbotsgt.php HTTP/1.1" 200 45 "-" "-" "-"
159.223.102.202 - - [24/Jul/2026:13:49:08 -0300] "POST /wp-cron.php?doing_wp_cron=1784911748.4477069377899169921875 HTTP/1.1" 200 11 "-" "WordPress/6.9.4; https://www.bottaingenieria.com.ar" "-"
43.153.86.78 - - [24/Jul/2026:13:49:08 -0300] "GET /?p=230 HTTP/1.1" 301 5 "http://bottaingenieria.com.ar/?p=230" "Mozilla/5.0 (iPhone; CPU iPhone OS 13_2_3 like Mac OS X) AppleWebKit/605.1.15 (KHTML, like Gecko) Version/13.0.3 Mobile/15E148 Safari/604.1" "-"
43.153.86.78 - - [24/Jul/2026:13:49:11 -0300] "GET /arca/ HTTP/1.1" 200 175529 "https://www.bottaingenieria.com.ar/?p=230" "Mozilla/5.0 (iPhone; CPU iPhone OS 13_2_3 like Mac OS X) AppleWebKit/605.1.15 (KHTML, like Gecko) Version/13.0.3 Mobile/15E148 Safari/604.1" "-"
190.11.58.55 - - [24/Jul/2026:13:50:15 -0300] "POST /testbot/HVidD74XP83CP8wXsd/bridgesisbotsgt.php HTTP/1.1" 200 45 "-" "-" "-"
190.11.58.55 - - [24/Jul/2026:13:52:01 -0300] "POST /testbot/HVidD74XP83CP8wXsd/bridgesisbotsgt.php HTTP/1.1" 200 45 "-" "-" "-"
190.11.58.55 - - [24/Jul/2026:13:53:04 -0300] "POST /testbot/HVidD74XP83CP8wXsd/bridgesisbotsgt.php HTTP/1.1" 200 45 "-" "-" "-"
190.11.58.55 - - [24/Jul/2026:13:56:27 -0300] "POST /testbot/HVidD74XP83CP8wXsd/bridgesisbotsgt.php HTTP/1.1" 200 45 "-" "-" "-"
190.11.58.55 - - [24/Jul/2026:13:56:44 -0300] "POST /testbot/HVidD74XP83CP8wXsd/bridgesisbotsgt.php HTTP/1.1" 200 45 "-" "-" "-"
190.11.58.55 - - [24/Jul/2026:13:57:45 -0300] "POST /testbot/HVidD74XP83CP8wXsd/bridgesisbotsgt.php HTTP/1.1" 200 45 "-" "-" "-"
159.223.102.202 - - [24/Jul/2026:13:58:53 -0300] "POST /wp-cron.php?doing_wp_cron=1784912333.2038929462432861328125 HTTP/1.1" 200 11 "-" "WordPress/6.9.4; https://www.bottaingenieria.com.ar" "-"
43.153.74.75 - - [24/Jul/2026:13:58:53 -0300] "GET /arca/ HTTP/1.1" 200 175520 "-" "Mozilla/5.0 (iPhone; CPU iPhone OS 13_2_3 like Mac OS X) AppleWebKit/605.1.15 (KHTML, like Gecko) Version/13.0.3 Mobile/15E148 Safari/604.1" "-"
190.11.58.55 - - [24/Jul/2026:14:03:02 -0300] "POST /testbot/HVidD74XP83CP8wXsd/bridgesisbotsgt.php HTTP/1.1" 200 45 "-" "-" "-"
190.11.58.55 - - [24/Jul/2026:14:03:20 -0300] "POST /testbot/HVidD74XP83CP8wXsd/bridgesisbotsgt.php HTTP/1.1" 200 45 "-" "-" "-"
190.11.58.55 - - [24/Jul/2026:14:05:53 -0300] "POST /testbot/HVidD74XP83CP8wXsd/bridgesisbotsgt.php HTTP/1.1" 200 45 "-" "-" "-"
159.223.102.202 - - [24/Jul/2026:14:06:22 -0300] "POST /wp-cron.php?doing_wp_cron=1784912782.2479879856109619140625 HTTP/1.1" 200 11 "-" "WordPress/6.9.4; https://www.bottaingenieria.com.ar" "-"
62.113.113.162 - - [24/Jul/2026:14:06:22 -0300] "GET /nosotros/ HTTP/1.0" 200 654253 "https://www.bottaingenieria.com.ar/nosotros/" "Mozilla/5.0 (Windows NT 10.0; Win64; x64) AppleWebKit/537.36 (KHTML, like Gecko) Chrome/129.0.0.0 Safari/537.36" "-"
159.223.102.202 - - [24/Jul/2026:14:07:31 -0300] "POST /wp-cron.php?doing_wp_cron=1784912851.4698100090026855468750 HTTP/1.1" 200 11 "-" "WordPress/6.9.4; https://www.bottaingenieria.com.ar" "-"
43.157.168.43 - - [24/Jul/2026:14:07:31 -0300] "GET /iaychatbots/feed/ HTTP/1.1" 200 841 "-" "Mozilla/5.0 (iPhone; CPU iPhone OS 13_2_3 like Mac OS X) AppleWebKit/605.1.15 (KHTML, like Gecko) Version/13.0.3 Mobile/15E148 Safari/604.1" "-"
54.80.73.122 - - [24/Jul/2026:14:07:43 -0300] "GET /?p=45 HTTP/1.1" 301 5 "-" "Mozilla/5.0 AppleWebKit/537.36 (KHTML, like Gecko; compatible; Amazonbot/0.1; +https://developer.amazon.com/support/amazonbot) Chrome/119.0.6045.214 Safari/537.36" "-"
23.21.250.48 - - [24/Jul/2026:14:07:44 -0300] "GET /servicios/ HTTP/1.1" 200 177529 "-" "Mozilla/5.0 AppleWebKit/537.36 (KHTML, like Gecko; compatible; Amazonbot/0.1; +https://developer.amazon.com/support/amazonbot) Chrome/119.0.6045.214 Safari/537.36" "-"
159.223.102.202 - - [24/Jul/2026:14:08:15 -0300] "POST /wp-cron.php?doing_wp_cron=1784912895.8318979740142822265625 HTTP/1.1" 200 11 "-" "WordPress/6.9.4; https://www.bottaingenieria.com.ar" "-"
98.83.72.38 - - [24/Jul/2026:14:08:15 -0300] "GET /?p=292 HTTP/1.1" 301 5 "-" "Mozilla/5.0 AppleWebKit/537.36 (KHTML, like Gecko; compatible; Amazonbot/0.1; +https://developer.amazon.com/support/amazonbot) Chrome/119.0.6045.214 Safari/537.36" "-"
54.197.178.107 - - [24/Jul/2026:14:08:16 -0300] "GET /ges/ HTTP/1.1" 200 176462 "-" "Mozilla/5.0 AppleWebKit/537.36 (KHTML, like Gecko; compatible; Amazonbot/0.1; +https://developer.amazon.com/support/amazonbot) Chrome/119.0.6045.214 Safari/537.36" "-"
190.11.58.55 - - [24/Jul/2026:14:09:10 -0300] "POST /testbot/HVidD74XP83CP8wXsd/bridgesisbotsgt.php HTTP/1.1" 200 45 "-" "-" "-"
190.11.58.55 - - [24/Jul/2026:14:09:45 -0300] "POST /testbot/HVidD74XP83CP8wXsd/bridgesisbotsgt.php HTTP/1.1" 200 45 "-" "-" "-"
159.223.102.202 - - [24/Jul/2026:14:10:17 -0300] "POST /wp-cron.php?doing_wp_cron=1784913017.4267239570617675781250 HTTP/1.1" 200 11 "-" "WordPress/6.9.4; https://www.bottaingenieria.com.ar" "-"
44.223.232.55 - - [24/Jul/2026:14:10:17 -0300] "GET /bfact HTTP/1.1" 301 5 "-" "Mozilla/5.0 AppleWebKit/537.36 (KHTML, like Gecko; compatible; Amazonbot/0.1; +https://developer.amazon.com/support/amazonbot) Chrome/119.0.6045.214 Safari/537.36" "-"
52.3.104.214 - - [24/Jul/2026:14:10:19 -0300] "GET /producto/bfact/ HTTP/1.1" 200 178822 "-" "Mozilla/5.0 AppleWebKit/537.36 (KHTML, like Gecko; compatible; Amazonbot/0.1; +https://developer.amazon.com/support/amazonbot) Chrome/119.0.6045.214 Safari/537.36" "-"
186.123.156.211 - - [24/Jul/2026:14:10:49 -0300] "GET /accesostock/accesoaplicacion.php?name=franco_116&pass=XuSM9TXEPjGZEp3sArE35sHor HTTP/1.1" 301 162 "-" "-" "-"
190.11.58.55 - - [24/Jul/2026:14:12:31 -0300] "POST /testbot/HVidD74XP83CP8wXsd/bridgesisbotsgt.php HTTP/1.1" 200 45 "-" "-" "-"
190.196.253.36 - - [24/Jul/2026:14:14:54 -0300] "GET /accesostock/accesoaplicacion.php?name=Garnero%20_10&pass=X5aLbuMSE1yOzB8DU2Az HTTP/1.1" 301 162 "-" "-" "-"
190.11.58.55 - - [24/Jul/2026:14:16:25 -0300] "POST /testbot/HVidD74XP83CP8wXsd/bridgesisbotsgt.php HTTP/1.1" 200 45 "-" "-" "-"
159.223.102.202 - - [24/Jul/2026:14:17:17 -0300] "POST /wp-cron.php?doing_wp_cron=1784913437.7513771057128906250000 HTTP/1.1" 200 11 "-" "WordPress/6.9.4; https://www.bottaingenieria.com.ar" "-"
34.96.41.210 - - [24/Jul/2026:14:17:18 -0300] "GET / HTTP/1.1" 200 157823 "-" "Mozilla/5.0 (Windows NT 10.0; Win64; x64) AppleWebKit/537.36 (KHTML, like Gecko) Chrome/121.0.0.0 Safari/537.36" "-"
159.223.102.202 - - [24/Jul/2026:14:18:27 -0300] "POST /wp-cron.php?doing_wp_cron=1784913507.0218110084533691406250 HTTP/1.1" 200 11 "-" "WordPress/6.9.4; https://www.bottaingenieria.com.ar" "-"
44.217.21.164 - - [24/Jul/2026:14:18:27 -0300] "GET /?p=292 HTTP/1.1" 301 5 "-" "Mozilla/5.0 AppleWebKit/605.1.15 (KHTML, like Gecko) Chrome/139.0.0.0 Safari/605.1.15" "-"
54.92.253.26 - - [24/Jul/2026:14:18:28 -0300] "GET /ges/ HTTP/1.1" 200 176470 "-" "Mozilla/5.0 AppleWebKit/605.1.15 (KHTML, like Gecko) Chrome/139.0.0.0 Safari/605.1.15" "-"
159.223.102.202 - - [24/Jul/2026:14:19:06 -0300] "POST /wp-cron.php?doing_wp_cron=1784913546.5649209022521972656250 HTTP/1.1" 200 11 "-" "WordPress/6.9.4; https://www.bottaingenieria.com.ar" "-"
43.163.206.70 - - [24/Jul/2026:14:19:06 -0300] "GET / HTTP/1.1" 200 183795 "http://bottaingenieria.com.ar" "Mozilla/5.0 (iPhone; CPU iPhone OS 13_2_3 like Mac OS X) AppleWebKit/605.1.15 (KHTML, like Gecko) Version/13.0.3 Mobile/15E148 Safari/604.1" "-"
190.11.58.55 - - [24/Jul/2026:14:22:14 -0300] "POST /testbot/HVidD74XP83CP8wXsd/bridgesisbotsgt.php HTTP/1.1" 200 272 "-" "-" "-"
190.11.58.55 - - [24/Jul/2026:14:22:23 -0300] "POST /testbot/HVidD74XP83CP8wXsd/bridgesisbotsgt.php HTTP/1.1" 200 45 "-" "-" "-"
190.11.58.55 - - [24/Jul/2026:14:22:42 -0300] "POST /testbot/HVidD74XP83CP8wXsd/bridgesisbotsgt.php HTTP/1.1" 200 45 "-" "-" "-"
190.11.58.55 - - [24/Jul/2026:14:22:43 -0300] "POST /testbot/HVidD74XP83CP8wXsd/bridgesisbotsgt.php HTTP/1.1" 200 45 "-" "-" "-"
190.11.58.55 - - [24/Jul/2026:14:23:34 -0300] "POST /testbot/HVidD74XP83CP8wXsd/bridgesisbotsgt.php HTTP/1.1" 200 45 "-" "-" "-"
190.11.58.55 - - [24/Jul/2026:14:25:14 -0300] "POST /testbot/HVidD74XP83CP8wXsd/bridgesisbotsgt.php HTTP/1.1" 200 45 "-" "-" "-"
190.11.58.55 - - [24/Jul/2026:14:27:54 -0300] "POST /testbot/HVidD74XP83CP8wXsd/bridgesisbotsgt.php HTTP/1.1" 200 45 "-" "-" "-"
190.11.58.55 - - [24/Jul/2026:14:29:10 -0300] "POST /testbot/HVidD74XP83CP8wXsd/bridgesisbotsgt.php HTTP/1.1" 200 45 "-" "-" "-"
190.11.58.55 - - [24/Jul/2026:14:30:52 -0300] "POST /testbot/HVidD74XP83CP8wXsd/bridgesisbotsgt.php HTTP/1.1" 200 45 "-" "-" "-"
43.157.52.37 - - [24/Jul/2026:14:32:40 -0300] "GET /wp-content/plugins/cozy-addons//assets/img HTTP/1.1" 301 162 "-" "Mozilla/5.0 (iPhone; CPU iPhone OS 13_2_3 like Mac OS X) AppleWebKit/605.1.15 (KHTML, like Gecko) Version/13.0.3 Mobile/15E148 Safari/604.1" "-"
43.157.52.37 - - [24/Jul/2026:14:32:43 -0300] "GET /wp-content/plugins/cozy-addons/assets/img/ HTTP/1.1" 301 162 "-" "Mozilla/5.0 (iPhone; CPU iPhone OS 13_2_3 like Mac OS X) AppleWebKit/605.1.15 (KHTML, like Gecko) Version/13.0.3 Mobile/15E148 Safari/604.1" "-"
43.157.52.37 - - [24/Jul/2026:14:32:45 -0300] "GET /wp-content/plugins/cozy-addons/assets/img/ HTTP/1.1" 403 117 "http://www.bottaingenieria.com.ar/wp-content/plugins/cozy-addons/assets/img/" "Mozilla/5.0 (iPhone; CPU iPhone OS 13_2_3 like Mac OS X) AppleWebKit/605.1.15 (KHTML, like Gecko) Version/13.0.3 Mobile/15E148 Safari/604.1" "-"
190.11.58.55 - - [24/Jul/2026:14:35:01 -0300] "POST /testbot/HVidD74XP83CP8wXsd/bridgesisbotsgt.php HTTP/1.1" 200 45 "-" "-" "-"
159.223.102.202 - - [24/Jul/2026:14:35:11 -0300] "POST /wp-cron.php?doing_wp_cron=1784914511.6809029579162597656250 HTTP/1.1" 200 11 "-" "WordPress/6.9.4; https://www.bottaingenieria.com.ar" "-"
51.161.65.222 - - [24/Jul/2026:14:35:11 -0300] "GET /wp-sitemap.xml HTTP/2.0" 200 194 "-" "Mozilla/5.0 (compatible; AhrefsBot/7.0; +http://ahrefs.com/robot/)" "-"
54.39.210.148 - - [24/Jul/2026:14:35:13 -0300] "GET /wp-sitemap-posts-post-1.xml HTTP/2.0" 200 193 "-" "Mozilla/5.0 (compatible; AhrefsBot/7.0; +http://ahrefs.com/robot/)" "-"
142.44.228.160 - - [24/Jul/2026:14:35:14 -0300] "GET /wp-sitemap-posts-page-1.xml HTTP/2.0" 200 344 "-" "Mozilla/5.0 (compatible; AhrefsBot/7.0; +http://ahrefs.com/robot/)" "-"
142.44.220.198 - - [24/Jul/2026:14:35:16 -0300] "GET /wp-sitemap-posts-product-1.xml HTTP/2.0" 200 234 "-" "Mozilla/5.0 (compatible; AhrefsBot/7.0; +http://ahrefs.com/robot/)" "-"
54.39.203.58 - - [24/Jul/2026:14:35:18 -0300] "GET /wp-sitemap-taxonomies-category-1.xml HTTP/2.0" 200 153 "-" "Mozilla/5.0 (compatible; AhrefsBot/7.0; +http://ahrefs.com/robot/)" "-"
142.44.225.45 - - [24/Jul/2026:14:35:19 -0300] "GET /wp-sitemap-taxonomies-product_cat-1.xml HTTP/2.0" 200 160 "-" "Mozilla/5.0 (compatible; AhrefsBot/7.0; +http://ahrefs.com/robot/)" "-"
51.222.168.32 - - [24/Jul/2026:14:35:21 -0300] "GET /wp-sitemap-users-1.xml HTTP/2.0" 200 148 "-" "Mozilla/5.0 (compatible; AhrefsBot/7.0; +http://ahrefs.com/robot/)" "-"
190.11.58.55 - - [24/Jul/2026:14:38:40 -0300] "POST /testbot/HVidD74XP83CP8wXsd/bridgesisbotsgt.php HTTP/1.1" 200 45 "-" "-" "-"
159.223.102.202 - - [24/Jul/2026:14:43:15 -0300] "POST /wp-cron.php?doing_wp_cron=1784914995.1682999134063720703125 HTTP/1.1" 200 11 "-" "WordPress/6.9.4; https://www.bottaingenieria.com.ar" "-"
43.130.47.33 - - [24/Jul/2026:14:43:15 -0300] "GET /wp-json/oembed/1.0/embed?url=https%3A%2F%2Fwww.bottaingenieria.com.ar%2Farca%2F HTTP/1.1" 200 1148 "-" "Mozilla/5.0 (iPhone; CPU iPhone OS 13_2_3 like Mac OS X) AppleWebKit/605.1.15 (KHTML, like Gecko) Version/13.0.3 Mobile/15E148 Safari/604.1" "-"
190.11.58.55 - - [24/Jul/2026:14:45:16 -0300] "POST /testbot/HVidD74XP83CP8wXsd/bridgesisbotsgt.php HTTP/1.1" 200 45 "-" "-" "-"
190.11.58.55 - - [24/Jul/2026:14:45:37 -0300] "POST /testbot/HVidD74XP83CP8wXsd/bridgesisbotsgt.php HTTP/1.1" 200 45 "-" "-" "-"
190.11.58.55 - - [24/Jul/2026:14:45:40 -0300] "POST /testbot/HVidD74XP83CP8wXsd/bridgesisbotsgt.php HTTP/1.1" 200 45 "-" "-" "-"
190.11.58.55 - - [24/Jul/2026:14:45:45 -0300] "POST /testbot/HVidD74XP83CP8wXsd/bridgesisbotsgt.php HTTP/1.1" 200 45 "-" "-" "-"
190.11.58.55 - - [24/Jul/2026:14:46:29 -0300] "POST /testbot/HVidD74XP83CP8wXsd/bridgesisbotsgt.php HTTP/1.1" 200 45 "-" "-" "-"
190.11.58.55 - - [24/Jul/2026:14:46:36 -0300] "POST /testbot/HVidD74XP83CP8wXsd/bridgesisbotsgt.php HTTP/1.1" 200 45 "-" "-" "-"
190.11.58.55 - - [24/Jul/2026:14:47:19 -0300] "POST /testbot/HVidD74XP83CP8wXsd/bridgesisbotsgt.php HTTP/1.1" 200 45 "-" "-" "-"
181.117.208.41 - - [24/Jul/2026:14:50:06 -0300] "GET /accesostock/accesoaplicacion.php?name=Ramirez_6&pass=X5aLbuMSE1yOzB8DU2Az HTTP/1.1" 301 162 "-" "-" "-"
190.11.58.55 - - [24/Jul/2026:14:51:49 -0300] "POST /testbot/HVidD74XP83CP8wXsd/bridgesisbotsgt.php HTTP/1.1" 200 45 "-" "-" "-"
190.11.58.55 - - [24/Jul/2026:14:51:52 -0300] "POST /testbot/HVidD74XP83CP8wXsd/bridgesisbotsgt.php HTTP/1.1" 200 45 "-" "-" "-"
159.223.102.202 - - [24/Jul/2026:14:54:10 -0300] "POST /wp-cron.php?doing_wp_cron=1784915650.2033779621124267578125 HTTP/1.1" 200 11 "-" "WordPress/6.9.4; https://www.bottaingenieria.com.ar" "-"
43.153.76.247 - - [24/Jul/2026:14:54:10 -0300] "GET /wp-json/oembed/1.0/embed?url=https%3A%2F%2Fwww.bottaingenieria.com.ar%2Farca%2F&format=xml HTTP/1.1" 200 1179 "-" "Mozilla/5.0 (iPhone; CPU iPhone OS 13_2_3 like Mac OS X) AppleWebKit/605.1.15 (KHTML, like Gecko) Version/13.0.3 Mobile/15E148 Safari/604.1" "-"
66.249.79.33 - - [24/Jul/2026:14:54:29 -0300] "GET /robots.txt HTTP/1.1" 200 152 "-" "Mozilla/5.0 (compatible; Googlebot/2.1; +http://www.google.com/bot.html)" "-"
66.249.79.33 - - [24/Jul/2026:14:54:29 -0300] "GET /bfact/ HTTP/1.1" 301 5 "-" "Mozilla/5.0 (Linux; Android 6.0.1; Nexus 5X Build/MMB29P) AppleWebKit/537.36 (KHTML, like Gecko) Chrome/150.0.7871.128 Mobile Safari/537.36 (compatible; Googlebot/2.1; +http://www.google.com/bot.html)" "-"
66.249.79.35 - - [24/Jul/2026:14:54:30 -0300] "GET /producto/bfact/ HTTP/1.1" 200 154921 "-" "Mozilla/5.0 (Linux; Android 6.0.1; Nexus 5X Build/MMB29P) AppleWebKit/537.36 (KHTML, like Gecko) Chrome/150.0.7871.128 Mobile Safari/537.36 (compatible; Googlebot/2.1; +http://www.google.com/bot.html)" "-"
66.249.79.33 - - [24/Jul/2026:14:54:38 -0300] "GET /wp-json/wp/v2/users/me?context=edit&_locale=user HTTP/1.1" 401 99 "https://www.bottaingenieria.com.ar/producto/bfact/" "Mozilla/5.0 (Linux; Android 6.0.1; Nexus 5X Build/MMB29P) AppleWebKit/537.36 (KHTML, like Gecko) Chrome/150.0.7871.128 Mobile Safari/537.36 (compatible; Googlebot/2.1; +http://www.google.com/bot.html)" "-"
181.117.208.41 - - [24/Jul/2026:14:55:38 -0300] "GET /accesostock/accesoaplicacion.php?name=Almada_15&pass=X5aLbuMSE1yOzB8DU2Az HTTP/1.1" 301 162 "-" "-" "-"
47.128.126.4 - - [24/Jul/2026:14:57:20 -0300] "GET /robots.txt HTTP/1.1" 301 162 "-" "Mozilla/5.0 (Linux; Android 5.0) AppleWebKit/537.36 (KHTML, like Gecko) Mobile Safari/537.36 (compatible; Bytespider; spider-feedback@bytedance.com)" "-"
159.223.102.202 - - [24/Jul/2026:14:57:22 -0300] "POST /wp-cron.php?doing_wp_cron=1784915842.5858550071716308593750 HTTP/1.1" 200 11 "-" "WordPress/6.9.4; https://www.bottaingenieria.com.ar" "-"
47.128.126.4 - - [24/Jul/2026:14:57:22 -0300] "GET /robots.txt HTTP/1.1" 200 171 "-" "Mozilla/5.0 (Linux; Android 5.0) AppleWebKit/537.36 (KHTML, like Gecko) Mobile Safari/537.36 (compatible; Bytespider; spider-feedback@bytedance.com)" "-"
159.223.102.202 - - [24/Jul/2026:14:58:54 -0300] "POST /wp-cron.php?doing_wp_cron=1784915934.4970850944519042968750 HTTP/1.1" 200 11 "-" "WordPress/6.9.4; https://www.bottaingenieria.com.ar" "-"
43.156.41.180 - - [24/Jul/2026:14:58:54 -0300] "GET /iaychatbots/ HTTP/1.1" 200 175616 "-" "Mozilla/5.0 (iPhone; CPU iPhone OS 13_2_3 like Mac OS X) AppleWebKit/605.1.15 (KHTML, like Gecko) Version/13.0.3 Mobile/15E148 Safari/604.1" "-"
190.11.58.55 - - [24/Jul/2026:14:59:06 -0300] "POST /testbot/HVidD74XP83CP8wXsd/bridgesisbotsgt.php HTTP/1.1" 200 45 "-" "-" "-"
190.11.58.55 - - [24/Jul/2026:15:01:03 -0300] "POST /testbot/HVidD74XP83CP8wXsd/bridgesisbotsgt.php HTTP/1.1" 200 45 "-" "-" "-"
