142.44.233.77 - - [29/Jul/2026:05:42:48 -0300] "GET /wp-sitemap-taxonomies-product_cat-1.xml HTTP/2.0" 200 160 "-" "Mozilla/5.0 (compatible; AhrefsBot/7.0; +http://ahrefs.com/robot/)" "-"
51.222.168.7 - - [29/Jul/2026:05:42:50 -0300] "GET /wp-sitemap-users-1.xml HTTP/2.0" 200 170 "-" "Mozilla/5.0 (compatible; AhrefsBot/7.0; +http://ahrefs.com/robot/)" "-"
190.11.58.55 - - [29/Jul/2026:05:45:14 -0300] "POST /testbot/HVidD74XP83CP8wXsd/bridgesisbotsgt.php HTTP/1.1" 200 45 "-" "-" "-"
190.11.58.55 - - [29/Jul/2026:05:45:20 -0300] "POST /testbot/HVidD74XP83CP8wXsd/bridgesisbotsgt.php HTTP/1.1" 200 45 "-" "-" "-"
190.11.58.55 - - [29/Jul/2026:05:45:47 -0300] "POST /testbot/HVidD74XP83CP8wXsd/bridgesisbotsgt.php HTTP/1.1" 200 45 "-" "-" "-"
190.11.58.55 - - [29/Jul/2026:05:46:34 -0300] "POST /testbot/HVidD74XP83CP8wXsd/bridgesisbotsgt.php HTTP/1.1" 200 45 "-" "-" "-"
190.11.58.55 - - [29/Jul/2026:05:48:15 -0300] "POST /testbot/HVidD74XP83CP8wXsd/bridgesisbotsgt.php HTTP/1.1" 200 45 "-" "-" "-"
190.11.58.55 - - [29/Jul/2026:05:49:08 -0300] "POST /testbot/HVidD74XP83CP8wXsd/bridgesisbotsgt.php HTTP/1.1" 200 45 "-" "-" "-"
190.11.58.55 - - [29/Jul/2026:05:56:19 -0300] "POST /testbot/HVidD74XP83CP8wXsd/bridgesisbotsgt.php HTTP/1.1" 200 45 "-" "-" "-"
190.11.58.55 - - [29/Jul/2026:05:56:24 -0300] "POST /testbot/HVidD74XP83CP8wXsd/bridgesisbotsgt.php HTTP/1.1" 200 45 "-" "-" "-"
190.11.58.55 - - [29/Jul/2026:05:56:37 -0300] "POST /testbot/HVidD74XP83CP8wXsd/bridgesisbotsgt.php HTTP/1.1" 200 45 "-" "-" "-"
74.248.139.103 - - [29/Jul/2026:05:59:24 -0300] "GET /wp-content/plugins/hellopress/wp_filemanager.php HTTP/1.1" 404 146 "-" "-" "-"
74.248.139.103 - - [29/Jul/2026:05:59:24 -0300] "GET /this_is_a_new_hello_world.php HTTP/1.1" 404 146 "-" "-" "-"
74.248.139.103 - - [29/Jul/2026:05:59:24 -0300] "GET /x.php HTTP/1.1" 404 146 "-" "-" "-"
74.248.139.103 - - [29/Jul/2026:05:59:25 -0300] "GET /readme.php HTTP/1.1" 404 146 "-" "-" "-"
74.248.139.103 - - [29/Jul/2026:05:59:25 -0300] "GET /la.php HTTP/1.1" 404 146 "-" "-" "-"
74.248.139.103 - - [29/Jul/2026:05:59:26 -0300] "GET /style.php HTTP/1.1" 404 146 "-" "-" "-"
74.248.139.103 - - [29/Jul/2026:05:59:26 -0300] "GET /1.php HTTP/1.1" 404 146 "-" "-" "-"
74.248.139.103 - - [29/Jul/2026:05:59:26 -0300] "GET /css.php HTTP/1.1" 404 146 "-" "-" "-"
74.248.139.103 - - [29/Jul/2026:05:59:27 -0300] "GET /8.php HTTP/1.1" 404 146 "-" "-" "-"
74.248.139.103 - - [29/Jul/2026:05:59:27 -0300] "GET /alpha.php HTTP/1.1" 404 146 "-" "-" "-"
74.248.139.103 - - [29/Jul/2026:05:59:27 -0300] "GET /wp-2019.php HTTP/1.1" 404 146 "-" "-" "-"
74.248.139.103 - - [29/Jul/2026:05:59:27 -0300] "GET /db.php HTTP/1.1" 404 146 "-" "-" "-"
74.248.139.103 - - [29/Jul/2026:05:59:28 -0300] "GET /403.php HTTP/1.1" 404 146 "-" "-" "-"
74.248.139.103 - - [29/Jul/2026:05:59:28 -0300] "GET /ftde.php HTTP/1.1" 404 146 "-" "-" "-"
74.248.139.103 - - [29/Jul/2026:05:59:28 -0300] "GET /edit.php HTTP/1.1" 404 146 "-" "-" "-"
74.248.139.103 - - [29/Jul/2026:05:59:28 -0300] "GET /bthil.php HTTP/1.1" 404 146 "-" "-" "-"
74.248.139.103 - - [29/Jul/2026:05:59:29 -0300] "GET /radio.php HTTP/1.1" 404 146 "-" "-" "-"
74.248.139.103 - - [29/Jul/2026:05:59:29 -0300] "GET /.gitignore.php HTTP/1.1" 403 146 "-" "-" "-"
74.248.139.103 - - [29/Jul/2026:05:59:29 -0300] "GET /jga.php HTTP/1.1" 404 146 "-" "-" "-"
74.248.139.103 - - [29/Jul/2026:05:59:29 -0300] "GET /crgio.php HTTP/1.1" 404 146 "-" "-" "-"
74.248.139.103 - - [29/Jul/2026:05:59:30 -0300] "GET /wp-kikikoko.php HTTP/1.1" 404 146 "-" "-" "-"
74.248.139.103 - - [29/Jul/2026:05:59:30 -0300] "GET /r.php HTTP/1.1" 404 146 "-" "-" "-"
74.248.139.103 - - [29/Jul/2026:05:59:30 -0300] "GET /file.php HTTP/1.1" 404 146 "-" "-" "-"
74.248.139.103 - - [29/Jul/2026:05:59:30 -0300] "GET /ty.php HTTP/1.1" 404 146 "-" "-" "-"
74.248.139.103 - - [29/Jul/2026:05:59:30 -0300] "GET /as.php HTTP/1.1" 404 146 "-" "-" "-"
74.248.139.103 - - [29/Jul/2026:05:59:31 -0300] "GET /makeasmtp.php HTTP/1.1" 404 146 "-" "-" "-"
159.223.102.202 - - [29/Jul/2026:05:59:31 -0300] "POST /wp-cron.php?doing_wp_cron=1785315571.6833069324493408203125 HTTP/1.1" 200 11 "-" "WordPress/6.9.4; https://www.bottaingenieria.com.ar" "-"
74.248.139.103 - - [29/Jul/2026:05:59:31 -0300] "GET /wp-admin/about.php HTTP/1.1" 302 5 "-" "-" "-"
74.248.139.103 - - [29/Jul/2026:05:59:32 -0300] "GET /wp-login.php?redirect_to=https%3A%2F%2Fwww.bottaingenieria.com.ar%2Fwp-admin%2Fabout.php&reauth=1 HTTP/1.1" 200 408544 "-" "-" "-"
74.248.139.103 - - [29/Jul/2026:05:59:33 -0300] "GET /ccc.php HTTP/1.1" 404 146 "-" "-" "-"
74.248.139.103 - - [29/Jul/2026:05:59:33 -0300] "GET /m.php HTTP/1.1" 404 146 "-" "-" "-"
74.248.139.103 - - [29/Jul/2026:05:59:34 -0300] "GET /wp-login.php HTTP/1.1" 200 408427 "-" "-" "-"
74.248.139.103 - - [29/Jul/2026:05:59:34 -0300] "GET /ava.php HTTP/1.1" 404 146 "-" "-" "-"
74.248.139.103 - - [29/Jul/2026:05:59:34 -0300] "GET /plugins.php HTTP/1.1" 404 146 "-" "-" "-"
74.248.139.103 - - [29/Jul/2026:05:59:35 -0300] "GET /inputs.php HTTP/1.1" 404 146 "-" "-" "-"
74.248.139.103 - - [29/Jul/2026:05:59:35 -0300] "GET /log.php HTTP/1.1" 404 146 "-" "-" "-"
74.248.139.103 - - [29/Jul/2026:05:59:35 -0300] "GET /w.php HTTP/1.1" 404 146 "-" "-" "-"
74.248.139.103 - - [29/Jul/2026:05:59:35 -0300] "GET /alfa.php HTTP/1.1" 404 146 "-" "-" "-"
74.248.139.103 - - [29/Jul/2026:05:59:35 -0300] "GET /cc.php HTTP/1.1" 404 146 "-" "-" "-"
74.248.139.103 - - [29/Jul/2026:05:59:36 -0300] "GET /moon.php HTTP/1.1" 404 146 "-" "-" "-"
74.248.139.103 - - [29/Jul/2026:05:59:36 -0300] "GET /shell.php HTTP/1.1" 404 146 "-" "-" "-"
74.248.139.103 - - [29/Jul/2026:05:59:36 -0300] "GET /config.php HTTP/1.1" 404 146 "-" "-" "-"
74.248.139.103 - - [29/Jul/2026:05:59:37 -0300] "GET /mah.php HTTP/1.1" 404 146 "-" "-" "-"
74.248.139.103 - - [29/Jul/2026:05:59:37 -0300] "GET /themes.php HTTP/1.1" 404 146 "-" "-" "-"
74.248.139.103 - - [29/Jul/2026:05:59:37 -0300] "GET /about.php HTTP/1.1" 404 146 "-" "-" "-"
74.248.139.103 - - [29/Jul/2026:05:59:37 -0300] "GET /wp.php HTTP/1.1" 404 146 "-" "-" "-"
74.248.139.103 - - [29/Jul/2026:05:59:37 -0300] "GET /uninstall.php HTTP/1.1" 404 146 "-" "-" "-"
74.248.139.103 - - [29/Jul/2026:05:59:38 -0300] "GET /echkm.php HTTP/1.1" 404 146 "-" "-" "-"
74.248.139.103 - - [29/Jul/2026:05:59:38 -0300] "GET /domvf.php HTTP/1.1" 404 146 "-" "-" "-"
74.248.139.103 - - [29/Jul/2026:05:59:38 -0300] "GET /item.php HTTP/1.1" 404 146 "-" "-" "-"
74.248.139.103 - - [29/Jul/2026:05:59:38 -0300] "GET /elp.php HTTP/1.1" 404 146 "-" "-" "-"
74.248.139.103 - - [29/Jul/2026:05:59:38 -0300] "GET /404.php HTTP/1.1" 404 146 "-" "-" "-"
74.248.139.103 - - [29/Jul/2026:05:59:39 -0300] "GET /resp.php HTTP/1.1" 404 146 "-" "-" "-"
74.248.139.103 - - [29/Jul/2026:05:59:39 -0300] "GET /login.php HTTP/1.1" 404 146 "-" "-" "-"
190.11.58.55 - - [29/Jul/2026:05:59:46 -0300] "POST /testbot/HVidD74XP83CP8wXsd/bridgesisbotsgt.php HTTP/1.1" 200 45 "-" "-" "-"
190.11.58.55 - - [29/Jul/2026:06:01:36 -0300] "POST /testbot/HVidD74XP83CP8wXsd/bridgesisbotsgt.php HTTP/1.1" 200 45 "-" "-" "-"
190.11.58.55 - - [29/Jul/2026:06:04:41 -0300] "POST /testbot/HVidD74XP83CP8wXsd/bridgesisbotsgt.php HTTP/1.1" 200 45 "-" "-" "-"
190.11.58.55 - - [29/Jul/2026:06:04:46 -0300] "POST /testbot/HVidD74XP83CP8wXsd/bridgesisbotsgt.php HTTP/1.1" 200 45 "-" "-" "-"
190.11.58.55 - - [29/Jul/2026:06:05:12 -0300] "POST /testbot/HVidD74XP83CP8wXsd/bridgesisbotsgt.php HTTP/1.1" 200 45 "-" "-" "-"
190.11.58.55 - - [29/Jul/2026:06:05:57 -0300] "POST /testbot/HVidD74XP83CP8wXsd/bridgesisbotsgt.php HTTP/1.1" 200 45 "-" "-" "-"
190.11.58.55 - - [29/Jul/2026:06:07:04 -0300] "POST /testbot/HVidD74XP83CP8wXsd/bridgesisbotsgt.php HTTP/1.1" 200 45 "-" "-" "-"
190.11.58.55 - - [29/Jul/2026:06:07:25 -0300] "POST /testbot/HVidD74XP83CP8wXsd/bridgesisbotsgt.php HTTP/1.1" 200 45 "-" "-" "-"
190.11.58.55 - - [29/Jul/2026:06:07:32 -0300] "POST /testbot/HVidD74XP83CP8wXsd/bridgesisbotsgt.php HTTP/1.1" 200 45 "-" "-" "-"
159.223.102.202 - - [29/Jul/2026:06:10:38 -0300] "POST /wp-cron.php?doing_wp_cron=1785316238.1026849746704101562500 HTTP/1.1" 200 11 "-" "WordPress/6.9.4; https://www.bottaingenieria.com.ar" "-"
47.82.11.141 - - [29/Jul/2026:06:10:38 -0300] "GET /robots.txt HTTP/1.1" 200 152 "-" "Mozilla/5.0 (Macintosh; Intel Mac OS X 10_15_7) AppleWebKit/537.36 (KHTML, like Gecko) Chrome/128.0.0.0 Safari/537.36" "-"
47.82.11.141 - - [29/Jul/2026:06:10:39 -0300] "GET /wp-sitemap.xml HTTP/1.1" 200 205 "-" "Mozilla/5.0 (Macintosh; Intel Mac OS X 10_15_7) AppleWebKit/537.36 (KHTML, like Gecko) Chrome/128.0.0.0 Safari/537.36" "-"
47.82.11.141 - - [29/Jul/2026:06:10:39 -0300] "GET /wp-sitemap-posts-post-1.xml HTTP/1.1" 200 304 "-" "Mozilla/5.0 (Macintosh; Intel Mac OS X 10_15_7) AppleWebKit/537.36 (KHTML, like Gecko) Chrome/128.0.0.0 Safari/537.36" "-"
47.82.11.141 - - [29/Jul/2026:06:10:40 -0300] "GET /wp-sitemap-posts-page-1.xml HTTP/1.1" 200 357 "-" "Mozilla/5.0 (Macintosh; Intel Mac OS X 10_15_7) AppleWebKit/537.36 (KHTML, like Gecko) Chrome/128.0.0.0 Safari/537.36" "-"
47.82.11.141 - - [29/Jul/2026:06:10:40 -0300] "GET /wp-sitemap-posts-product-1.xml HTTP/1.1" 200 245 "-" "Mozilla/5.0 (Macintosh; Intel Mac OS X 10_15_7) AppleWebKit/537.36 (KHTML, like Gecko) Chrome/128.0.0.0 Safari/537.36" "-"
47.82.11.141 - - [29/Jul/2026:06:10:41 -0300] "GET /wp-sitemap-taxonomies-category-1.xml HTTP/1.1" 200 164 "-" "Mozilla/5.0 (Macintosh; Intel Mac OS X 10_15_7) AppleWebKit/537.36 (KHTML, like Gecko) Chrome/128.0.0.0 Safari/537.36" "-"
47.82.11.141 - - [29/Jul/2026:06:10:41 -0300] "GET /wp-sitemap-taxonomies-product_cat-1.xml HTTP/1.1" 200 171 "-" "Mozilla/5.0 (Macintosh; Intel Mac OS X 10_15_7) AppleWebKit/537.36 (KHTML, like Gecko) Chrome/128.0.0.0 Safari/537.36" "-"
47.82.11.141 - - [29/Jul/2026:06:10:42 -0300] "GET /wp-sitemap-users-1.xml HTTP/1.1" 200 181 "-" "Mozilla/5.0 (Macintosh; Intel Mac OS X 10_15_7) AppleWebKit/537.36 (KHTML, like Gecko) Chrome/128.0.0.0 Safari/537.36" "-"
190.11.58.55 - - [29/Jul/2026:06:10:51 -0300] "POST /testbot/HVidD74XP83CP8wXsd/bridgesisbotsgt.php HTTP/1.1" 200 45 "-" "-" "-"
190.11.58.55 - - [29/Jul/2026:06:11:05 -0300] "POST /testbot/HVidD74XP83CP8wXsd/bridgesisbotsgt.php HTTP/1.1" 200 45 "-" "-" "-"
190.11.58.55 - - [29/Jul/2026:06:14:53 -0300] "POST /testbot/HVidD74XP83CP8wXsd/bridgesisbotsgt.php HTTP/1.1" 200 45 "-" "-" "-"
190.11.58.55 - - [29/Jul/2026:06:15:21 -0300] "POST /testbot/HVidD74XP83CP8wXsd/bridgesisbotsgt.php HTTP/1.1" 200 45 "-" "-" "-"
159.223.102.202 - - [29/Jul/2026:06:16:22 -0300] "POST /wp-cron.php?doing_wp_cron=1785316582.8167159557342529296875 HTTP/1.1" 200 11 "-" "WordPress/6.9.4; https://www.bottaingenieria.com.ar" "-"
34.96.41.187 - - [29/Jul/2026:06:16:23 -0300] "GET / HTTP/1.1" 200 158479 "-" "Mozilla/5.0 (Windows NT 10.0; Win64; x64) AppleWebKit/537.36 (KHTML, like Gecko) Chrome/121.0.0.0 Safari/537.36" "-"
34.96.41.187 - - [29/Jul/2026:06:16:26 -0300] "GET / HTTP/1.1" 200 158479 "-" "Mozilla/5.0 (Windows NT 10.0; Win64; x64) AppleWebKit/537.36 (KHTML, like Gecko) Chrome/121.0.0.0 Safari/537.36" "-"
190.11.58.55 - - [29/Jul/2026:06:16:31 -0300] "POST /testbot/HVidD74XP83CP8wXsd/bridgesisbotsgt.php HTTP/1.1" 200 45 "-" "-" "-"
190.11.58.55 - - [29/Jul/2026:06:19:15 -0300] "POST /testbot/HVidD74XP83CP8wXsd/bridgesisbotsgt.php HTTP/1.1" 200 45 "-" "-" "-"
190.11.58.55 - - [29/Jul/2026:06:20:50 -0300] "POST /testbot/HVidD74XP83CP8wXsd/bridgesisbotsgt.php HTTP/1.1" 200 45 "-" "-" "-"
190.11.58.55 - - [29/Jul/2026:06:21:05 -0300] "POST /testbot/HVidD74XP83CP8wXsd/bridgesisbotsgt.php HTTP/1.1" 200 45 "-" "-" "-"
159.223.102.202 - - [29/Jul/2026:06:21:22 -0300] "POST /wp-cron.php?doing_wp_cron=1785316882.5620820522308349609375 HTTP/1.1" 200 11 "-" "WordPress/6.9.4; https://www.bottaingenieria.com.ar" "-"
203.159.90.248 - - [29/Jul/2026:06:21:22 -0300] "GET /?rest_route=/batch/v1 HTTP/1.1" 404 159 "-" "Mozilla/5.0" "-"
203.159.90.248 - - [29/Jul/2026:06:21:23 -0300] "GET /wp-json/batch/v1 HTTP/1.1" 404 159 "-" "Mozilla/5.0" "-"
45.182.220.14 - - [29/Jul/2026:06:21:29 -0300] "GET /accesostock/accesoaplicacion.php?name=Solo%20usuario_1&pass=rlalu5840KDlkd765%25P HTTP/1.1" 301 162 "-" "-" "-"
190.11.58.55 - - [29/Jul/2026:06:22:31 -0300] "POST /testbot/HVidD74XP83CP8wXsd/bridgesisbotsgt.php HTTP/1.1" 200 45 "-" "-" "-"
190.11.58.55 - - [29/Jul/2026:06:22:58 -0300] "POST /testbot/HVidD74XP83CP8wXsd/bridgesisbotsgt.php HTTP/1.1" 200 45 "-" "-" "-"
190.11.58.55 - - [29/Jul/2026:06:23:50 -0300] "POST /testbot/HVidD74XP83CP8wXsd/bridgesisbotsgt.php HTTP/1.1" 200 45 "-" "-" "-"
190.11.58.55 - - [29/Jul/2026:06:26:31 -0300] "POST /testbot/HVidD74XP83CP8wXsd/bridgesisbotsgt.php HTTP/1.1" 200 45 "-" "-" "-"
190.11.58.55 - - [29/Jul/2026:06:29:19 -0300] "POST /testbot/HVidD74XP83CP8wXsd/bridgesisbotsgt.php HTTP/1.1" 200 45 "-" "-" "-"
190.11.58.55 - - [29/Jul/2026:06:30:08 -0300] "POST /testbot/HVidD74XP83CP8wXsd/bridgesisbotsgt.php HTTP/1.1" 200 45 "-" "-" "-"
159.223.102.202 - - [29/Jul/2026:06:30:21 -0300] "POST /wp-cron.php?doing_wp_cron=1785317421.1847360134124755859375 HTTP/1.1" 200 11 "-" "WordPress/6.9.4; https://www.bottaingenieria.com.ar" "-"
216.73.216.79 - - [29/Jul/2026:06:30:21 -0300] "GET /robots.txt HTTP/2.0" 200 141 "-" "Mozilla/5.0 AppleWebKit/537.36 (KHTML, like Gecko; compatible; ClaudeBot/1.0; +claudebot@anthropic.com)" "-"
216.73.216.79 - - [29/Jul/2026:06:30:22 -0300] "GET /wp-sitemap.xml HTTP/2.0" 200 194 "-" "Mozilla/5.0 AppleWebKit/537.36 (KHTML, like Gecko; compatible; ClaudeBot/1.0; +claudebot@anthropic.com)" "-"
190.11.58.55 - - [29/Jul/2026:06:32:19 -0300] "POST /testbot/HVidD74XP83CP8wXsd/bridgesisbotsgt.php HTTP/1.1" 200 45 "-" "-" "-"
190.11.58.55 - - [29/Jul/2026:06:35:39 -0300] "POST /testbot/HVidD74XP83CP8wXsd/bridgesisbotsgt.php HTTP/1.1" 200 45 "-" "-" "-"
190.11.58.55 - - [29/Jul/2026:06:37:38 -0300] "POST /testbot/HVidD74XP83CP8wXsd/bridgesisbotsgt.php HTTP/1.1" 200 45 "-" "-" "-"
190.11.58.55 - - [29/Jul/2026:06:38:46 -0300] "POST /testbot/HVidD74XP83CP8wXsd/bridgesisbotsgt.php HTTP/1.1" 200 45 "-" "-" "-"
190.11.58.55 - - [29/Jul/2026:06:41:02 -0300] "POST /testbot/HVidD74XP83CP8wXsd/bridgesisbotsgt.php HTTP/1.1" 200 45 "-" "-" "-"
190.11.58.55 - - [29/Jul/2026:06:42:28 -0300] "POST /testbot/HVidD74XP83CP8wXsd/bridgesisbotsgt.php HTTP/1.1" 200 45 "-" "-" "-"
190.11.58.55 - - [29/Jul/2026:06:43:38 -0300] "POST /testbot/HVidD74XP83CP8wXsd/bridgesisbotsgt.php HTTP/1.1" 200 45 "-" "-" "-"
190.11.58.55 - - [29/Jul/2026:06:43:50 -0300] "POST /testbot/HVidD74XP83CP8wXsd/bridgesisbotsgt.php HTTP/1.1" 200 45 "-" "-" "-"
159.223.102.202 - - [29/Jul/2026:06:44:02 -0300] "POST /wp-cron.php?doing_wp_cron=1785318242.7150518894195556640625 HTTP/1.1" 200 11 "-" "WordPress/6.9.4; https://www.bottaingenieria.com.ar" "-"
52.203.54.234 - - [29/Jul/2026:06:44:02 -0300] "GET / HTTP/1.1" 200 158480 "-" "BixelBot/1.0 (+https://bixel.com/docs/crawler)" "-"
190.11.58.55 - - [29/Jul/2026:06:45:41 -0300] "POST /testbot/HVidD74XP83CP8wXsd/bridgesisbotsgt.php HTTP/1.1" 200 45 "-" "-" "-"
190.11.58.55 - - [29/Jul/2026:06:45:49 -0300] "POST /testbot/HVidD74XP83CP8wXsd/bridgesisbotsgt.php HTTP/1.1" 200 45 "-" "-" "-"
190.11.58.55 - - [29/Jul/2026:06:48:24 -0300] "POST /testbot/HVidD74XP83CP8wXsd/bridgesisbotsgt.php HTTP/1.1" 200 45 "-" "-" "-"
190.11.58.55 - - [29/Jul/2026:06:54:10 -0300] "POST /testbot/HVidD74XP83CP8wXsd/bridgesisbotsgt.php HTTP/1.1" 200 45 "-" "-" "-"
190.11.58.55 - - [29/Jul/2026:06:54:39 -0300] "POST /testbot/HVidD74XP83CP8wXsd/bridgesisbotsgt.php HTTP/1.1" 200 45 "-" "-" "-"
190.11.58.55 - - [29/Jul/2026:06:56:29 -0300] "POST /testbot/HVidD74XP83CP8wXsd/bridgesisbotsgt.php HTTP/1.1" 200 45 "-" "-" "-"
190.11.58.55 - - [29/Jul/2026:06:58:58 -0300] "POST /testbot/HVidD74XP83CP8wXsd/bridgesisbotsgt.php HTTP/1.1" 200 45 "-" "-" "-"
159.223.102.202 - - [29/Jul/2026:07:00:40 -0300] "POST /wp-cron.php?doing_wp_cron=1785319240.3065810203552246093750 HTTP/1.1" 200 11 "-" "WordPress/6.9.4; https://www.bottaingenieria.com.ar" "-"
40.77.167.42 - - [29/Jul/2026:07:00:40 -0300] "GET /wp-sitemap-posts-page-1.xml HTTP/2.0" 200 345 "-" "Mozilla/5.0 AppleWebKit/537.36 (KHTML, like Gecko; compatible; bingbot/2.0; +http://www.bing.com/bingbot.htm) Chrome/116.0.1938.76 Safari/537.36" "-"
190.11.58.55 - - [29/Jul/2026:07:02:12 -0300] "POST /testbot/HVidD74XP83CP8wXsd/bridgesisbotsgt.php HTTP/1.1" 200 45 "-" "-" "-"
159.223.102.202 - - [29/Jul/2026:07:02:45 -0300] "POST /wp-cron.php?doing_wp_cron=1785319365.1846559047698974609375 HTTP/1.1" 200 11 "-" "WordPress/6.9.4; https://www.bottaingenieria.com.ar" "-"
142.44.233.57 - - [29/Jul/2026:07:02:45 -0300] "GET /wp-sitemap.xml HTTP/2.0" 200 194 "-" "Mozilla/5.0 (compatible; AhrefsBot/7.0; +http://ahrefs.com/robot/)" "-"
54.39.136.209 - - [29/Jul/2026:07:02:46 -0300] "GET /wp-sitemap-posts-post-1.xml HTTP/2.0" 200 292 "-" "Mozilla/5.0 (compatible; AhrefsBot/7.0; +http://ahrefs.com/robot/)" "-"
142.44.225.192 - - [29/Jul/2026:07:02:48 -0300] "GET /wp-sitemap-posts-page-1.xml HTTP/2.0" 200 345 "-" "Mozilla/5.0 (compatible; AhrefsBot/7.0; +http://ahrefs.com/robot/)" "-"
54.39.89.75 - - [29/Jul/2026:07:02:50 -0300] "GET /wp-sitemap-posts-product-1.xml HTTP/2.0" 200 234 "-" "Mozilla/5.0 (compatible; AhrefsBot/7.0; +http://ahrefs.com/robot/)" "-"
51.222.168.254 - - [29/Jul/2026:07:02:51 -0300] "GET /wp-sitemap-taxonomies-category-1.xml HTTP/2.0" 200 153 "-" "Mozilla/5.0 (compatible; AhrefsBot/7.0; +http://ahrefs.com/robot/)" "-"
54.39.203.57 - - [29/Jul/2026:07:02:53 -0300] "GET /wp-sitemap-taxonomies-product_cat-1.xml HTTP/2.0" 200 160 "-" "Mozilla/5.0 (compatible; AhrefsBot/7.0; +http://ahrefs.com/robot/)" "-"
51.161.37.155 - - [29/Jul/2026:07:02:54 -0300] "GET /wp-sitemap-users-1.xml HTTP/2.0" 200 170 "-" "Mozilla/5.0 (compatible; AhrefsBot/7.0; +http://ahrefs.com/robot/)" "-"
190.11.58.55 - - [29/Jul/2026:07:03:24 -0300] "POST /testbot/HVidD74XP83CP8wXsd/bridgesisbotsgt.php HTTP/1.1" 200 45 "-" "-" "-"
190.11.58.55 - - [29/Jul/2026:07:04:06 -0300] "POST /testbot/HVidD74XP83CP8wXsd/bridgesisbotsgt.php HTTP/1.1" 200 45 "-" "-" "-"
159.223.102.202 - - [29/Jul/2026:07:05:50 -0300] "POST /wp-cron.php?doing_wp_cron=1785319550.6236190795898437500000 HTTP/1.1" 200 11 "-" "WordPress/6.9.4; https://www.bottaingenieria.com.ar" "-"
51.68.111.214 - - [29/Jul/2026:07:05:50 -0300] "GET /robots.txt HTTP/1.1" 200 152 "-" "Mozilla/5.0 (compatible; MJ12bot/v2.0.5; http://mj12bot.com/)" "-"
51.68.111.214 - - [29/Jul/2026:07:05:51 -0300] "GET / HTTP/1.1" 200 158480 "-" "Mozilla/5.0 (compatible; MJ12bot/v2.0.5; http://mj12bot.com/)" "-"
186.123.156.211 - - [29/Jul/2026:07:07:24 -0300] "GET /accesostock/accesoaplicacion.php?name=emiliano_125&pass=XuSM9TXEPjGZEp3sArE35sHor HTTP/1.1" 301 162 "-" "-" "-"
190.11.58.55 - - [29/Jul/2026:07:08:50 -0300] "POST /testbot/HVidD74XP83CP8wXsd/bridgesisbotsgt.php HTTP/1.1" 200 45 "-" "-" "-"
190.11.58.55 - - [29/Jul/2026:07:13:34 -0300] "POST /testbot/HVidD74XP83CP8wXsd/bridgesisbotsgt.php HTTP/1.1" 200 45 "-" "-" "-"
190.11.58.55 - - [29/Jul/2026:07:13:42 -0300] "POST /testbot/HVidD74XP83CP8wXsd/bridgesisbotsgt.php HTTP/1.1" 200 45 "-" "-" "-"
190.11.58.55 - - [29/Jul/2026:07:15:39 -0300] "POST /testbot/HVidD74XP83CP8wXsd/bridgesisbotsgt.php HTTP/1.1" 200 45 "-" "-" "-"
34.96.41.53 - - [29/Jul/2026:07:16:34 -0300] "GET / HTTP/1.1" 499 0 "-" "Mozilla/5.0 (Windows NT 10.0; Win64; x64) AppleWebKit/537.36 (KHTML, like Gecko) Chrome/121.0.0.0 Safari/537.36" "-"
159.223.102.202 - - [29/Jul/2026:07:16:36 -0300] "POST /wp-cron.php?doing_wp_cron=1785320196.6035380363464355468750 HTTP/1.1" 200 11 "-" "WordPress/6.9.4; https://www.bottaingenieria.com.ar" "-"
34.96.41.53 - - [29/Jul/2026:07:16:39 -0300] "GET / HTTP/1.1" 200 158478 "-" "Mozilla/5.0 (Windows NT 10.0; Win64; x64) AppleWebKit/537.36 (KHTML, like Gecko) Chrome/121.0.0.0 Safari/537.36" "-"
190.11.58.55 - - [29/Jul/2026:07:18:28 -0300] "POST /testbot/HVidD74XP83CP8wXsd/bridgesisbotsgt.php HTTP/1.1" 200 45 "-" "-" "-"
190.11.58.55 - - [29/Jul/2026:07:22:33 -0300] "POST /testbot/HVidD74XP83CP8wXsd/bridgesisbotsgt.php HTTP/1.1" 200 45 "-" "-" "-"
190.11.58.55 - - [29/Jul/2026:07:26:18 -0300] "POST /testbot/HVidD74XP83CP8wXsd/bridgesisbotsgt.php HTTP/1.1" 200 45 "-" "-" "-"
159.223.102.202 - - [29/Jul/2026:07:28:23 -0300] "POST /wp-cron.php?doing_wp_cron=1785320903.0628619194030761718750 HTTP/1.1" 200 11 "-" "WordPress/6.9.4; https://www.bottaingenieria.com.ar" "-"
40.77.167.5 - - [29/Jul/2026:07:28:23 -0300] "GET /wp-sitemap-taxonomies-product_cat-1.xml HTTP/2.0" 200 160 "-" "Mozilla/5.0 AppleWebKit/537.36 (KHTML, like Gecko; compatible; bingbot/2.0; +http://www.bing.com/bingbot.htm) Chrome/116.0.1938.76 Safari/537.36" "-"
190.11.58.55 - - [29/Jul/2026:07:29:18 -0300] "POST /testbot/HVidD74XP83CP8wXsd/bridgesisbotsgt.php HTTP/1.1" 200 45 "-" "-" "-"
190.11.58.55 - - [29/Jul/2026:07:29:29 -0300] "POST /testbot/HVidD74XP83CP8wXsd/bridgesisbotsgt.php HTTP/1.1" 200 45 "-" "-" "-"
190.11.58.55 - - [29/Jul/2026:07:29:40 -0300] "POST /testbot/HVidD74XP83CP8wXsd/bridgesisbotsgt.php HTTP/1.1" 200 45 "-" "-" "-"
190.11.58.55 - - [29/Jul/2026:07:33:15 -0300] "POST /testbot/HVidD74XP83CP8wXsd/bridgesisbotsgt.php HTTP/1.1" 200 45 "-" "-" "-"
190.11.58.55 - - [29/Jul/2026:07:33:27 -0300] "POST /testbot/HVidD74XP83CP8wXsd/bridgesisbotsgt.php HTTP/1.1" 200 45 "-" "-" "-"
190.11.58.55 - - [29/Jul/2026:07:33:30 -0300] "POST /testbot/HVidD74XP83CP8wXsd/bridgesisbotsgt.php HTTP/1.1" 200 45 "-" "-" "-"
190.11.58.55 - - [29/Jul/2026:07:33:50 -0300] "POST /testbot/HVidD74XP83CP8wXsd/bridgesisbotsgt.php HTTP/1.1" 200 45 "-" "-" "-"
190.11.58.55 - - [29/Jul/2026:07:35:38 -0300] "POST /testbot/HVidD74XP83CP8wXsd/bridgesisbotsgt.php HTTP/1.1" 200 45 "-" "-" "-"
159.223.102.202 - - [29/Jul/2026:07:36:25 -0300] "POST /wp-cron.php?doing_wp_cron=1785321385.8970029354095458984375 HTTP/1.1" 200 11 "-" "WordPress/6.9.4; https://www.bottaingenieria.com.ar" "-"
40.77.167.79 - - [29/Jul/2026:07:36:25 -0300] "GET /wp-sitemap-taxonomies-category-1.xml HTTP/2.0" 200 153 "-" "Mozilla/5.0 AppleWebKit/537.36 (KHTML, like Gecko; compatible; bingbot/2.0; +http://www.bing.com/bingbot.htm) Chrome/116.0.1938.76 Safari/537.36" "-"
216.244.66.236 - - [29/Jul/2026:07:37:07 -0300] "GET /robots.txt HTTP/1.1" 301 162 "-" "Mozilla/5.0 (compatible; DotBot/1.2; +https://opensiteexplorer.org/dotbot; help@moz.com)" "-"
159.223.102.202 - - [29/Jul/2026:07:37:08 -0300] "POST /wp-cron.php?doing_wp_cron=1785321428.4905219078063964843750 HTTP/1.1" 200 11 "-" "WordPress/6.9.4; https://www.bottaingenieria.com.ar" "-"
216.244.66.236 - - [29/Jul/2026:07:37:08 -0300] "GET /robots.txt HTTP/1.1" 200 288 "-" "Mozilla/5.0 (compatible; DotBot/1.2; +https://opensiteexplorer.org/dotbot; help@moz.com)" "-"
190.11.58.55 - - [29/Jul/2026:07:37:40 -0300] "POST /testbot/HVidD74XP83CP8wXsd/bridgesisbotsgt.php HTTP/1.1" 200 45 "-" "-" "-"
186.123.156.211 - - [29/Jul/2026:07:37:42 -0300] "GET /accesostock/accesoaplicacion.php?name=Solo%20usuario_1&pass=rlalu5840KDlkd765%25P HTTP/1.1" 301 162 "-" "-" "-"
190.11.58.55 - - [29/Jul/2026:07:39:39 -0300] "POST /testbot/HVidD74XP83CP8wXsd/bridgesisbotsgt.php HTTP/1.1" 200 45 "-" "-" "-"
190.11.58.55 - - [29/Jul/2026:07:39:59 -0300] "POST /testbot/HVidD74XP83CP8wXsd/bridgesisbotsgt.php HTTP/1.1" 200 45 "-" "-" "-"
216.146.27.214 - - [29/Jul/2026:07:40:57 -0300] "GET /wp-content/plugins/advanced-code-manager/bsdidi.php HTTP/2.0" 404 132 "-" "Mozilla/5.0 (Windows NT 10.0; Win64; x64) AppleWebKit/537.36 (KHTML, like Gecko) Chrome/150.0.0.0 Safari/537.36" "-"
159.223.102.202 - - [29/Jul/2026:07:41:19 -0300] "POST /wp-cron.php?doing_wp_cron=1785321679.8450889587402343750000 HTTP/1.1" 200 11 "-" "WordPress/6.9.4; https://www.bottaingenieria.com.ar" "-"
216.146.27.214 - - [29/Jul/2026:07:41:19 -0300] "GET /wp-login.php?redirect_to=https%3A%2F%2Fwww.bottaingenieria.com.ar%2Fwp-admin%2F&autofill=1 HTTP/2.0" 200 107651 "-" "Mozilla/5.0 (Windows NT 10.0; Win64; x64) AppleWebKit/537.36 (KHTML, like Gecko) Chrome/150.0.0.0 Safari/537.36" "-"
216.146.27.214 - - [29/Jul/2026:07:41:23 -0300] "GET /wp-admin/css/forms.min.css?ver=6.9.4 HTTP/2.0" 200 6206 "https://www.bottaingenieria.com.ar/wp-login.php?redirect_to=https%3A%2F%2Fwww.bottaingenieria.com.ar%2Fwp-admin%2F&autofill=1" "Mozilla/5.0 (Windows NT 10.0; Win64; x64) AppleWebKit/537.36 (KHTML, like Gecko) Chrome/150.0.0.0 Safari/537.36" "-"
216.146.27.214 - - [29/Jul/2026:07:41:24 -0300] "GET /wp-admin/css/l10n.min.css?ver=6.9.4 HTTP/2.0" 200 672 "https://www.bottaingenieria.com.ar/wp-login.php?redirect_to=https%3A%2F%2Fwww.bottaingenieria.com.ar%2Fwp-admin%2F&autofill=1" "Mozilla/5.0 (Windows NT 10.0; Win64; x64) AppleWebKit/537.36 (KHTML, like Gecko) Chrome/150.0.0.0 Safari/537.36" "-"
216.146.27.214 - - [29/Jul/2026:07:41:24 -0300] "GET /wp-admin/css/login.min.css?ver=6.9.4 HTTP/2.0" 200 1962 "https://www.bottaingenieria.com.ar/wp-login.php?redirect_to=https%3A%2F%2Fwww.bottaingenieria.com.ar%2Fwp-admin%2F&autofill=1" "Mozilla/5.0 (Windows NT 10.0; Win64; x64) AppleWebKit/537.36 (KHTML, like Gecko) Chrome/150.0.0.0 Safari/537.36" "-"
216.146.27.214 - - [29/Jul/2026:07:41:26 -0300] "GET /wp-admin/images/wordpress-logo.svg?ver=20131107 HTTP/2.0" 200 761 "https://www.bottaingenieria.com.ar/wp-admin/css/login.min.css?ver=6.9.4" "Mozilla/5.0 (Windows NT 10.0; Win64; x64) AppleWebKit/537.36 (KHTML, like Gecko) Chrome/150.0.0.0 Safari/537.36" "-"
216.146.27.214 - - [29/Jul/2026:07:41:26 -0300] "GET /wp-admin/js/password-strength-meter.min.js?ver=6.9.4 HTTP/2.0" 200 558 "https://www.bottaingenieria.com.ar/wp-login.php?redirect_to=https%3A%2F%2Fwww.bottaingenieria.com.ar%2Fwp-admin%2F&autofill=1" "Mozilla/5.0 (Windows NT 10.0; Win64; x64) AppleWebKit/537.36 (KHTML, like Gecko) Chrome/150.0.0.0 Safari/537.36" "-"
216.146.27.214 - - [29/Jul/2026:07:41:27 -0300] "GET /wp-admin/js/user-profile.min.js?ver=6.9.4 HTTP/2.0" 200 2885 "https://www.bottaingenieria.com.ar/wp-login.php?redirect_to=https%3A%2F%2Fwww.bottaingenieria.com.ar%2Fwp-admin%2F&autofill=1" "Mozilla/5.0 (Windows NT 10.0; Win64; x64) AppleWebKit/537.36 (KHTML, like Gecko) Chrome/150.0.0.0 Safari/537.36" "-"
216.146.27.214 - - [29/Jul/2026:07:41:30 -0300] "POST /wp-login.php HTTP/2.0" 302 0 "https://www.bottaingenieria.com.ar/wp-login.php?redirect_to=https%3A%2F%2Fwww.bottaingenieria.com.ar%2Fwp-admin%2F&autofill=1" "Mozilla/5.0 (Windows NT 10.0; Win64; x64) AppleWebKit/537.36 (KHTML, like Gecko) Chrome/150.0.0.0 Safari/537.36" "-"
159.223.102.202 - - [29/Jul/2026:07:41:49 -0300] "POST /wp-admin/admin-ajax.php?action=as_async_request_queue_runner&nonce=35e3b76064 HTTP/1.1" 499 0 "-" "WordPress/6.9.4; https://www.bottaingenieria.com.ar" "-"
216.146.27.214 - - [29/Jul/2026:07:41:49 -0300] "GET /wp-admin/ HTTP/2.0" 200 184408 "https://www.bottaingenieria.com.ar/wp-login.php?redirect_to=https%3A%2F%2Fwww.bottaingenieria.com.ar%2Fwp-admin%2F&autofill=1" "Mozilla/5.0 (Windows NT 10.0; Win64; x64) AppleWebKit/537.36 (KHTML, like Gecko) Chrome/150.0.0.0 Safari/537.36" "-"
216.146.27.214 - - [29/Jul/2026:07:41:50 -0300] "GET /wp-admin/load-styles.php?c=0&dir=ltr&load%5Bchunk_0%5D=dashicons,admin-bar,site-health,common,forms,admin-menu,dashboard,list-tables,edit,revisions,media,themes,about,nav-menus,wp-poi&load%5Bchunk_1%5D=nter,widgets,site-icon,l10n,buttons,wp-auth-check,wp-components,wp-commands,editor-buttons&ver=6.9.4 HTTP/2.0" 200 112704 "https://www.bottaingenieria.com.ar/wp-admin/" "Mozilla/5.0 (Windows NT 10.0; Win64; x64) AppleWebKit/537.36 (KHTML, like Gecko) Chrome/150.0.0.0 Safari/537.36" "-"
198.244.168.131 - - [29/Jul/2026:07:41:57 -0300] "GET /robots.txt HTTP/2.0" 200 141 "-" "Mozilla/5.0 (compatible; AhrefsBot/7.0; +http://ahrefs.com/robot/)" "-"
216.146.27.214 - - [29/Jul/2026:07:42:00 -0300] "GET /wp-admin/load-scripts.php?c=0&load%5Bchunk_0%5D=wp-hooks,jquery-core,jquery-migrate,utils&ver=6.9.4 HTTP/2.0" 200 35378 "https://www.bottaingenieria.com.ar/wp-admin/" "Mozilla/5.0 (Windows NT 10.0; Win64; x64) AppleWebKit/537.36 (KHTML, like Gecko) Chrome/150.0.0.0 Safari/537.36" "-"
216.146.27.214 - - [29/Jul/2026:07:42:02 -0300] "GET /wp-admin/load-scripts.php?c=0&load%5Bchunk_0%5D=hoverIntent,wp-dom-ready&ver=6.9.4 HTTP/2.0" 200 866 "https://www.bottaingenieria.com.ar/wp-admin/" "Mozilla/5.0 (Windows NT 10.0; Win64; x64) AppleWebKit/537.36 (KHTML, like Gecko) Chrome/150.0.0.0 Safari/537.36" "-"
216.146.27.214 - - [29/Jul/2026:07:42:02 -0300] "GET /wp-admin/js/common.min.js?ver=6.9.4 HTTP/2.0" 200 7432 "https://www.bottaingenieria.com.ar/wp-admin/" "Mozilla/5.0 (Windows NT 10.0; Win64; x64) AppleWebKit/537.36 (KHTML, like Gecko) Chrome/150.0.0.0 Safari/537.36" "-"
216.146.27.214 - - [29/Jul/2026:07:42:03 -0300] "GET /wp-admin/js/site-health.min.js?ver=6.9.4 HTTP/2.0" 200 2015 "https://www.bottaingenieria.com.ar/wp-admin/" "Mozilla/5.0 (Windows NT 10.0; Win64; x64) AppleWebKit/537.36 (KHTML, like Gecko) Chrome/150.0.0.0 Safari/537.36" "-"
216.146.27.214 - - [29/Jul/2026:07:42:04 -0300] "GET /wp-admin/js/edit-comments.min.js?ver=6.9.4 HTTP/2.0" 200 4906 "https://www.bottaingenieria.com.ar/wp-admin/" "Mozilla/5.0 (Windows NT 10.0; Win64; x64) AppleWebKit/537.36 (KHTML, like Gecko) Chrome/150.0.0.0 Safari/537.36" "-"
216.146.27.214 - - [29/Jul/2026:07:42:04 -0300] "GET /wp-admin/js/postbox.min.js?ver=6.9.4 HTTP/2.0" 200 2057 "https://www.bottaingenieria.com.ar/wp-admin/" "Mozilla/5.0 (Windows NT 10.0; Win64; x64) AppleWebKit/537.36 (KHTML, like Gecko) Chrome/150.0.0.0 Safari/537.36" "-"
216.146.27.214 - - [29/Jul/2026:07:42:05 -0300] "GET /wp-admin/js/dashboard.min.js?ver=6.9.4 HTTP/2.0" 200 2862 "https://www.bottaingenieria.com.ar/wp-admin/" "Mozilla/5.0 (Windows NT 10.0; Win64; x64) AppleWebKit/537.36 (KHTML, like Gecko) Chrome/150.0.0.0 Safari/537.36" "-"
216.146.27.214 - - [29/Jul/2026:07:42:06 -0300] "GET /wp-admin/js/plugin-install.min.js?ver=6.9.4 HTTP/2.0" 200 905 "https://www.bottaingenieria.com.ar/wp-admin/" "Mozilla/5.0 (Windows NT 10.0; Win64; x64) AppleWebKit/537.36 (KHTML, like Gecko) Chrome/150.0.0.0 Safari/537.36" "-"
216.146.27.214 - - [29/Jul/2026:07:42:06 -0300] "GET /wp-admin/js/updates.min.js?ver=6.9.4 HTTP/2.0" 200 9698 "https://www.bottaingenieria.com.ar/wp-admin/" "Mozilla/5.0 (Windows NT 10.0; Win64; x64) AppleWebKit/537.36 (KHTML, like Gecko) Chrome/150.0.0.0 Safari/537.36" "-"
216.146.27.214 - - [29/Jul/2026:07:42:07 -0300] "GET /wp-admin/js/media-upload.min.js?ver=6.9.4 HTTP/2.0" 200 541 "https://www.bottaingenieria.com.ar/wp-admin/" "Mozilla/5.0 (Windows NT 10.0; Win64; x64) AppleWebKit/537.36 (KHTML, like Gecko) Chrome/150.0.0.0 Safari/537.36" "-"
216.146.27.214 - - [29/Jul/2026:07:42:07 -0300] "GET /wp-admin/js/svg-painter.js?ver=6.9.4 HTTP/2.0" 200 1111 "https://www.bottaingenieria.com.ar/wp-admin/" "Mozilla/5.0 (Windows NT 10.0; Win64; x64) AppleWebKit/537.36 (KHTML, like Gecko) Chrome/150.0.0.0 Safari/537.36" "-"
159.223.102.202 - - [29/Jul/2026:07:42:19 -0300] "POST /wp-cron.php?doing_wp_cron=1785321739.8645789623260498046875 HTTP/1.1" 200 11 "-" "WordPress/6.9.4; https://www.bottaingenieria.com.ar" "-"
216.146.27.214 - - [29/Jul/2026:07:42:19 -0300] "GET /wp-json/wp/v2/users/me?context=edit&_locale=user HTTP/2.0" 200 1151 "https://www.bottaingenieria.com.ar/wp-admin/" "Mozilla/5.0 (Windows NT 10.0; Win64; x64) AppleWebKit/537.36 (KHTML, like Gecko) Chrome/150.0.0.0 Safari/537.36" "-"
216.146.27.214 - - [29/Jul/2026:07:42:24 -0300] "GET /wp-admin/js/editor.min.js?ver=6.9.4 HTTP/2.0" 200 4504 "https://www.bottaingenieria.com.ar/wp-admin/" "Mozilla/5.0 (Windows NT 10.0; Win64; x64) AppleWebKit/537.36 (KHTML, like Gecko) Chrome/150.0.0.0 Safari/537.36" "-"
216.146.27.214 - - [29/Jul/2026:07:42:32 -0300] "POST /wp-admin/admin-ajax.php HTTP/2.0" 200 291 "https://www.bottaingenieria.com.ar/wp-admin/" "Mozilla/5.0 (Windows NT 10.0; Win64; x64) AppleWebKit/537.36 (KHTML, like Gecko) Chrome/150.0.0.0 Safari/537.36" "-"
216.146.27.214 - - [29/Jul/2026:07:42:32 -0300] "GET /wp-admin/admin-ajax.php?action=dashboard-widgets&widget=dashboard_primary&pagenow=dashboard HTTP/2.0" 200 314 "https://www.bottaingenieria.com.ar/wp-admin/" "Mozilla/5.0 (Windows NT 10.0; Win64; x64) AppleWebKit/537.36 (KHTML, like Gecko) Chrome/150.0.0.0 Safari/537.36" "-"
190.11.58.55 - - [29/Jul/2026:07:42:54 -0300] "POST /testbot/HVidD74XP83CP8wXsd/bridgesisbotsgt.php HTTP/1.1" 200 45 "-" "-" "-"
159.223.102.202 - - [29/Jul/2026:07:43:38 -0300] "POST /wp-cron.php?doing_wp_cron=1785321818.7623989582061767578125 HTTP/1.1" 200 11 "-" "WordPress/6.9.4; https://www.bottaingenieria.com.ar" "-"
216.244.66.236 - - [29/Jul/2026:07:43:39 -0300] "GET /category/sin-categoria/ HTTP/1.1" 200 647023 "-" "Mozilla/5.0 (compatible; DotBot/1.2; +https://opensiteexplorer.org/dotbot; help@moz.com)" "-"
159.223.102.202 - - [29/Jul/2026:07:44:33 -0300] "POST /wp-cron.php?doing_wp_cron=1785321873.2885370254516601562500 HTTP/1.1" 200 11 "-" "WordPress/6.9.4; https://www.bottaingenieria.com.ar" "-"
216.146.27.214 - - [29/Jul/2026:07:44:33 -0300] "POST /wp-admin/admin-ajax.php HTTP/2.0" 200 51 "https://www.bottaingenieria.com.ar/wp-admin/" "Mozilla/5.0 (Windows NT 10.0; Win64; x64) AppleWebKit/537.36 (KHTML, like Gecko) Chrome/150.0.0.0 Safari/537.36" "-"
190.11.58.55 - - [29/Jul/2026:07:45:14 -0300] "POST /testbot/HVidD74XP83CP8wXsd/bridgesisbotsgt.php HTTP/1.1" 200 45 "-" "-" "-"
190.11.58.55 - - [29/Jul/2026:07:45:14 -0300] "POST /testbot/HVidD74XP83CP8wXsd/bridgesisbotsgt.php HTTP/1.1" 200 45 "-" "-" "-"
190.11.58.55 - - [29/Jul/2026:07:45:17 -0300] "POST /testbot/HVidD74XP83CP8wXsd/bridgesisbotsgt.php HTTP/1.1" 200 45 "-" "-" "-"
190.11.58.55 - - [29/Jul/2026:07:45:21 -0300] "POST /testbot/HVidD74XP83CP8wXsd/bridgesisbotsgt.php HTTP/1.1" 200 45 "-" "-" "-"
159.223.102.202 - - [29/Jul/2026:07:46:34 -0300] "POST /wp-cron.php?doing_wp_cron=1785321994.2274050712585449218750 HTTP/1.1" 200 11 "-" "WordPress/6.9.4; https://www.bottaingenieria.com.ar" "-"
216.146.27.214 - - [29/Jul/2026:07:46:34 -0300] "POST /wp-admin/admin-ajax.php HTTP/2.0" 200 51 "https://www.bottaingenieria.com.ar/wp-admin/" "Mozilla/5.0 (Windows NT 10.0; Win64; x64) AppleWebKit/537.36 (KHTML, like Gecko) Chrome/150.0.0.0 Safari/537.36" "-"
52.167.144.213 - - [29/Jul/2026:07:46:34 -0300] "GET /wp-sitemap-posts-post-1.xml HTTP/2.0" 200 292 "-" "Mozilla/5.0 AppleWebKit/537.36 (KHTML, like Gecko; compatible; bingbot/2.0; +http://www.bing.com/bingbot.htm) Chrome/116.0.1938.76 Safari/537.36" "-"
190.11.58.55 - - [29/Jul/2026:07:46:40 -0300] "POST /testbot/HVidD74XP83CP8wXsd/bridgesisbotsgt.php HTTP/1.1" 200 45 "-" "-" "-"
159.223.102.202 - - [29/Jul/2026:07:47:08 -0300] "POST /wp-cron.php?doing_wp_cron=1785322028.2698500156402587890625 HTTP/1.1" 200 11 "-" "WordPress/6.9.4; https://www.bottaingenieria.com.ar" "-"
40.77.167.79 - - [29/Jul/2026:07:47:08 -0300] "GET /osobennosti-dzhekpota-1vin-kak-vyigrat-krupno/ HTTP/2.0" 200 152510 "-" "Mozilla/5.0 AppleWebKit/537.36 (KHTML, like Gecko; compatible; bingbot/2.0; +http://www.bing.com/bingbot.htm) Chrome/116.0.1938.76 Safari/537.36" "-"
216.146.27.214 - - [29/Jul/2026:07:47:14 -0300] "GET /wp-admin/plugins.php HTTP/2.0" 499 0 "https://www.bottaingenieria.com.ar/wp-admin/" "Mozilla/5.0 (Windows NT 10.0; Win64; x64) AppleWebKit/537.36 (KHTML, like Gecko) Chrome/150.0.0.0 Safari/537.36" "-"
216.146.27.214 - - [29/Jul/2026:07:47:16 -0300] "GET /wp-admin/plugins.php HTTP/2.0" 200 234656 "https://www.bottaingenieria.com.ar/wp-admin/" "Mozilla/5.0 (Windows NT 10.0; Win64; x64) AppleWebKit/537.36 (KHTML, like Gecko) Chrome/150.0.0.0 Safari/537.36" "-"
216.146.27.214 - - [29/Jul/2026:07:47:17 -0300] "GET /wp-admin/load-styles.php?c=0&dir=ltr&load%5Bchunk_0%5D=dashicons,admin-bar,common,forms,admin-menu,dashboard,list-tables,edit,revisions,media,themes,about,nav-menus,wp-pointer,widgets&load%5Bchunk_1%5D=,site-icon,l10n,buttons,wp-auth-check,wp-components,wp-commands,editor-buttons&ver=6.9.4 HTTP/2.0" 200 111764 "https://www.bottaingenieria.com.ar/wp-admin/plugins.php" "Mozilla/5.0 (Windows NT 10.0; Win64; x64) AppleWebKit/537.36 (KHTML, like Gecko) Chrome/150.0.0.0 Safari/537.36" "-"
216.146.27.214 - - [29/Jul/2026:07:47:18 -0300] "GET /wp-admin/load-scripts.php?c=0&load%5Bchunk_0%5D=wp-hooks,jquery-core,jquery-migrate,utils&ver=6.9.4 HTTP/2.0" 200 35378 "https://www.bottaingenieria.com.ar/wp-admin/plugins.php" "Mozilla/5.0 (Windows NT 10.0; Win64; x64) AppleWebKit/537.36 (KHTML, like Gecko) Chrome/150.0.0.0 Safari/537.36" "-"
216.146.27.214 - - [29/Jul/2026:07:47:20 -0300] "GET /wp-admin/load-scripts.php?c=0&load%5Bchunk_0%5D=hoverIntent,wp-dom-ready&ver=6.9.4 HTTP/2.0" 200 866 "https://www.bottaingenieria.com.ar/wp-admin/plugins.php" "Mozilla/5.0 (Windows NT 10.0; Win64; x64) AppleWebKit/537.36 (KHTML, like Gecko) Chrome/150.0.0.0 Safari/537.36" "-"
216.146.27.214 - - [29/Jul/2026:07:47:21 -0300] "GET /wp-admin/images/spinner.gif HTTP/2.0" 200 2050 "https://www.bottaingenieria.com.ar/wp-admin/load-styles.php?c=0&dir=ltr&load%5Bchunk_0%5D=dashicons,admin-bar,common,forms,admin-menu,dashboard,list-tables,edit,revisions,media,themes,about,nav-menus,wp-pointer,widgets&load%5Bchunk_1%5D=,site-icon,l10n,buttons,wp-auth-check,wp-components,wp-commands,editor-buttons&ver=6.9.4" "Mozilla/5.0 (Windows NT 10.0; Win64; x64) AppleWebKit/537.36 (KHTML, like Gecko) Chrome/150.0.0.0 Safari/537.36" "-"
216.146.27.214 - - [29/Jul/2026:07:47:21 -0300] "GET /wp-admin/js/common.min.js?ver=6.9.4 HTTP/2.0" 200 7432 "https://www.bottaingenieria.com.ar/wp-admin/plugins.php" "Mozilla/5.0 (Windows NT 10.0; Win64; x64) AppleWebKit/537.36 (KHTML, like Gecko) Chrome/150.0.0.0 Safari/537.36" "-"
216.146.27.214 - - [29/Jul/2026:07:47:23 -0300] "GET /wp-admin/js/updates.min.js?ver=6.9.4 HTTP/2.0" 200 9698 "https://www.bottaingenieria.com.ar/wp-admin/plugins.php" "Mozilla/5.0 (Windows NT 10.0; Win64; x64) AppleWebKit/537.36 (KHTML, like Gecko) Chrome/150.0.0.0 Safari/537.36" "-"
216.146.27.214 - - [29/Jul/2026:07:47:24 -0300] "GET /wp-admin/js/plugin-install.min.js?ver=6.9.4 HTTP/2.0" 200 905 "https://www.bottaingenieria.com.ar/wp-admin/plugins.php" "Mozilla/5.0 (Windows NT 10.0; Win64; x64) AppleWebKit/537.36 (KHTML, like Gecko) Chrome/150.0.0.0 Safari/537.36" "-"
216.146.27.214 - - [29/Jul/2026:07:47:24 -0300] "GET /wp-admin/js/svg-painter.js?ver=6.9.4 HTTP/2.0" 200 1111 "https://www.bottaingenieria.com.ar/wp-admin/plugins.php" "Mozilla/5.0 (Windows NT 10.0; Win64; x64) AppleWebKit/537.36 (KHTML, like Gecko) Chrome/150.0.0.0 Safari/537.36" "-"
216.146.27.214 - - [29/Jul/2026:07:47:26 -0300] "GET /wp-admin/plugin-install.php HTTP/2.0" 200 154050 "https://www.bottaingenieria.com.ar/wp-admin/plugins.php" "Mozilla/5.0 (Windows NT 10.0; Win64; x64) AppleWebKit/537.36 (KHTML, like Gecko) Chrome/150.0.0.0 Safari/537.36" "-"
216.146.27.214 - - [29/Jul/2026:07:47:29 -0300] "GET /wp-admin/js/editor.min.js?ver=6.9.4 HTTP/2.0" 200 4504 "https://www.bottaingenieria.com.ar/wp-admin/plugin-install.php" "Mozilla/5.0 (Windows NT 10.0; Win64; x64) AppleWebKit/537.36 (KHTML, like Gecko) Chrome/150.0.0.0 Safari/537.36" "-"
216.146.27.214 - - [29/Jul/2026:07:47:30 -0300] "GET /wp-admin/js/media-upload.min.js?ver=6.9.4 HTTP/2.0" 200 541 "https://www.bottaingenieria.com.ar/wp-admin/plugin-install.php" "Mozilla/5.0 (Windows NT 10.0; Win64; x64) AppleWebKit/537.36 (KHTML, like Gecko) Chrome/150.0.0.0 Safari/537.36" "-"
216.146.27.214 - - [29/Jul/2026:07:47:30 -0300] "GET /wp-json/wp/v2/users/me?context=edit&_locale=user HTTP/2.0" 200 1151 "https://www.bottaingenieria.com.ar/wp-admin/plugin-install.php" "Mozilla/5.0 (Windows NT 10.0; Win64; x64) AppleWebKit/537.36 (KHTML, like Gecko) Chrome/150.0.0.0 Safari/537.36" "-"
216.146.27.214 - - [29/Jul/2026:07:47:37 -0300] "POST /wp-admin/admin-ajax.php HTTP/2.0" 200 7899 "https://www.bottaingenieria.com.ar/wp-admin/plugin-install.php?s=file&tab=search&type=term" "Mozilla/5.0 (Windows NT 10.0; Win64; x64) AppleWebKit/537.36 (KHTML, like Gecko) Chrome/150.0.0.0 Safari/537.36" "-"
190.11.58.55 - - [29/Jul/2026:07:51:32 -0300] "GET /accesostock/accesoaplicacion.php?name=danilo_111&pass=XuSM9TXEPjGZEp3sArE35sHor HTTP/1.1" 301 162 "-" "-" "-"
190.11.58.55 - - [29/Jul/2026:07:54:04 -0300] "POST /testbot/HVidD74XP83CP8wXsd/bridgesisbotsgt.php HTTP/1.1" 200 45 "-" "-" "-"
190.11.58.55 - - [29/Jul/2026:07:55:01 -0300] "POST /testbot/HVidD74XP83CP8wXsd/bridgesisbotsgt.php HTTP/1.1" 200 45 "-" "-" "-"
190.11.58.55 - - [29/Jul/2026:07:55:11 -0300] "POST /testbot/HVidD74XP83CP8wXsd/bridgesisbotsgt.php HTTP/1.1" 200 45 "-" "-" "-"
190.11.58.55 - - [29/Jul/2026:07:55:11 -0300] "POST /testbot/HVidD74XP83CP8wXsd/bridgesisbotsgt.php HTTP/1.1" 200 45 "-" "-" "-"
159.223.102.202 - - [29/Jul/2026:07:55:18 -0300] "POST /wp-cron.php?doing_wp_cron=1785322518.7451529502868652343750 HTTP/1.1" 200 11 "-" "WordPress/6.9.4; https://www.bottaingenieria.com.ar" "-"
1.14.110.85 - - [29/Jul/2026:07:55:19 -0300] "GET / HTTP/1.1" 200 184417 "http://bottaingenieria.com.ar" "Mozilla/5.0 (iPhone; CPU iPhone OS 13_2_3 like Mac OS X) AppleWebKit/605.1.15 (KHTML, like Gecko) Version/13.0.3 Mobile/15E148 Safari/604.1" "-"
190.11.58.55 - - [29/Jul/2026:07:55:45 -0300] "POST /testbot/HVidD74XP83CP8wXsd/bridgesisbotsgt.php HTTP/1.1" 200 45 "-" "-" "-"
190.11.58.55 - - [29/Jul/2026:07:56:48 -0300] "POST /testbot/HVidD74XP83CP8wXsd/bridgesisbotsgt.php HTTP/1.1" 200 45 "-" "-" "-"
185.223.152.61 - - [29/Jul/2026:07:59:09 -0300] "GET // HTTP/1.1" 301 162 "-" "Mozilla/5.0 (Macintosh; Intel Mac OS X 10_15_7) AppleWebKit/537.36 (KHTML, like Gecko) Chrome/125.0.0.0 Safari/537.36" "-"
159.223.102.202 - - [29/Jul/2026:07:59:11 -0300] "POST /wp-cron.php?doing_wp_cron=1785322751.0426919460296630859375 HTTP/1.1" 200 11 "-" "WordPress/6.9.4; https://www.bottaingenieria.com.ar" "-"
185.223.152.43 - - [29/Jul/2026:07:59:11 -0300] "GET // HTTP/1.1" 301 5 "-" "Mozilla/5.0 (Macintosh; Intel Mac OS X 10_15_7) AppleWebKit/537.36 (KHTML, like Gecko) Chrome/125.0.0.0 Safari/537.36" "-"
185.223.152.43 - - [29/Jul/2026:07:59:12 -0300] "GET / HTTP/1.1" 200 184410 "-" "Mozilla/5.0 (Macintosh; Intel Mac OS X 10_15_7) AppleWebKit/537.36 (KHTML, like Gecko) Chrome/125.0.0.0 Safari/537.36" "-"
185.223.152.61 - - [29/Jul/2026:07:59:13 -0300] "POST //wp-json/batch/v1 HTTP/1.1" 301 162 "-" "Mozilla/5.0 (Windows NT 10.0; Win64; x64; rv:126.0) Gecko/20100101 Firefox/126.0" "-"
185.223.152.43 - - [29/Jul/2026:07:59:13 -0300] "GET //wp-json/batch/v1 HTTP/1.1" 404 152 "-" "Mozilla/5.0 (Windows NT 10.0; Win64; x64; rv:126.0) Gecko/20100101 Firefox/126.0" "-"
185.223.152.61 - - [29/Jul/2026:07:59:14 -0300] "POST //?rest_route=/batch/v1 HTTP/1.1" 301 162 "-" "Mozilla/5.0 (Windows NT 10.0; Win64; x64; rv:126.0) Gecko/20100101 Firefox/126.0" "-"
185.223.152.43 - - [29/Jul/2026:07:59:15 -0300] "GET //?rest_route=/batch/v1?rest_route=/batch/v1 HTTP/1.1" 404 152 "-" "Mozilla/5.0 (Windows NT 10.0; Win64; x64; rv:126.0) Gecko/20100101 Firefox/126.0" "-"
190.11.58.55 - - [29/Jul/2026:08:00:24 -0300] "POST /testbot/HVidD74XP83CP8wXsd/bridgesisbotsgt.php HTTP/1.1" 200 45 "-" "-" "-"
190.11.58.55 - - [29/Jul/2026:08:02:39 -0300] "POST /testbot/HVidD74XP83CP8wXsd/bridgesisbotsgt.php HTTP/1.1" 200 45 "-" "-" "-"
190.11.58.55 - - [29/Jul/2026:08:04:05 -0300] "POST /testbot/HVidD74XP83CP8wXsd/bridgesisbotsgt.php HTTP/1.1" 200 45 "-" "-" "-"
190.11.58.55 - - [29/Jul/2026:08:04:43 -0300] "POST /testbot/HVidD74XP83CP8wXsd/bridgesisbotsgt.php HTTP/1.1" 200 45 "-" "-" "-"
45.182.220.14 - - [29/Jul/2026:08:05:08 -0300] "GET /accesostock/accesoaplicacion.php?name=Solo%20usuario_1&pass=rlalu5840KDlkd765%25P HTTP/1.1" 301 162 "-" "-" "-"
190.11.58.55 - - [29/Jul/2026:08:05:35 -0300] "POST /testbot/HVidD74XP83CP8wXsd/bridgesisbotsgt.php HTTP/1.1" 200 45 "-" "-" "-"
190.11.58.55 - - [29/Jul/2026:08:05:49 -0300] "POST /testbot/HVidD74XP83CP8wXsd/bridgesisbotsgt.php HTTP/1.1" 200 45 "-" "-" "-"
190.11.58.55 - - [29/Jul/2026:08:07:23 -0300] "POST /testbot/HVidD74XP83CP8wXsd/bridgesisbotsgt.php HTTP/1.1" 200 45 "-" "-" "-"
186.123.156.211 - - [29/Jul/2026:08:07:59 -0300] "GET /accesostock/accesoaplicacion.php?name=emiliano_125&pass=XuSM9TXEPjGZEp3sArE35sHor HTTP/1.1" 301 162 "-" "-" "-"
190.11.58.55 - - [29/Jul/2026:08:10:57 -0300] "POST /testbot/HVidD74XP83CP8wXsd/bridgesisbotsgt.php HTTP/1.1" 200 45 "-" "-" "-"
159.223.102.202 - - [29/Jul/2026:08:11:19 -0300] "POST /wp-cron.php?doing_wp_cron=1785323479.8228631019592285156250 HTTP/1.1" 200 11 "-" "WordPress/6.9.4; https://www.bottaingenieria.com.ar" "-"
185.223.152.52 - - [29/Jul/2026:08:11:19 -0300] "GET // HTTP/1.1" 301 5 "-" "Mozilla/5.0 (X11; Linux x86_64) AppleWebKit/537.36 (KHTML, like Gecko) Chrome/125.0.0.0 Safari/537.36" "-"
185.223.152.52 - - [29/Jul/2026:08:11:21 -0300] "GET / HTTP/1.1" 200 184410 "-" "Mozilla/5.0 (X11; Linux x86_64) AppleWebKit/537.36 (KHTML, like Gecko) Chrome/125.0.0.0 Safari/537.36" "-"
185.223.152.52 - - [29/Jul/2026:08:11:24 -0300] "GET //wp-json/batch/v1 HTTP/1.1" 404 152 "-" "Mozilla/5.0 (X11; Linux x86_64) AppleWebKit/537.36 (KHTML, like Gecko) Chrome/125.0.0.0 Safari/537.36" "-"
185.223.152.52 - - [29/Jul/2026:08:11:25 -0300] "GET //?rest_route=/batch/v1 HTTP/1.1" 404 152 "-" "Mozilla/5.0 (X11; Linux x86_64) AppleWebKit/537.36 (KHTML, like Gecko) Chrome/125.0.0.0 Safari/537.36" "-"
190.11.58.55 - - [29/Jul/2026:08:14:42 -0300] "POST /testbot/HVidD74XP83CP8wXsd/bridgesisbotsgt.php HTTP/1.1" 200 45 "-" "-" "-"
190.11.58.55 - - [29/Jul/2026:08:16:03 -0300] "POST /testbot/HVidD74XP83CP8wXsd/bridgesisbotsgt.php HTTP/1.1" 200 45 "-" "-" "-"
159.223.102.202 - - [29/Jul/2026:08:16:28 -0300] "POST /wp-cron.php?doing_wp_cron=1785323788.6392230987548828125000 HTTP/1.1" 200 11 "-" "WordPress/6.9.4; https://www.bottaingenieria.com.ar" "-"
34.96.41.186 - - [29/Jul/2026:08:16:28 -0300] "GET / HTTP/1.1" 200 158480 "-" "Mozilla/5.0 (Windows NT 10.0; Win64; x64) AppleWebKit/537.36 (KHTML, like Gecko) Chrome/121.0.0.0 Safari/537.36" "-"
190.11.58.55 - - [29/Jul/2026:08:16:29 -0300] "POST /testbot/HVidD74XP83CP8wXsd/bridgesisbotsgt.php HTTP/1.1" 200 45 "-" "-" "-"
34.96.41.186 - - [29/Jul/2026:08:16:36 -0300] "GET / HTTP/1.1" 200 158480 "-" "Mozilla/5.0 (Windows NT 10.0; Win64; x64) AppleWebKit/537.36 (KHTML, like Gecko) Chrome/121.0.0.0 Safari/537.36" "-"
190.11.58.55 - - [29/Jul/2026:08:17:18 -0300] "POST /testbot/HVidD74XP83CP8wXsd/bridgesisbotsgt.php HTTP/1.1" 200 45 "-" "-" "-"
159.223.102.202 - - [29/Jul/2026:08:18:15 -0300] "POST /wp-cron.php?doing_wp_cron=1785323895.7710540294647216796875 HTTP/1.1" 200 11 "-" "WordPress/6.9.4; https://www.bottaingenieria.com.ar" "-"
191.233.194.39 - - [29/Jul/2026:08:18:16 -0300] "GET /arca/ HTTP/2.0" 200 152678 "-" "Mozilla/5.0 AppleWebKit/537.36 (KHTML, like Gecko); compatible; ChatGPT-User/1.0; +https://openai.com/bot" "-"
74.7.175.135 - - [29/Jul/2026:08:18:39 -0300] "GET /robots.txt HTTP/2.0" 200 141 "-" "Mozilla/5.0 (Macintosh; Intel Mac OS X 10_15_7) AppleWebKit/537.36 (KHTML, like Gecko) Chrome/131.0.0.0 Safari/537.36; compatible; OAI-SearchBot/1.4; robots.txt; +https://openai.com/searchbot" "-"
216.73.216.175 - - [29/Jul/2026:08:18:42 -0300] "GET /robots.txt HTTP/2.0" 200 141 "-" "Mozilla/5.0 AppleWebKit/537.36 (KHTML, like Gecko; compatible; ClaudeBot/1.0; +claudebot@anthropic.com)" "-"
216.73.216.175 - - [29/Jul/2026:08:18:42 -0300] "GET /wp-sitemap.xml HTTP/2.0" 200 194 "-" "Mozilla/5.0 AppleWebKit/537.36 (KHTML, like Gecko; compatible; ClaudeBot/1.0; +claudebot@anthropic.com)" "-"
190.11.58.55 - - [29/Jul/2026:08:19:54 -0300] "POST /testbot/HVidD74XP83CP8wXsd/bridgesisbotsgt.php HTTP/1.1" 200 45 "-" "-" "-"
190.11.58.55 - - [29/Jul/2026:08:20:16 -0300] "POST /testbot/HVidD74XP83CP8wXsd/bridgesisbotsgt.php HTTP/1.1" 200 45 "-" "-" "-"
190.11.58.55 - - [29/Jul/2026:08:22:06 -0300] "POST /testbot/HVidD74XP83CP8wXsd/bridgesisbotsgt.php HTTP/1.1" 200 45 "-" "-" "-"
190.11.58.55 - - [29/Jul/2026:08:24:25 -0300] "POST /testbot/HVidD74XP83CP8wXsd/bridgesisbotsgt.php HTTP/1.1" 200 45 "-" "-" "-"
190.11.58.55 - - [29/Jul/2026:08:24:36 -0300] "POST /testbot/HVidD74XP83CP8wXsd/bridgesisbotsgt.php HTTP/1.1" 200 45 "-" "-" "-"
190.11.58.55 - - [29/Jul/2026:08:29:32 -0300] "POST /testbot/HVidD74XP83CP8wXsd/bridgesisbotsgt.php HTTP/1.1" 200 45 "-" "-" "-"
190.11.58.55 - - [29/Jul/2026:08:31:11 -0300] "POST /testbot/HVidD74XP83CP8wXsd/bridgesisbotsgt.php HTTP/1.1" 200 45 "-" "-" "-"
190.11.58.55 - - [29/Jul/2026:08:31:25 -0300] "POST /testbot/HVidD74XP83CP8wXsd/bridgesisbotsgt.php HTTP/1.1" 200 45 "-" "-" "-"
190.11.58.55 - - [29/Jul/2026:08:31:40 -0300] "POST /testbot/HVidD74XP83CP8wXsd/bridgesisbotsgt.php HTTP/1.1" 200 45 "-" "-" "-"
190.11.58.55 - - [29/Jul/2026:08:32:29 -0300] "POST /testbot/HVidD74XP83CP8wXsd/bridgesisbotsgt.php HTTP/1.1" 200 45 "-" "-" "-"
190.11.58.55 - - [29/Jul/2026:08:32:41 -0300] "POST /testbot/HVidD74XP83CP8wXsd/bridgesisbotsgt.php HTTP/1.1" 200 45 "-" "-" "-"
159.223.102.202 - - [29/Jul/2026:08:35:04 -0300] "POST /wp-cron.php?doing_wp_cron=1785324904.9117810726165771484375 HTTP/1.1" 200 11 "-" "WordPress/6.9.4; https://www.bottaingenieria.com.ar" "-"
51.83.9.87 - - [29/Jul/2026:08:35:04 -0300] "GET /robots.txt HTTP/1.1" 200 288 "-" "Mozilla/5.0 (compatible; MJ12bot/v1.4.8; http://mj12bot.com/)" "-"
51.83.9.87 - - [29/Jul/2026:08:35:07 -0300] "GET /kak-ispolzovat-1xbet-bystrye-rynki-dlia-stavok-na-sport/ HTTP/1.1" 200 153145 "-" "Mozilla/5.0 (compatible; MJ12bot/v1.4.8; http://mj12bot.com/)" "-"
51.83.9.87 - - [29/Jul/2026:08:35:10 -0300] "GET /osobennosti-dzhekpota-1vin-kak-vyigrat-krupno/ HTTP/1.1" 200 152524 "-" "Mozilla/5.0 (compatible; MJ12bot/v1.4.8; http://mj12bot.com/)" "-"
190.11.58.55 - - [29/Jul/2026:08:35:22 -0300] "POST /testbot/HVidD74XP83CP8wXsd/bridgesisbotsgt.php HTTP/1.1" 200 45 "-" "-" "-"
190.11.58.55 - - [29/Jul/2026:08:37:30 -0300] "POST /testbot/HVidD74XP83CP8wXsd/bridgesisbotsgt.php HTTP/1.1" 200 45 "-" "-" "-"
45.182.220.14 - - [29/Jul/2026:08:38:00 -0300] "GET /accesostock/accesoaplicacion.php?name=Solo%20usuario_1&pass=rlalu5840KDlkd765%25P HTTP/1.1" 301 162 "-" "-" "-"
