192.42.116.59 - - [29/Jul/2026:22:36:31 -0300] "GET /sge/ HTTP/2.0" 200 200178 "http://bottaingenieria.com.ar/sge" "Mozilla/5.0 (Linux; Android 9; VS996) AppleWebKit/537.36 (KHTML, like Gecko) Chrome/81.0.4044.138 Mobile Safari/537.36" "-"
45.84.107.97 - - [29/Jul/2026:22:36:38 -0300] "GET /sgt HTTP/2.0" 404 183741 "http://bottaingenieria.com.ar/sgt" "Mozilla/5.0 (Linux; Android 9; VS996) AppleWebKit/537.36 (KHTML, like Gecko) Chrome/81.0.4044.138 Mobile Safari/537.36" "-"
23.26.47.103 - - [29/Jul/2026:22:36:38 -0300] "GET /wp-login.php HTTP/2.0" 200 2668 "-" "Mozilla/5.0 (Windows NT 10.0; Win64; x64) AppleWebKit/537.36 (KHTML, like Gecko) Chrome/145.0.0.0 Safari/537.36" "-"
45.84.107.97 - - [29/Jul/2026:22:36:40 -0300] "GET / HTTP/2.0" 200 240849 "https://www.bottaingenieria.com.ar" "Mozilla/5.0 (Linux; Android 9; VS996) AppleWebKit/537.36 (KHTML, like Gecko) Chrome/81.0.4044.138 Mobile Safari/537.36" "-"
192.42.116.145 - - [29/Jul/2026:22:36:43 -0300] "GET /arca HTTP/2.0" 301 0 "https://www.bottaingenieria.com.ar/arca" "Mozilla/5.0 (Linux; Android 9; VS996) AppleWebKit/537.36 (KHTML, like Gecko) Chrome/81.0.4044.138 Mobile Safari/537.36" "-"
23.26.47.103 - - [29/Jul/2026:22:36:43 -0300] "POST /wp-login.php HTTP/2.0" 302 0 "https://www.bottaingenieria.com.ar/wp-login.php" "Mozilla/5.0 (Windows NT 10.0; Win64; x64) AppleWebKit/537.36 (KHTML, like Gecko) Chrome/145.0.0.0 Safari/537.36" "-"
192.42.116.145 - - [29/Jul/2026:22:36:44 -0300] "GET /arca/ HTTP/2.0" 200 177772 "https://www.bottaingenieria.com.ar/arca" "Mozilla/5.0 (Linux; Android 9; VS996) AppleWebKit/537.36 (KHTML, like Gecko) Chrome/81.0.4044.138 Mobile Safari/537.36" "-"
23.26.47.103 - - [29/Jul/2026:22:36:47 -0300] "GET /wp-admin/ HTTP/2.0" 200 78495 "https://www.bottaingenieria.com.ar/wp-login.php" "Mozilla/5.0 (Windows NT 10.0; Win64; x64) AppleWebKit/537.36 (KHTML, like Gecko) Chrome/145.0.0.0 Safari/537.36" "-"
192.42.116.145 - - [29/Jul/2026:22:36:47 -0300] "POST /wp-comments-post.php HTTP/2.0" 302 0 "https://www.bottaingenieria.com.ar/wp-comments-post.php" "Mozilla/5.0 (Linux; Android 9; VS996) AppleWebKit/537.36 (KHTML, like Gecko) Chrome/81.0.4044.138 Mobile Safari/537.36" "-"
192.42.116.145 - - [29/Jul/2026:22:36:48 -0300] "GET /arca/ HTTP/2.0" 200 177772 "https://www.bottaingenieria.com.ar/wp-comments-post.php" "Mozilla/5.0 (Linux; Android 9; VS996) AppleWebKit/537.36 (KHTML, like Gecko) Chrome/81.0.4044.138 Mobile Safari/537.36" "-"
23.26.47.103 - - [29/Jul/2026:22:36:54 -0300] "GET /wp-admin/user-new.php HTTP/2.0" 200 41860 "https://www.bottaingenieria.com.ar/wp-login.php" "Mozilla/5.0 (Windows NT 10.0; Win64; x64) AppleWebKit/537.36 (KHTML, like Gecko) Chrome/145.0.0.0 Safari/537.36" "-"
109.70.100.10 - - [29/Jul/2026:22:36:56 -0300] "GET /bfact HTTP/2.0" 301 0 "https://www.bottaingenieria.com.ar/bfact" "Mozilla/5.0 (Linux; Android 9; VS996) AppleWebKit/537.36 (KHTML, like Gecko) Chrome/81.0.4044.138 Mobile Safari/537.36" "-"
23.26.47.103 - - [29/Jul/2026:22:37:00 -0300] "POST /wp-admin/user-new.php HTTP/2.0" 200 41919 "https://www.bottaingenieria.com.ar/wp-login.php" "Mozilla/5.0 (Windows NT 10.0; Win64; x64) AppleWebKit/537.36 (KHTML, like Gecko) Chrome/145.0.0.0 Safari/537.36" "-"
109.70.100.10 - - [29/Jul/2026:22:37:03 -0300] "GET /producto/bfact/ HTTP/2.0" 200 207694 "https://www.bottaingenieria.com.ar/bfact" "Mozilla/5.0 (Linux; Android 9; VS996) AppleWebKit/537.36 (KHTML, like Gecko) Chrome/81.0.4044.138 Mobile Safari/537.36" "-"
159.223.102.202 - - [29/Jul/2026:22:37:06 -0300] "POST /wp-cron.php?doing_wp_cron=1785375426.6733069419860839843750 HTTP/1.1" 200 11 "-" "WordPress/6.9.4; https://www.bottaingenieria.com.ar" "-"
23.26.47.103 - - [29/Jul/2026:22:37:07 -0300] "GET /wp-admin/plugins.php?plugin_status=all&paged=1&s HTTP/2.0" 200 113308 "https://www.bottaingenieria.com.ar/wp-login.php" "Mozilla/5.0 (Windows NT 10.0; Win64; x64) AppleWebKit/537.36 (KHTML, like Gecko) Chrome/145.0.0.0 Safari/537.36" "-"
45.84.107.198 - - [29/Jul/2026:22:37:15 -0300] "GET /comments/feed HTTP/2.0" 301 0 "https://www.bottaingenieria.com.ar/comments/feed" "Mozilla/5.0 (Linux; Android 9; VS996) AppleWebKit/537.36 (KHTML, like Gecko) Chrome/81.0.4044.138 Mobile Safari/537.36" "-"
23.26.47.103 - - [29/Jul/2026:22:37:16 -0300] "GET /wp-admin/plugins.php HTTP/2.0" 200 113257 "https://www.bottaingenieria.com.ar/wp-login.php" "Mozilla/5.0 (Windows NT 10.0; Win64; x64) AppleWebKit/537.36 (KHTML, like Gecko) Chrome/145.0.0.0 Safari/537.36" "-"
45.84.107.198 - - [29/Jul/2026:22:37:16 -0300] "GET /comments/feed/ HTTP/2.0" 200 729 "https://www.bottaingenieria.com.ar/comments/feed" "Mozilla/5.0 (Linux; Android 9; VS996) AppleWebKit/537.36 (KHTML, like Gecko) Chrome/81.0.4044.138 Mobile Safari/537.36" "-"
45.84.107.198 - - [29/Jul/2026:22:37:18 -0300] "GET /feed HTTP/2.0" 301 0 "https://www.bottaingenieria.com.ar/feed" "Mozilla/5.0 (Linux; Android 9; VS996) AppleWebKit/537.36 (KHTML, like Gecko) Chrome/81.0.4044.138 Mobile Safari/537.36" "-"
45.84.107.198 - - [29/Jul/2026:22:37:19 -0300] "GET /feed/ HTTP/2.0" 200 36638 "https://www.bottaingenieria.com.ar/feed" "Mozilla/5.0 (Linux; Android 9; VS996) AppleWebKit/537.36 (KHTML, like Gecko) Chrome/81.0.4044.138 Mobile Safari/537.36" "-"
45.84.107.198 - - [29/Jul/2026:22:37:20 -0300] "GET /ges HTTP/2.0" 301 0 "https://www.bottaingenieria.com.ar/ges" "Mozilla/5.0 (Linux; Android 9; VS996) AppleWebKit/537.36 (KHTML, like Gecko) Chrome/81.0.4044.138 Mobile Safari/537.36" "-"
45.84.107.198 - - [29/Jul/2026:22:37:22 -0300] "GET /ges/ HTTP/2.0" 200 200346 "https://www.bottaingenieria.com.ar/ges" "Mozilla/5.0 (Linux; Android 9; VS996) AppleWebKit/537.36 (KHTML, like Gecko) Chrome/81.0.4044.138 Mobile Safari/537.36" "-"
23.26.47.103 - - [29/Jul/2026:22:37:23 -0300] "GET /wp-admin/plugin-install.php HTTP/2.0" 200 48359 "https://www.bottaingenieria.com.ar/wp-login.php" "Mozilla/5.0 (Windows NT 10.0; Win64; x64) AppleWebKit/537.36 (KHTML, like Gecko) Chrome/145.0.0.0 Safari/537.36" "-"
23.26.47.103 - - [29/Jul/2026:22:37:26 -0300] "POST /wp-admin/admin-ajax.php HTTP/2.0" 200 177 "https://www.bottaingenieria.com.ar/wp-login.php" "Mozilla/5.0 (Windows NT 10.0; Win64; x64) AppleWebKit/537.36 (KHTML, like Gecko) Chrome/145.0.0.0 Safari/537.36" "-"
23.26.47.103 - - [29/Jul/2026:22:37:30 -0300] "POST /wp-admin/admin-ajax.php HTTP/2.0" 200 155 "https://www.bottaingenieria.com.ar/wp-login.php" "Mozilla/5.0 (Windows NT 10.0; Win64; x64) AppleWebKit/537.36 (KHTML, like Gecko) Chrome/145.0.0.0 Safari/537.36" "-"
188.239.191.25 - - [29/Jul/2026:22:37:33 -0300] "GET /iaychatbots HTTP/2.0" 301 0 "https://www.bottaingenieria.com.ar/iaychatbots" "Mozilla/5.0 (Linux; Android 9; VS996) AppleWebKit/537.36 (KHTML, like Gecko) Chrome/81.0.4044.138 Mobile Safari/537.36" "-"
188.239.191.25 - - [29/Jul/2026:22:37:34 -0300] "GET /iaychatbots/ HTTP/2.0" 200 178070 "https://www.bottaingenieria.com.ar/iaychatbots" "Mozilla/5.0 (Linux; Android 9; VS996) AppleWebKit/537.36 (KHTML, like Gecko) Chrome/81.0.4044.138 Mobile Safari/537.36" "-"
188.239.191.25 - - [29/Jul/2026:22:37:36 -0300] "POST /wp-comments-post.php HTTP/2.0" 302 0 "https://www.bottaingenieria.com.ar/wp-comments-post.php" "Mozilla/5.0 (Linux; Android 9; VS996) AppleWebKit/537.36 (KHTML, like Gecko) Chrome/81.0.4044.138 Mobile Safari/537.36" "-"
188.239.191.25 - - [29/Jul/2026:22:37:38 -0300] "GET /iaychatbots/ HTTP/2.0" 200 178070 "https://www.bottaingenieria.com.ar/wp-comments-post.php" "Mozilla/5.0 (Linux; Android 9; VS996) AppleWebKit/537.36 (KHTML, like Gecko) Chrome/81.0.4044.138 Mobile Safari/537.36" "-"
23.26.47.103 - - [29/Jul/2026:22:37:38 -0300] "GET /wp-admin/plugins.php?plugin_status=all&paged=1&s HTTP/2.0" 200 113318 "https://www.bottaingenieria.com.ar/wp-login.php" "Mozilla/5.0 (Windows NT 10.0; Win64; x64) AppleWebKit/537.36 (KHTML, like Gecko) Chrome/145.0.0.0 Safari/537.36" "-"
188.239.191.25 - - [29/Jul/2026:22:37:39 -0300] "GET /kak-ispolzovat-1xbet-bystrye-rynki-dlia-stavok-na-sport HTTP/2.0" 301 0 "https://www.bottaingenieria.com.ar/kak-ispolzovat-1xbet-bystrye-rynki-dlia-stavok-na-sport" "Mozilla/5.0 (Linux; Android 9; VS996) AppleWebKit/537.36 (KHTML, like Gecko) Chrome/81.0.4044.138 Mobile Safari/537.36" "-"
188.239.191.25 - - [29/Jul/2026:22:37:40 -0300] "GET /kak-ispolzovat-1xbet-bystrye-rynki-dlia-stavok-na-sport/ HTTP/2.0" 200 180421 "https://www.bottaingenieria.com.ar/kak-ispolzovat-1xbet-bystrye-rynki-dlia-stavok-na-sport" "Mozilla/5.0 (Linux; Android 9; VS996) AppleWebKit/537.36 (KHTML, like Gecko) Chrome/81.0.4044.138 Mobile Safari/537.36" "-"
159.223.102.202 - - [29/Jul/2026:22:37:42 -0300] "POST /wp-cron.php?doing_wp_cron=1785375462.5094358921051025390625 HTTP/1.1" 200 11 "-" "WordPress/6.9.4; https://www.bottaingenieria.com.ar" "-"
188.239.191.25 - - [29/Jul/2026:22:37:42 -0300] "POST /wp-comments-post.php HTTP/2.0" 429 2598 "https://www.bottaingenieria.com.ar/wp-comments-post.php" "Mozilla/5.0 (Linux; Android 9; VS996) AppleWebKit/537.36 (KHTML, like Gecko) Chrome/81.0.4044.138 Mobile Safari/537.36" "-"
192.42.116.13 - - [29/Jul/2026:22:37:45 -0300] "GET /mi-cuenta HTTP/2.0" 301 0 "https://www.bottaingenieria.com.ar/mi-cuenta" "Mozilla/5.0 (Linux; Android 9; VS996) AppleWebKit/537.36 (KHTML, like Gecko) Chrome/81.0.4044.138 Mobile Safari/537.36" "-"
192.42.116.13 - - [29/Jul/2026:22:37:46 -0300] "GET /mi-cuenta/ HTTP/2.0" 200 203302 "https://www.bottaingenieria.com.ar/mi-cuenta" "Mozilla/5.0 (Linux; Android 9; VS996) AppleWebKit/537.36 (KHTML, like Gecko) Chrome/81.0.4044.138 Mobile Safari/537.36" "-"
192.42.116.13 - - [29/Jul/2026:22:37:49 -0300] "GET /osobennosti-dzhekpota-1vin-kak-vyigrat-krupno HTTP/2.0" 301 0 "https://www.bottaingenieria.com.ar/osobennosti-dzhekpota-1vin-kak-vyigrat-krupno" "Mozilla/5.0 (Linux; Android 9; VS996) AppleWebKit/537.36 (KHTML, like Gecko) Chrome/81.0.4044.138 Mobile Safari/537.36" "-"
192.42.116.13 - - [29/Jul/2026:22:37:50 -0300] "GET /osobennosti-dzhekpota-1vin-kak-vyigrat-krupno/ HTTP/2.0" 200 178591 "https://www.bottaingenieria.com.ar/osobennosti-dzhekpota-1vin-kak-vyigrat-krupno" "Mozilla/5.0 (Linux; Android 9; VS996) AppleWebKit/537.36 (KHTML, like Gecko) Chrome/81.0.4044.138 Mobile Safari/537.36" "-"
192.42.116.12 - - [29/Jul/2026:22:37:56 -0300] "POST /wp-comments-post.php HTTP/2.0" 302 0 "https://www.bottaingenieria.com.ar/wp-comments-post.php" "Mozilla/5.0 (Linux; Android 9; VS996) AppleWebKit/537.36 (KHTML, like Gecko) Chrome/81.0.4044.138 Mobile Safari/537.36" "-"
192.42.116.12 - - [29/Jul/2026:22:37:56 -0300] "GET /osobennosti-dzhekpota-1vin-kak-vyigrat-krupno/ HTTP/2.0" 200 178591 "https://www.bottaingenieria.com.ar/wp-comments-post.php" "Mozilla/5.0 (Linux; Android 9; VS996) AppleWebKit/537.36 (KHTML, like Gecko) Chrome/81.0.4044.138 Mobile Safari/537.36" "-"
192.42.116.12 - - [29/Jul/2026:22:37:58 -0300] "GET /sge HTTP/2.0" 301 0 "https://www.bottaingenieria.com.ar/sge" "Mozilla/5.0 (Linux; Android 9; VS996) AppleWebKit/537.36 (KHTML, like Gecko) Chrome/81.0.4044.138 Mobile Safari/537.36" "-"
192.42.116.12 - - [29/Jul/2026:22:37:58 -0300] "GET /sge/ HTTP/2.0" 200 200178 "https://www.bottaingenieria.com.ar/sge" "Mozilla/5.0 (Linux; Android 9; VS996) AppleWebKit/537.36 (KHTML, like Gecko) Chrome/81.0.4044.138 Mobile Safari/537.36" "-"
80.94.92.92 - - [29/Jul/2026:22:38:04 -0300] "GET /sgt HTTP/2.0" 404 183741 "https://www.bottaingenieria.com.ar/sgt" "Mozilla/5.0 (Linux; Android 9; VS996) AppleWebKit/537.36 (KHTML, like Gecko) Chrome/81.0.4044.138 Mobile Safari/537.36" "-"
159.223.102.202 - - [29/Jul/2026:22:38:06 -0300] "POST /wp-cron.php?doing_wp_cron=1785375486.2749559879302978515625 HTTP/1.1" 200 11 "-" "WordPress/6.9.4; https://www.bottaingenieria.com.ar" "-"
80.94.92.92 - - [29/Jul/2026:22:38:19 -0300] "GET /wp-json HTTP/2.0" 200 1731793 "https://www.bottaingenieria.com.ar/wp-json" "Mozilla/5.0 (Linux; Android 9; VS996) AppleWebKit/537.36 (KHTML, like Gecko) Chrome/81.0.4044.138 Mobile Safari/537.36" "-"
45.84.107.172 - - [29/Jul/2026:22:38:25 -0300] "GET /xmlrpc.php?rsd HTTP/2.0" 403 548 "https://www.bottaingenieria.com.ar/xmlrpc.php?rsd" "Mozilla/5.0 (Linux; Android 9; VS996) AppleWebKit/537.36 (KHTML, like Gecko) Chrome/81.0.4044.138 Mobile Safari/537.36" "-"
190.11.58.55 - - [29/Jul/2026:22:39:44 -0300] "POST /testbot/HVidD74XP83CP8wXsd/bridgesisbotsgt.php HTTP/1.1" 200 45 "-" "-" "-"
190.11.58.55 - - [29/Jul/2026:22:43:47 -0300] "POST /testbot/HVidD74XP83CP8wXsd/bridgesisbotsgt.php HTTP/1.1" 200 45 "-" "-" "-"
190.11.58.55 - - [29/Jul/2026:22:44:05 -0300] "POST /testbot/HVidD74XP83CP8wXsd/bridgesisbotsgt.php HTTP/1.1" 200 45 "-" "-" "-"
190.11.58.55 - - [29/Jul/2026:22:47:04 -0300] "POST /testbot/HVidD74XP83CP8wXsd/bridgesisbotsgt.php HTTP/1.1" 200 45 "-" "-" "-"
190.11.58.55 - - [29/Jul/2026:22:47:40 -0300] "POST /testbot/HVidD74XP83CP8wXsd/bridgesisbotsgt.php HTTP/1.1" 200 45 "-" "-" "-"
159.223.102.202 - - [29/Jul/2026:22:47:41 -0300] "POST /wp-cron.php?doing_wp_cron=1785376061.3958609104156494140625 HTTP/1.1" 200 11 "-" "WordPress/6.9.4; https://www.bottaingenieria.com.ar" "-"
185.242.177.65 - - [29/Jul/2026:22:47:41 -0300] "GET / HTTP/1.1" 200 36530 "-" "Mozilla/5.0 (Windows NT 10.0; Win64; x64; rv:147.0) Gecko/20100101 Firefox/147.0" "-"
185.242.177.65 - - [29/Jul/2026:22:47:42 -0300] "GET / HTTP/1.1" 200 36530 "-" "Mozilla/5.0 (Windows NT 10.0; Win64; x64; rv:147.0) Gecko/20100101 Firefox/147.0" "-"
190.11.58.55 - - [29/Jul/2026:22:48:32 -0300] "POST /testbot/HVidD74XP83CP8wXsd/bridgesisbotsgt.php HTTP/1.1" 200 45 "-" "-" "-"
190.11.58.55 - - [29/Jul/2026:22:51:22 -0300] "POST /testbot/HVidD74XP83CP8wXsd/bridgesisbotsgt.php HTTP/1.1" 200 45 "-" "-" "-"
190.11.58.55 - - [29/Jul/2026:22:51:44 -0300] "POST /testbot/HVidD74XP83CP8wXsd/bridgesisbotsgt.php HTTP/1.1" 200 45 "-" "-" "-"
159.223.102.202 - - [29/Jul/2026:22:53:39 -0300] "POST /wp-cron.php?doing_wp_cron=1785376419.0885639190673828125000 HTTP/1.1" 200 11 "-" "WordPress/6.9.4; https://www.bottaingenieria.com.ar" "-"
173.208.148.34 - - [29/Jul/2026:22:53:39 -0300] "GET / HTTP/1.1" 200 240872 "-" "Mozilla/5.0 (Windows NT 10.0; Win64; x64) AppleWebKit/537.36 (KHTML, like Gecko) Chrome/131.0.0.0 Safari/537.36" "-"
173.208.148.34 - - [29/Jul/2026:22:53:40 -0300] "GET / HTTP/1.1" 200 240872 "-" "Mozilla/5.0 (compatible; Googlebot/2.1; +http://www.google.com/bot.html)" "-"
173.208.148.34 - - [29/Jul/2026:22:53:41 -0300] "GET /index.php?params=1 HTTP/1.1" 301 5 "-" "Mozilla/5.0 (Windows NT 10.0; Win64; x64) AppleWebKit/537.36 (KHTML, like Gecko) Chrome/131.0.0.0 Safari/537.36" "-"
173.208.148.34 - - [29/Jul/2026:22:53:41 -0300] "GET /?params=1 HTTP/1.1" 200 240872 "-" "Mozilla/5.0 (Windows NT 10.0; Win64; x64) AppleWebKit/537.36 (KHTML, like Gecko) Chrome/131.0.0.0 Safari/537.36" "-"
190.11.58.55 - - [29/Jul/2026:22:54:28 -0300] "POST /testbot/HVidD74XP83CP8wXsd/bridgesisbotsgt.php HTTP/1.1" 200 45 "-" "-" "-"
190.11.58.55 - - [29/Jul/2026:22:54:37 -0300] "POST /testbot/HVidD74XP83CP8wXsd/bridgesisbotsgt.php HTTP/1.1" 200 45 "-" "-" "-"
216.244.66.236 - - [29/Jul/2026:22:55:34 -0300] "GET /robots.txt HTTP/1.1" 301 162 "-" "Mozilla/5.0 (compatible; DotBot/1.2; +https://opensiteexplorer.org/dotbot; help@moz.com)" "-"
159.223.102.202 - - [29/Jul/2026:22:55:36 -0300] "POST /wp-cron.php?doing_wp_cron=1785376536.1326200962066650390625 HTTP/1.1" 200 11 "-" "WordPress/6.9.4; https://www.bottaingenieria.com.ar" "-"
216.244.66.236 - - [29/Jul/2026:22:55:36 -0300] "GET /robots.txt HTTP/1.1" 200 288 "-" "Mozilla/5.0 (compatible; DotBot/1.2; +https://opensiteexplorer.org/dotbot; help@moz.com)" "-"
190.11.58.55 - - [29/Jul/2026:23:01:27 -0300] "POST /testbot/HVidD74XP83CP8wXsd/bridgesisbotsgt.php HTTP/1.1" 200 45 "-" "-" "-"
185.242.177.60 - - [29/Jul/2026:23:01:30 -0300] "GET / HTTP/1.1" 301 162 "-" "Mozilla/5.0 (Windows NT 10.0; Win64; x64; rv:147.0) Gecko/20100101 Firefox/147.0" "-"
159.223.102.202 - - [29/Jul/2026:23:01:31 -0300] "POST /wp-cron.php?doing_wp_cron=1785376891.8849170207977294921875 HTTP/1.1" 200 11 "-" "WordPress/6.9.4; https://www.bottaingenieria.com.ar" "-"
185.242.177.65 - - [29/Jul/2026:23:01:31 -0300] "GET / HTTP/1.1" 200 36530 "-" "Mozilla/5.0 (Windows NT 10.0; Win64; x64; rv:147.0) Gecko/20100101 Firefox/147.0" "-"
185.242.177.65 - - [29/Jul/2026:23:01:33 -0300] "GET / HTTP/1.1" 301 162 "-" "Mozilla/5.0 (Windows NT 10.0; Win64; x64; rv:147.0) Gecko/20100101 Firefox/147.0" "-"
185.242.177.65 - - [29/Jul/2026:23:01:33 -0300] "GET / HTTP/1.1" 200 36530 "-" "Mozilla/5.0 (Windows NT 10.0; Win64; x64; rv:147.0) Gecko/20100101 Firefox/147.0" "-"
185.242.177.65 - - [29/Jul/2026:23:01:34 -0300] "GET / HTTP/1.1" 200 36531 "-" "Mozilla/5.0 (Windows NT 10.0; Win64; x64; rv:147.0) Gecko/20100101 Firefox/147.0" "-"
185.242.177.65 - - [29/Jul/2026:23:01:35 -0300] "GET / HTTP/1.1" 200 36531 "-" "Mozilla/5.0 (Windows NT 10.0; Win64; x64; rv:147.0) Gecko/20100101 Firefox/147.0" "-"
190.11.58.55 - - [29/Jul/2026:23:03:01 -0300] "POST /testbot/HVidD74XP83CP8wXsd/bridgesisbotsgt.php HTTP/1.1" 200 45 "-" "-" "-"
159.223.102.202 - - [29/Jul/2026:23:03:34 -0300] "POST /wp-cron.php?doing_wp_cron=1785377014.0343220233917236328125 HTTP/1.1" 200 11 "-" "WordPress/6.9.4; https://www.bottaingenieria.com.ar" "-"
216.244.66.236 - - [29/Jul/2026:23:03:34 -0300] "GET /entrada-4/ HTTP/1.1" 301 5 "-" "Mozilla/5.0 (compatible; DotBot/1.2; +https://opensiteexplorer.org/dotbot; help@moz.com)" "-"
159.223.102.202 - - [29/Jul/2026:23:04:12 -0300] "POST /wp-cron.php?doing_wp_cron=1785377052.5767428874969482421875 HTTP/1.1" 200 11 "-" "WordPress/6.9.4; https://www.bottaingenieria.com.ar" "-"
51.68.236.114 - - [29/Jul/2026:23:04:12 -0300] "GET /robots.txt HTTP/1.1" 200 152 "-" "Mozilla/5.0 (compatible; MJ12bot/v2.0.5; http://mj12bot.com/)" "-"
51.68.236.114 - - [29/Jul/2026:23:04:13 -0300] "GET / HTTP/1.1" 200 36530 "-" "Mozilla/5.0 (compatible; MJ12bot/v2.0.5; http://mj12bot.com/)" "-"
190.11.58.55 - - [29/Jul/2026:23:06:04 -0300] "POST /testbot/HVidD74XP83CP8wXsd/bridgesisbotsgt.php HTTP/1.1" 200 45 "-" "-" "-"
190.11.58.55 - - [29/Jul/2026:23:08:36 -0300] "POST /testbot/HVidD74XP83CP8wXsd/bridgesisbotsgt.php HTTP/1.1" 200 45 "-" "-" "-"
190.11.58.55 - - [29/Jul/2026:23:09:08 -0300] "POST /testbot/HVidD74XP83CP8wXsd/bridgesisbotsgt.php HTTP/1.1" 200 45 "-" "-" "-"
190.11.58.55 - - [29/Jul/2026:23:12:05 -0300] "POST /testbot/HVidD74XP83CP8wXsd/bridgesisbotsgt.php HTTP/1.1" 200 45 "-" "-" "-"
190.11.58.55 - - [29/Jul/2026:23:18:16 -0300] "POST /testbot/HVidD74XP83CP8wXsd/bridgesisbotsgt.php HTTP/1.1" 200 45 "-" "-" "-"
159.223.102.202 - - [29/Jul/2026:23:20:17 -0300] "POST /wp-cron.php?doing_wp_cron=1785378016.9763379096984863281250 HTTP/1.1" 200 11 "-" "WordPress/6.9.4; https://www.bottaingenieria.com.ar" "-"
45.148.10.40 - - [29/Jul/2026:23:20:17 -0300] "POST /?rest_route=/batch/v1 HTTP/1.1" 207 27 "https://www.bottaingenieria.com.ar/" "Mozilla/5.0 (Windows NT 10.0; Win64; x64) AppleWebKit/537.36 Chrome/120.0.0.0 Safari/537.36" "-"
45.148.10.40 - - [29/Jul/2026:23:20:27 -0300] "POST /?rest_route=/batch/v1 HTTP/1.1" 207 841801 "https://www.bottaingenieria.com.ar/" "Mozilla/5.0 (Windows NT 10.0; Win64; x64) AppleWebKit/537.36 Chrome/120.0.0.0 Safari/537.36" "-"
45.148.10.40 - - [29/Jul/2026:23:20:32 -0300] "POST /?rest_route=/batch/v1 HTTP/1.1" 207 842003 "https://www.bottaingenieria.com.ar/" "Mozilla/5.0 (Windows NT 10.0; Win64; x64) AppleWebKit/537.36 Chrome/120.0.0.0 Safari/537.36" "-"
159.223.102.202 - - [29/Jul/2026:23:20:51 -0300] "POST /wp-cron.php?doing_wp_cron=1785378051.3588709831237792968750 HTTP/1.1" 200 11 "-" "WordPress/6.9.4; https://www.bottaingenieria.com.ar" "-"
45.148.10.40 - - [29/Jul/2026:23:20:51 -0300] "POST /?rest_route=/batch/v1 HTTP/1.1" 207 841921 "https://www.bottaingenieria.com.ar/" "Mozilla/5.0 (Windows NT 10.0; Win64; x64) AppleWebKit/537.36 Chrome/120.0.0.0 Safari/537.36" "-"
159.223.102.202 - - [29/Jul/2026:23:21:10 -0300] "POST /wp-cron.php?doing_wp_cron=1785378070.9039289951324462890625 HTTP/1.1" 200 11 "-" "WordPress/6.9.4; https://www.bottaingenieria.com.ar" "-"
45.148.10.40 - - [29/Jul/2026:23:21:11 -0300] "POST /?rest_route=/batch/v1 HTTP/1.1" 207 841976 "https://www.bottaingenieria.com.ar/" "Mozilla/5.0 (Windows NT 10.0; Win64; x64) AppleWebKit/537.36 Chrome/120.0.0.0 Safari/537.36" "-"
45.148.10.40 - - [29/Jul/2026:23:21:21 -0300] "POST /?rest_route=/batch/v1 HTTP/1.1" 207 842415 "https://www.bottaingenieria.com.ar/" "Mozilla/5.0 (Windows NT 10.0; Win64; x64) AppleWebKit/537.36 Chrome/120.0.0.0 Safari/537.36" "-"
45.148.10.40 - - [29/Jul/2026:23:21:35 -0300] "POST /?rest_route=/batch/v1 HTTP/1.1" 207 846241 "https://www.bottaingenieria.com.ar/" "Mozilla/5.0 (Windows NT 10.0; Win64; x64) AppleWebKit/537.36 Chrome/120.0.0.0 Safari/537.36" "-"
45.148.10.40 - - [29/Jul/2026:23:21:45 -0300] "POST /?rest_route=/batch/v1 HTTP/1.1" 207 844614 "https://www.bottaingenieria.com.ar/" "Mozilla/5.0 (Windows NT 10.0; Win64; x64) AppleWebKit/537.36 Chrome/120.0.0.0 Safari/537.36" "-"
45.148.10.40 - - [29/Jul/2026:23:22:04 -0300] "POST /?rest_route=/batch/v1 HTTP/1.1" 207 847405 "https://www.bottaingenieria.com.ar/" "Mozilla/5.0 (Windows NT 10.0; Win64; x64) AppleWebKit/537.36 Chrome/120.0.0.0 Safari/537.36" "-"
159.223.102.202 - - [29/Jul/2026:23:22:18 -0300] "POST /wp-cron.php?doing_wp_cron=1785378138.6974270343780517578125 HTTP/1.1" 200 11 "-" "WordPress/6.9.4; https://www.bottaingenieria.com.ar" "-"
45.148.10.40 - - [29/Jul/2026:23:22:19 -0300] "POST /?rest_route=/batch/v1 HTTP/1.1" 207 841852 "https://www.bottaingenieria.com.ar/" "Mozilla/5.0 (Windows NT 10.0; Win64; x64) AppleWebKit/537.36 Chrome/120.0.0.0 Safari/537.36" "-"
45.148.10.40 - - [29/Jul/2026:23:22:28 -0300] "POST /?rest_route=/batch/v1 HTTP/1.1" 207 841860 "https://www.bottaingenieria.com.ar/" "Mozilla/5.0 (Windows NT 10.0; Win64; x64) AppleWebKit/537.36 Chrome/120.0.0.0 Safari/537.36" "-"
45.148.10.40 - - [29/Jul/2026:23:22:34 -0300] "GET /?rest_route=%2Fwp%2Fv2%2Fposts&per_page=1&_fields=link HTTP/1.1" 200 119 "-" "Mozilla/5.0" "-"
45.148.10.40 - - [29/Jul/2026:23:22:40 -0300] "POST /?rest_route=/batch/v1 HTTP/1.1" 207 7473 "https://www.bottaingenieria.com.ar/" "Mozilla/5.0 (Windows NT 10.0; Win64; x64) AppleWebKit/537.36 Chrome/120.0.0.0 Safari/537.36" "-"
45.148.10.40 - - [29/Jul/2026:23:22:49 -0300] "POST /?rest_route=/batch/v1 HTTP/1.1" 207 841989 "https://www.bottaingenieria.com.ar/" "Mozilla/5.0 (Windows NT 10.0; Win64; x64) AppleWebKit/537.36 Chrome/120.0.0.0 Safari/537.36" "-"
188.26.213.77 - - [29/Jul/2026:23:22:55 -0300] "GET /nosotros/ HTTP/1.0" 200 195677 "-" "Mozilla/5.0 (Windows NT 6.3; Win64; x64) AppleWebKit/537.36 (KHTML, like Gecko) Chrome/75.0.3770.100 Safari/537.36" "-"
45.148.10.40 - - [29/Jul/2026:23:22:59 -0300] "POST /?rest_route=/batch/v1 HTTP/1.1" 207 842038 "https://www.bottaingenieria.com.ar/" "Mozilla/5.0 (Windows NT 10.0; Win64; x64) AppleWebKit/537.36 Chrome/120.0.0.0 Safari/537.36" "-"
159.223.102.202 - - [29/Jul/2026:23:23:08 -0300] "POST /wp-cron.php?doing_wp_cron=1785378188.0835061073303222656250 HTTP/1.1" 200 11 "-" "WordPress/6.9.4; https://www.bottaingenieria.com.ar" "-"
45.148.10.40 - - [29/Jul/2026:23:23:08 -0300] "POST /?rest_route=/batch/v1 HTTP/1.1" 207 841985 "https://www.bottaingenieria.com.ar/" "Mozilla/5.0 (Windows NT 10.0; Win64; x64) AppleWebKit/537.36 Chrome/120.0.0.0 Safari/537.36" "-"
45.148.10.40 - - [29/Jul/2026:23:23:17 -0300] "POST /?rest_route=/batch/v1 HTTP/1.1" 207 841986 "https://www.bottaingenieria.com.ar/" "Mozilla/5.0 (Windows NT 10.0; Win64; x64) AppleWebKit/537.36 Chrome/120.0.0.0 Safari/537.36" "-"
45.148.10.40 - - [29/Jul/2026:23:23:22 -0300] "POST /?rest_route=/batch/v1 HTTP/1.1" 207 841986 "https://www.bottaingenieria.com.ar/" "Mozilla/5.0 (Windows NT 10.0; Win64; x64) AppleWebKit/537.36 Chrome/120.0.0.0 Safari/537.36" "-"
45.148.10.40 - - [29/Jul/2026:23:23:23 -0300] "POST /?rest_route=/batch/v1 HTTP/1.1" 207 5085 "https://www.bottaingenieria.com.ar/" "Mozilla/5.0 (Windows NT 10.0; Win64; x64) AppleWebKit/537.36 Chrome/120.0.0.0 Safari/537.36" "-"
45.148.10.40 - - [29/Jul/2026:23:23:29 -0300] "POST /?rest_route=/batch/v1 HTTP/1.1" 207 841851 "https://www.bottaingenieria.com.ar/" "Mozilla/5.0 (Windows NT 10.0; Win64; x64) AppleWebKit/537.36 Chrome/120.0.0.0 Safari/537.36" "-"
45.148.10.40 - - [29/Jul/2026:23:23:33 -0300] "POST /?rest_route=/batch/v1 HTTP/1.1" 207 841861 "https://www.bottaingenieria.com.ar/" "Mozilla/5.0 (Windows NT 10.0; Win64; x64) AppleWebKit/537.36 Chrome/120.0.0.0 Safari/537.36" "-"
45.148.10.40 - - [29/Jul/2026:23:23:43 -0300] "POST /?rest_route=/batch/v1 HTTP/1.1" 207 841851 "https://www.bottaingenieria.com.ar/" "Mozilla/5.0 (Windows NT 10.0; Win64; x64) AppleWebKit/537.36 Chrome/120.0.0.0 Safari/537.36" "-"
45.148.10.40 - - [29/Jul/2026:23:23:48 -0300] "HEAD /wp-admin/ HTTP/1.1" 302 0 "-" "Python-urllib/3.10" "-"
45.148.10.40 - - [29/Jul/2026:23:23:59 -0300] "GET /wp-login.php?redirect_to=https%3A%2F%2Fwww.bottaingenieria.com.ar%2Fwp-admin%2F&reauth=1 HTTP/1.1" 200 9745 "-" "Python-urllib/3.10" "-"
159.223.102.202 - - [29/Jul/2026:23:24:08 -0300] "POST /wp-cron.php?doing_wp_cron=1785378248.1764750480651855468750 HTTP/1.1" 200 11 "-" "WordPress/6.9.4; https://www.bottaingenieria.com.ar" "-"
45.148.10.40 - - [29/Jul/2026:23:24:08 -0300] "POST /?rest_route=/batch/v1 HTTP/1.1" 207 841858 "https://www.bottaingenieria.com.ar/" "Mozilla/5.0 (Windows NT 10.0; Win64; x64) AppleWebKit/537.36 Chrome/120.0.0.0 Safari/537.36" "-"
45.148.10.40 - - [29/Jul/2026:23:24:09 -0300] "POST /?rest_route=/batch/v1 HTTP/1.1" 207 742 "https://www.bottaingenieria.com.ar/" "Mozilla/5.0 (Windows NT 10.0; Win64; x64) AppleWebKit/537.36 Chrome/120.0.0.0 Safari/537.36" "-"
45.148.10.40 - - [29/Jul/2026:23:24:09 -0300] "GET /wp-content/uploads/nx_s.php HTTP/1.1" 404 146 "-" "Mozilla/5.0" "-"
45.148.10.40 - - [29/Jul/2026:23:24:10 -0300] "POST /?rest_route=/batch/v1 HTTP/1.1" 207 742 "https://www.bottaingenieria.com.ar/" "Mozilla/5.0 (Windows NT 10.0; Win64; x64) AppleWebKit/537.36 Chrome/120.0.0.0 Safari/537.36" "-"
45.148.10.40 - - [29/Jul/2026:23:24:10 -0300] "GET /wp-content/uploads/nx_s.php HTTP/1.1" 404 146 "-" "Mozilla/5.0" "-"
45.148.10.40 - - [29/Jul/2026:23:24:12 -0300] "POST /?rest_route=/batch/v1 HTTP/1.1" 207 742 "https://www.bottaingenieria.com.ar/" "Mozilla/5.0 (Windows NT 10.0; Win64; x64) AppleWebKit/537.36 Chrome/120.0.0.0 Safari/537.36" "-"
190.11.58.55 - - [29/Jul/2026:23:24:14 -0300] "POST /testbot/HVidD74XP83CP8wXsd/bridgesisbotsgt.php HTTP/1.1" 200 45 "-" "-" "-"
45.148.10.40 - - [29/Jul/2026:23:24:17 -0300] "GET /wp-content/uploads/nx_s.php HTTP/1.1" 404 146 "-" "Mozilla/5.0" "-"
45.148.10.40 - - [29/Jul/2026:23:24:33 -0300] "GET /wp-login.php HTTP/1.1" 200 9638 "-" "Mozilla/5.0" "-"
45.148.10.40 - - [29/Jul/2026:23:24:38 -0300] "POST /wp-login.php HTTP/1.1" 302 5 "-" "Mozilla/5.0" "-"
159.223.102.202 - - [29/Jul/2026:23:25:10 -0300] "POST /wp-cron.php?doing_wp_cron=1785378310.2724370956420898437500 HTTP/1.1" 200 11 "-" "WordPress/6.9.4; https://www.bottaingenieria.com.ar" "-"
45.148.10.40 - - [29/Jul/2026:23:25:10 -0300] "GET /wp-admin/plugin-install.php?tab=upload HTTP/1.1" 200 189598 "-" "Mozilla/5.0" "-"
45.148.10.40 - - [29/Jul/2026:23:25:16 -0300] "POST /wp-admin/update.php?action=upload-plugin HTTP/1.1" 200 171132 "-" "Mozilla/5.0" "-"
45.148.10.40 - - [29/Jul/2026:23:25:26 -0300] "GET /wp-content/plugins/nx_up_34b84af4/nx_up_34b84af4.php HTTP/1.1" 404 146 "-" "Mozilla/5.0" "-"
45.148.10.40 - - [29/Jul/2026:23:25:33 -0300] "GET /wp-content/plugins/nx_up_34b84af4/nx_up_34b84af4.php HTTP/1.1" 404 146 "-" "Mozilla/5.0" "-"
45.148.10.40 - - [29/Jul/2026:23:25:34 -0300] "GET /wp-content/plugins/nx_up_34b84af4/nx_up_34b84af4.php HTTP/1.1" 404 146 "-" "Mozilla/5.0" "-"
45.148.10.40 - - [29/Jul/2026:23:25:36 -0300] "POST /wp-admin/update.php?action=upload-plugin&from=plugins HTTP/1.1" 200 171237 "-" "Mozilla/5.0" "-"
45.148.10.40 - - [29/Jul/2026:23:25:36 -0300] "GET /wp-content/plugins/nx_up_34b84af4/nx_up_34b84af4.php HTTP/1.1" 404 146 "-" "Mozilla/5.0" "-"
45.148.10.40 - - [29/Jul/2026:23:25:52 -0300] "GET /wp-content/plugins/nx_up_34b84af4/nx_up_34b84af4.php HTTP/1.1" 404 146 "-" "Mozilla/5.0" "-"
45.148.10.40 - - [29/Jul/2026:23:25:54 -0300] "GET /wp-content/plugins/nx_up_34b84af4/nx_up_34b84af4.php HTTP/1.1" 404 146 "-" "Mozilla/5.0" "-"
45.148.10.40 - - [29/Jul/2026:23:25:55 -0300] "GET /wp-admin/plugin-install.php HTTP/1.1" 200 239162 "-" "Mozilla/5.0" "-"
45.148.10.40 - - [29/Jul/2026:23:25:56 -0300] "POST /wp-admin/update.php?action=upload-plugin HTTP/1.1" 200 171132 "-" "Mozilla/5.0" "-"
45.148.10.40 - - [29/Jul/2026:23:26:02 -0300] "GET /wp-content/plugins/nx_up_34b84af4/nx_up_34b84af4.php HTTP/1.1" 404 146 "-" "Mozilla/5.0" "-"
45.148.10.40 - - [29/Jul/2026:23:26:03 -0300] "GET /wp-content/plugins/nx_up_34b84af4/nx_up_34b84af4.php HTTP/1.1" 404 146 "-" "Mozilla/5.0" "-"
45.148.10.40 - - [29/Jul/2026:23:26:10 -0300] "GET /wp-content/plugins/nx_up_34b84af4/nx_up_34b84af4.php HTTP/1.1" 404 146 "-" "Mozilla/5.0" "-"
159.223.102.202 - - [29/Jul/2026:23:26:20 -0300] "POST /wp-cron.php?doing_wp_cron=1785378380.8545949459075927734375 HTTP/1.1" 200 11 "-" "WordPress/6.9.4; https://www.bottaingenieria.com.ar" "-"
45.148.10.40 - - [29/Jul/2026:23:26:21 -0300] "POST /wp-admin/update.php?action=upload-plugin&from=plugins HTTP/1.1" 200 171237 "-" "Mozilla/5.0" "-"
45.148.10.40 - - [29/Jul/2026:23:26:26 -0300] "GET /wp-content/plugins/nx_up_34b84af4/nx_up_34b84af4.php HTTP/1.1" 404 146 "-" "Mozilla/5.0" "-"
45.148.10.40 - - [29/Jul/2026:23:26:27 -0300] "GET /wp-content/plugins/nx_up_34b84af4/nx_up_34b84af4.php HTTP/1.1" 404 146 "-" "Mozilla/5.0" "-"
45.148.10.40 - - [29/Jul/2026:23:26:44 -0300] "GET /wp-content/plugins/nx_up_34b84af4/nx_up_34b84af4.php HTTP/1.1" 404 146 "-" "Mozilla/5.0" "-"
45.148.10.40 - - [29/Jul/2026:23:26:45 -0300] "GET /wp-admin/plugins.php?page=plugin-install&tab=upload HTTP/1.1" 403 2539 "-" "Mozilla/5.0" "-"
45.148.10.40 - - [29/Jul/2026:23:26:46 -0300] "GET /wp-admin/theme-install.php?tab=upload HTTP/1.1" 200 205367 "-" "Mozilla/5.0" "-"
45.148.10.40 - - [29/Jul/2026:23:26:47 -0300] "POST /wp-admin/update.php?action=upload-theme HTTP/1.1" 200 174159 "-" "Mozilla/5.0" "-"
45.148.10.40 - - [29/Jul/2026:23:26:47 -0300] "GET /wp-content/themes/nx_th_e613f8/nx-up.php HTTP/1.1" 404 146 "-" "Mozilla/5.0" "-"
45.148.10.40 - - [29/Jul/2026:23:26:49 -0300] "GET /wp-content/themes/nx_th_e613f8/nx-up.php HTTP/1.1" 404 146 "-" "Mozilla/5.0" "-"
45.148.10.40 - - [29/Jul/2026:23:26:50 -0300] "GET /wp-content/themes/nx_th_e613f8/nx-up.php HTTP/1.1" 404 146 "-" "Mozilla/5.0" "-"
45.148.10.40 - - [29/Jul/2026:23:26:51 -0300] "GET /wp-admin/theme-install.php HTTP/1.1" 200 205254 "-" "Mozilla/5.0" "-"
45.114.12.244 - - [29/Jul/2026:23:27:01 -0300] "GET /wp-login.php HTTP/2.0" 200 2668 "-" "Mozilla/5.0 (Windows NT 10.0; Win64; x64) AppleWebKit/537.36 (KHTML, like Gecko) Chrome/145.0.0.0 Safari/537.36" "-"
45.148.10.40 - - [29/Jul/2026:23:27:02 -0300] "POST /wp-admin/update.php?action=upload-theme HTTP/1.1" 200 174159 "-" "Mozilla/5.0" "-"
45.148.10.40 - - [29/Jul/2026:23:27:03 -0300] "GET /wp-content/themes/nx_th_e613f8/nx-up.php HTTP/1.1" 404 146 "-" "Mozilla/5.0" "-"
45.148.10.40 - - [29/Jul/2026:23:27:04 -0300] "GET /wp-content/themes/nx_th_e613f8/nx-up.php HTTP/1.1" 404 146 "-" "Mozilla/5.0" "-"
45.148.10.40 - - [29/Jul/2026:23:27:06 -0300] "GET /wp-content/themes/nx_th_e613f8/nx-up.php HTTP/1.1" 404 146 "-" "Mozilla/5.0" "-"
159.223.102.202 - - [29/Jul/2026:23:27:06 -0300] "POST /wp-cron.php?doing_wp_cron=1785378426.8360669612884521484375 HTTP/1.1" 200 11 "-" "WordPress/6.9.4; https://www.bottaingenieria.com.ar" "-"
45.148.10.40 - - [29/Jul/2026:23:27:06 -0300] "GET /wp-admin/themes.php?page=theme-install&tab=upload HTTP/1.1" 403 2539 "-" "Mozilla/5.0" "-"
45.114.12.244 - - [29/Jul/2026:23:27:07 -0300] "POST /wp-login.php HTTP/2.0" 302 0 "https://www.bottaingenieria.com.ar/wp-login.php" "Mozilla/5.0 (Windows NT 10.0; Win64; x64) AppleWebKit/537.36 (KHTML, like Gecko) Chrome/145.0.0.0 Safari/537.36" "-"
45.148.10.40 - - [29/Jul/2026:23:27:08 -0300] "GET /wp-admin/ HTTP/1.1" 200 320639 "-" "Mozilla/5.0" "-"
45.114.12.244 - - [29/Jul/2026:23:27:09 -0300] "GET /wp-admin/ HTTP/2.0" 200 78494 "https://www.bottaingenieria.com.ar/wp-login.php" "Mozilla/5.0 (Windows NT 10.0; Win64; x64) AppleWebKit/537.36 (KHTML, like Gecko) Chrome/145.0.0.0 Safari/537.36" "-"
159.223.102.202 - - [29/Jul/2026:23:27:15 -0300] "POST /wp-cron.php?doing_wp_cron=1785378435.1703839302062988281250 HTTP/1.1" 200 11 "-" "WordPress/6.9.4; https://www.bottaingenieria.com.ar" "-"
45.114.12.244 - - [29/Jul/2026:23:27:15 -0300] "GET /wp-admin/user-new.php HTTP/2.0" 200 41871 "https://www.bottaingenieria.com.ar/wp-login.php" "Mozilla/5.0 (Windows NT 10.0; Win64; x64) AppleWebKit/537.36 (KHTML, like Gecko) Chrome/145.0.0.0 Safari/537.36" "-"
45.148.10.40 - - [29/Jul/2026:23:27:15 -0300] "POST /wp-json/wp/v2/plugins HTTP/1.1" 403 126 "-" "Mozilla/5.0" "-"
45.148.10.40 - - [29/Jul/2026:23:27:16 -0300] "POST /?rest_route=/wp/v2/plugins HTTP/1.1" 403 126 "-" "Mozilla/5.0" "-"
159.223.102.202 - - [29/Jul/2026:23:27:20 -0300] "POST /wp-cron.php?doing_wp_cron=1785378440.3868160247802734375000 HTTP/1.1" 200 11 "-" "WordPress/6.9.4; https://www.bottaingenieria.com.ar" "-"
45.114.12.244 - - [29/Jul/2026:23:27:20 -0300] "POST /wp-admin/user-new.php HTTP/2.0" 200 41929 "https://www.bottaingenieria.com.ar/wp-login.php" "Mozilla/5.0 (Windows NT 10.0; Win64; x64) AppleWebKit/537.36 (KHTML, like Gecko) Chrome/145.0.0.0 Safari/537.36" "-"
45.114.12.244 - - [29/Jul/2026:23:27:27 -0300] "GET /wp-admin/plugins.php?plugin_status=all&paged=1&s HTTP/2.0" 200 113321 "https://www.bottaingenieria.com.ar/wp-login.php" "Mozilla/5.0 (Windows NT 10.0; Win64; x64) AppleWebKit/537.36 (KHTML, like Gecko) Chrome/145.0.0.0 Safari/537.36" "-"
45.148.10.40 - - [29/Jul/2026:23:27:32 -0300] "GET /wp-admin/plugin-editor.php HTTP/1.1" 200 204048 "-" "Mozilla/5.0" "-"
45.114.12.244 - - [29/Jul/2026:23:27:32 -0300] "GET /wp-admin/plugins.php HTTP/2.0" 200 113266 "https://www.bottaingenieria.com.ar/wp-login.php" "Mozilla/5.0 (Windows NT 10.0; Win64; x64) AppleWebKit/537.36 (KHTML, like Gecko) Chrome/145.0.0.0 Safari/537.36" "-"
45.148.10.40 - - [29/Jul/2026:23:27:33 -0300] "POST /wp-admin/plugin-editor.php HTTP/1.1" 500 2522 "-" "Mozilla/5.0" "-"
45.148.10.40 - - [29/Jul/2026:23:27:33 -0300] "GET /wp-content/plugins/nx_up_34b84af4/nx_up_34b84af4.php HTTP/1.1" 404 146 "-" "Mozilla/5.0" "-"
45.114.12.244 - - [29/Jul/2026:23:27:36 -0300] "GET /wp-admin/plugin-install.php HTTP/2.0" 200 48363 "https://www.bottaingenieria.com.ar/wp-login.php" "Mozilla/5.0 (Windows NT 10.0; Win64; x64) AppleWebKit/537.36 (KHTML, like Gecko) Chrome/145.0.0.0 Safari/537.36" "-"
45.114.12.244 - - [29/Jul/2026:23:27:42 -0300] "POST /wp-admin/admin-ajax.php HTTP/2.0" 200 177 "https://www.bottaingenieria.com.ar/wp-login.php" "Mozilla/5.0 (Windows NT 10.0; Win64; x64) AppleWebKit/537.36 (KHTML, like Gecko) Chrome/145.0.0.0 Safari/537.36" "-"
45.114.12.244 - - [29/Jul/2026:23:27:46 -0300] "POST /wp-admin/admin-ajax.php HTTP/2.0" 200 155 "https://www.bottaingenieria.com.ar/wp-login.php" "Mozilla/5.0 (Windows NT 10.0; Win64; x64) AppleWebKit/537.36 (KHTML, like Gecko) Chrome/145.0.0.0 Safari/537.36" "-"
45.114.12.244 - - [29/Jul/2026:23:27:50 -0300] "GET /wp-admin/plugins.php?plugin_status=all&paged=1&s HTTP/2.0" 200 113321 "https://www.bottaingenieria.com.ar/wp-login.php" "Mozilla/5.0 (Windows NT 10.0; Win64; x64) AppleWebKit/537.36 (KHTML, like Gecko) Chrome/145.0.0.0 Safari/537.36" "-"
45.148.10.40 - - [29/Jul/2026:23:27:50 -0300] "GET /wp-content/plugins/nx_up_34b84af4/nx_up_34b84af4.php HTTP/1.1" 404 146 "-" "Mozilla/5.0" "-"
45.148.10.40 - - [29/Jul/2026:23:27:51 -0300] "GET /wp-content/plugins/nx_up_34b84af4/nx_up_34b84af4.php HTTP/1.1" 404 146 "-" "Mozilla/5.0" "-"
45.148.10.40 - - [29/Jul/2026:23:28:02 -0300] "POST /wp-admin/plugin-editor.php HTTP/1.1" 500 2522 "-" "Mozilla/5.0" "-"
45.148.10.40 - - [29/Jul/2026:23:28:22 -0300] "GET /wp-content/plugins/nx_up_34b84af4/nx_up_34b84af4.php HTTP/1.1" 404 146 "-" "Mozilla/5.0" "-"
45.148.10.40 - - [29/Jul/2026:23:28:29 -0300] "GET /wp-content/plugins/nx_up_34b84af4/nx_up_34b84af4.php HTTP/1.1" 404 146 "-" "Mozilla/5.0" "-"
159.223.102.202 - - [29/Jul/2026:23:28:34 -0300] "POST /wp-cron.php?doing_wp_cron=1785378514.8066029548645019531250 HTTP/1.1" 200 11 "-" "WordPress/6.9.4; https://www.bottaingenieria.com.ar" "-"
45.148.10.40 - - [29/Jul/2026:23:28:34 -0300] "POST /wp-admin/plugin-editor.php HTTP/1.1" 500 2568 "-" "Mozilla/5.0" "-"
45.148.10.40 - - [29/Jul/2026:23:28:40 -0300] "GET /wp-content/plugins/nx_up_34b84af4/nx_up_34b84af4.php HTTP/1.1" 404 146 "-" "Mozilla/5.0" "-"
45.148.10.40 - - [29/Jul/2026:23:28:46 -0300] "GET /wp-content/plugins/nx_up_34b84af4/nx_up_34b84af4.php HTTP/1.1" 404 146 "-" "Mozilla/5.0" "-"
45.148.10.40 - - [29/Jul/2026:23:28:47 -0300] "POST /wp-admin/plugin-editor.php HTTP/1.1" 500 2522 "-" "Mozilla/5.0" "-"
45.148.10.40 - - [29/Jul/2026:23:28:52 -0300] "GET /wp-content/plugins/nx_up_34b84af4/nx_up_34b84af4.php HTTP/1.1" 404 146 "-" "Mozilla/5.0" "-"
45.148.10.40 - - [29/Jul/2026:23:28:54 -0300] "GET /wp-content/plugins/nx_up_34b84af4/nx_up_34b84af4.php HTTP/1.1" 404 146 "-" "Mozilla/5.0" "-"
45.148.10.40 - - [29/Jul/2026:23:28:55 -0300] "GET /wp-admin/theme-editor.php HTTP/1.1" 200 304340 "-" "Mozilla/5.0" "-"
45.148.10.40 - - [29/Jul/2026:23:29:01 -0300] "POST /wp-admin/theme-editor.php HTTP/1.1" 500 2522 "-" "Mozilla/5.0" "-"
45.148.10.40 - - [29/Jul/2026:23:29:01 -0300] "GET /wp-content/themes/saaslauncher/nx-up.php HTTP/1.1" 404 146 "-" "Mozilla/5.0" "-"
45.148.10.40 - - [29/Jul/2026:23:29:07 -0300] "GET /wp-content/themes/saaslauncher/nx-up.php HTTP/1.1" 404 146 "-" "Mozilla/5.0" "-"
45.148.10.40 - - [29/Jul/2026:23:29:09 -0300] "GET /wp-content/themes/saaslauncher/nx-up.php HTTP/1.1" 404 146 "-" "Mozilla/5.0" "-"
190.11.58.55 - - [29/Jul/2026:23:29:24 -0300] "POST /testbot/HVidD74XP83CP8wXsd/bridgesisbotsgt.php HTTP/1.1" 200 45 "-" "-" "-"
190.11.58.55 - - [29/Jul/2026:23:29:33 -0300] "POST /testbot/HVidD74XP83CP8wXsd/bridgesisbotsgt.php HTTP/1.1" 200 45 "-" "-" "-"
159.223.102.202 - - [29/Jul/2026:23:38:29 -0300] "POST /wp-cron.php?doing_wp_cron=1785379109.1713430881500244140625 HTTP/1.1" 200 11 "-" "WordPress/6.9.4; https://www.bottaingenieria.com.ar" "-"
54.39.136.168 - - [29/Jul/2026:23:38:29 -0300] "GET /wp-sitemap.xml HTTP/2.0" 200 194 "-" "Mozilla/5.0 (compatible; AhrefsBot/7.0; +http://ahrefs.com/robot/)" "-"
148.113.130.84 - - [29/Jul/2026:23:38:40 -0300] "GET /wp-sitemap-posts-post-1.xml HTTP/2.0" 200 292 "-" "Mozilla/5.0 (compatible; AhrefsBot/7.0; +http://ahrefs.com/robot/)" "-"
54.39.203.114 - - [29/Jul/2026:23:38:41 -0300] "GET /wp-sitemap-posts-page-1.xml HTTP/2.0" 200 345 "-" "Mozilla/5.0 (compatible; AhrefsBot/7.0; +http://ahrefs.com/robot/)" "-"
148.113.130.201 - - [29/Jul/2026:23:38:53 -0300] "GET /wp-sitemap-posts-product-1.xml HTTP/2.0" 200 234 "-" "Mozilla/5.0 (compatible; AhrefsBot/7.0; +http://ahrefs.com/robot/)" "-"
54.39.0.122 - - [29/Jul/2026:23:38:55 -0300] "GET /wp-sitemap-taxonomies-category-1.xml HTTP/2.0" 200 153 "-" "Mozilla/5.0 (compatible; AhrefsBot/7.0; +http://ahrefs.com/robot/)" "-"
54.39.0.166 - - [29/Jul/2026:23:38:56 -0300] "GET /wp-sitemap-taxonomies-product_cat-1.xml HTTP/2.0" 200 160 "-" "Mozilla/5.0 (compatible; AhrefsBot/7.0; +http://ahrefs.com/robot/)" "-"
142.44.220.119 - - [29/Jul/2026:23:38:58 -0300] "GET /wp-sitemap-users-1.xml HTTP/2.0" 200 170 "-" "Mozilla/5.0 (compatible; AhrefsBot/7.0; +http://ahrefs.com/robot/)" "-"
190.11.58.55 - - [29/Jul/2026:23:43:03 -0300] "POST /testbot/HVidD74XP83CP8wXsd/bridgesisbotsgt.php HTTP/1.1" 200 45 "-" "-" "-"
159.223.102.202 - - [29/Jul/2026:23:43:47 -0300] "POST /wp-cron.php?doing_wp_cron=1785379427.7997219562530517578125 HTTP/1.1" 200 11 "-" "WordPress/6.9.4; https://www.bottaingenieria.com.ar" "-"
103.191.119.117 - - [29/Jul/2026:23:43:47 -0300] "GET / HTTP/1.1" 200 41002 "-" "Mozilla/5.0 (Windows NT 10.0; Win64; x64) AppleWebKit/537.36 (KHTML, like Gecko) Chrome/120.0.0.0 Safari/537.36" "-"
45.174.4.65 - - [29/Jul/2026:23:43:52 -0300] "GET /wp-login.php HTTP/1.1" 200 2962 "-" "Mozilla/5.0 (Windows NT 10.0; Win64; x64) AppleWebKit/537.36 (KHTML, like Gecko) Chrome/120.0.0.0 Safari/537.36" "-"
45.174.4.65 - - [29/Jul/2026:23:43:53 -0300] "POST /wp-login.php HTTP/1.1" 302 5 "https://www.bottaingenieria.com.ar/wp-login.php" "Mozilla/5.0 (Windows NT 10.0; Win64; x64) AppleWebKit/537.36 (KHTML, like Gecko) Chrome/120.0.0.0 Safari/537.36" "-"
45.174.4.65 - - [29/Jul/2026:23:43:55 -0300] "GET /wp-admin/ HTTP/1.1" 200 85996 "https://www.bottaingenieria.com.ar/wp-login.php" "Mozilla/5.0 (Windows NT 10.0; Win64; x64) AppleWebKit/537.36 (KHTML, like Gecko) Chrome/120.0.0.0 Safari/537.36" "-"
181.95.54.44 - - [29/Jul/2026:23:44:00 -0300] "GET /wp-admin/ HTTP/1.1" 200 85998 "-" "Mozilla/5.0 (Windows NT 10.0; Win64; x64) AppleWebKit/537.36 (KHTML, like Gecko) Chrome/120.0.0.0 Safari/537.36" "-"
159.223.102.202 - - [29/Jul/2026:23:44:05 -0300] "POST /wp-cron.php?doing_wp_cron=1785379445.5117130279541015625000 HTTP/1.1" 200 11 "-" "WordPress/6.9.4; https://www.bottaingenieria.com.ar" "-"
181.95.54.44 - - [29/Jul/2026:23:44:06 -0300] "GET /wp-admin/post-new.php HTTP/1.1" 200 263654 "-" "Mozilla/5.0 (Windows NT 10.0; Win64; x64) AppleWebKit/537.36 (KHTML, like Gecko) Chrome/120.0.0.0 Safari/537.36" "-"
181.95.54.44 - - [29/Jul/2026:23:44:09 -0300] "POST /xmlrpc.php HTTP/1.1" 403 117 "-" "WordPress/5.0; https://www.bottaingenieria.com.ar" "-"
181.95.54.44 - - [29/Jul/2026:23:44:10 -0300] "GET /wp-admin/admin-ajax.php?action=rest-nonce HTTP/1.1" 200 41 "-" "Mozilla/5.0 (Windows NT 10.0; Win64; x64) AppleWebKit/537.36 (KHTML, like Gecko) Chrome/120.0.0.0 Safari/537.36" "-"
181.95.54.44 - - [29/Jul/2026:23:44:12 -0300] "GET /wp-json/wp/v2/plugins HTTP/1.1" 200 1613 "-" "Mozilla/5.0 (Windows NT 10.0; Win64; x64) AppleWebKit/537.36 (KHTML, like Gecko) Chrome/120.0.0.0 Safari/537.36" "-"
38.159.32.242 - - [29/Jul/2026:23:44:12 -0300] "GET / HTTP/1.1" 200 41002 "-" "Mozilla/5.0 (Windows NT 10.0; Win64; x64) AppleWebKit/537.36 (KHTML, like Gecko) Chrome/120.0.0.0 Safari/537.36" "-"
181.95.54.44 - - [29/Jul/2026:23:44:14 -0300] "GET / HTTP/1.1" 200 44390 "-" "Mozilla/5.0 (Windows NT 10.0; Win64; x64) AppleWebKit/537.36 (KHTML, like Gecko) Chrome/120.0.0.0 Safari/537.36" "-"
181.95.54.44 - - [29/Jul/2026:23:44:16 -0300] "GET /wp-json/wp/v2/settings HTTP/1.1" 200 404 "-" "Mozilla/5.0 (Windows NT 10.0; Win64; x64) AppleWebKit/537.36 (KHTML, like Gecko) Chrome/120.0.0.0 Safari/537.36" "-"
113.175.146.81 - - [29/Jul/2026:23:44:17 -0300] "GET /wp-login.php HTTP/1.1" 200 2962 "-" "Mozilla/5.0 (Windows NT 10.0; Win64; x64) AppleWebKit/537.36 (KHTML, like Gecko) Chrome/120.0.0.0 Safari/537.36" "-"
181.95.54.44 - - [29/Jul/2026:23:44:18 -0300] "GET /wp-json/wp/v2/pages?per_page=100&page=1&orderby=menu_order&order=asc&_fields=id,link,content HTTP/1.1" 200 3506 "-" "Mozilla/5.0 (Windows NT 10.0; Win64; x64) AppleWebKit/537.36 (KHTML, like Gecko) Chrome/120.0.0.0 Safari/537.36" "-"
113.175.146.81 - - [29/Jul/2026:23:44:19 -0300] "POST /wp-login.php HTTP/1.1" 302 5 "https://www.bottaingenieria.com.ar/wp-login.php" "Mozilla/5.0 (Windows NT 10.0; Win64; x64) AppleWebKit/537.36 (KHTML, like Gecko) Chrome/120.0.0.0 Safari/537.36" "-"
113.175.146.81 - - [29/Jul/2026:23:44:21 -0300] "GET /wp-admin/ HTTP/1.1" 200 85999 "https://www.bottaingenieria.com.ar/wp-login.php" "Mozilla/5.0 (Windows NT 10.0; Win64; x64) AppleWebKit/537.36 (KHTML, like Gecko) Chrome/120.0.0.0 Safari/537.36" "-"
103.120.70.161 - - [29/Jul/2026:23:44:24 -0300] "GET / HTTP/1.1" 200 41002 "-" "Mozilla/5.0 (Windows NT 10.0; Win64; x64) AppleWebKit/537.36 (KHTML, like Gecko) Chrome/120.0.0.0 Safari/537.36" "-"
103.168.207.97 - - [29/Jul/2026:23:44:28 -0300] "GET /wp-admin/ HTTP/1.1" 200 85986 "-" "Mozilla/5.0 (Windows NT 10.0; Win64; x64) AppleWebKit/537.36 (KHTML, like Gecko) Chrome/120.0.0.0 Safari/537.36" "-"
179.2.111.45 - - [29/Jul/2026:23:44:29 -0300] "GET /wp-login.php HTTP/1.1" 200 2962 "-" "Mozilla/5.0 (Windows NT 10.0; Win64; x64) AppleWebKit/537.36 (KHTML, like Gecko) Chrome/120.0.0.0 Safari/537.36" "-"
179.2.111.45 - - [29/Jul/2026:23:44:31 -0300] "POST /wp-login.php HTTP/1.1" 302 5 "https://www.bottaingenieria.com.ar/wp-login.php" "Mozilla/5.0 (Windows NT 10.0; Win64; x64) AppleWebKit/537.36 (KHTML, like Gecko) Chrome/120.0.0.0 Safari/537.36" "-"
103.168.207.97 - - [29/Jul/2026:23:44:33 -0300] "GET /wp-admin/post-new.php HTTP/1.1" 200 263649 "-" "Mozilla/5.0 (Windows NT 10.0; Win64; x64) AppleWebKit/537.36 (KHTML, like Gecko) Chrome/120.0.0.0 Safari/537.36" "-"
179.2.111.45 - - [29/Jul/2026:23:44:33 -0300] "GET /wp-admin/ HTTP/1.1" 200 86002 "https://www.bottaingenieria.com.ar/wp-login.php" "Mozilla/5.0 (Windows NT 10.0; Win64; x64) AppleWebKit/537.36 (KHTML, like Gecko) Chrome/120.0.0.0 Safari/537.36" "-"
207.204.114.106 - - [29/Jul/2026:23:44:38 -0300] "GET /wp-admin/ HTTP/1.1" 200 85980 "-" "Mozilla/5.0 (Windows NT 10.0; Win64; x64) AppleWebKit/537.36 (KHTML, like Gecko) Chrome/120.0.0.0 Safari/537.36" "-"
103.168.207.97 - - [29/Jul/2026:23:44:38 -0300] "POST /xmlrpc.php HTTP/1.1" 403 117 "-" "WordPress/5.0; https://www.bottaingenieria.com.ar" "-"
103.168.207.97 - - [29/Jul/2026:23:44:39 -0300] "GET /wp-admin/admin-ajax.php?action=rest-nonce HTTP/1.1" 200 41 "-" "Mozilla/5.0 (Windows NT 10.0; Win64; x64) AppleWebKit/537.36 (KHTML, like Gecko) Chrome/120.0.0.0 Safari/537.36" "-"
103.168.207.97 - - [29/Jul/2026:23:44:41 -0300] "GET /wp-json/wp/v2/plugins HTTP/1.1" 200 1613 "-" "Mozilla/5.0 (Windows NT 10.0; Win64; x64) AppleWebKit/537.36 (KHTML, like Gecko) Chrome/120.0.0.0 Safari/537.36" "-"
207.204.114.106 - - [29/Jul/2026:23:44:42 -0300] "GET /wp-admin/post-new.php HTTP/1.1" 200 263638 "-" "Mozilla/5.0 (Windows NT 10.0; Win64; x64) AppleWebKit/537.36 (KHTML, like Gecko) Chrome/120.0.0.0 Safari/537.36" "-"
103.168.207.97 - - [29/Jul/2026:23:44:43 -0300] "GET / HTTP/1.1" 200 44389 "-" "Mozilla/5.0 (Windows NT 10.0; Win64; x64) AppleWebKit/537.36 (KHTML, like Gecko) Chrome/120.0.0.0 Safari/537.36" "-"
207.204.114.106 - - [29/Jul/2026:23:44:46 -0300] "POST /xmlrpc.php HTTP/1.1" 403 117 "-" "WordPress/5.0; https://www.bottaingenieria.com.ar" "-"
103.168.207.97 - - [29/Jul/2026:23:44:46 -0300] "GET /wp-json/wp/v2/settings HTTP/1.1" 200 404 "-" "Mozilla/5.0 (Windows NT 10.0; Win64; x64) AppleWebKit/537.36 (KHTML, like Gecko) Chrome/120.0.0.0 Safari/537.36" "-"
207.204.114.106 - - [29/Jul/2026:23:44:47 -0300] "GET /wp-admin/admin-ajax.php?action=rest-nonce HTTP/1.1" 200 41 "-" "Mozilla/5.0 (Windows NT 10.0; Win64; x64) AppleWebKit/537.36 (KHTML, like Gecko) Chrome/120.0.0.0 Safari/537.36" "-"
103.168.207.97 - - [29/Jul/2026:23:44:48 -0300] "GET /wp-json/wp/v2/pages?per_page=100&page=1&orderby=menu_order&order=asc&_fields=id,link,content HTTP/1.1" 200 3506 "-" "Mozilla/5.0 (Windows NT 10.0; Win64; x64) AppleWebKit/537.36 (KHTML, like Gecko) Chrome/120.0.0.0 Safari/537.36" "-"
207.204.114.106 - - [29/Jul/2026:23:44:49 -0300] "GET /wp-json/wp/v2/plugins HTTP/1.1" 200 1613 "-" "Mozilla/5.0 (Windows NT 10.0; Win64; x64) AppleWebKit/537.36 (KHTML, like Gecko) Chrome/120.0.0.0 Safari/537.36" "-"
207.204.114.106 - - [29/Jul/2026:23:44:51 -0300] "GET / HTTP/1.1" 200 44390 "-" "Mozilla/5.0 (Windows NT 10.0; Win64; x64) AppleWebKit/537.36 (KHTML, like Gecko) Chrome/120.0.0.0 Safari/537.36" "-"
190.211.112.23 - - [29/Jul/2026:23:44:52 -0300] "GET / HTTP/1.1" 200 41002 "-" "Mozilla/5.0 (Windows NT 10.0; Win64; x64) AppleWebKit/537.36 (KHTML, like Gecko) Chrome/120.0.0.0 Safari/537.36" "-"
207.204.114.106 - - [29/Jul/2026:23:44:53 -0300] "GET /wp-json/wp/v2/settings HTTP/1.1" 200 404 "-" "Mozilla/5.0 (Windows NT 10.0; Win64; x64) AppleWebKit/537.36 (KHTML, like Gecko) Chrome/120.0.0.0 Safari/537.36" "-"
207.204.114.106 - - [29/Jul/2026:23:44:54 -0300] "GET /wp-json/wp/v2/pages?per_page=100&page=1&orderby=menu_order&order=asc&_fields=id,link,content HTTP/1.1" 200 3506 "-" "Mozilla/5.0 (Windows NT 10.0; Win64; x64) AppleWebKit/537.36 (KHTML, like Gecko) Chrome/120.0.0.0 Safari/537.36" "-"
91.73.40.138 - - [29/Jul/2026:23:44:57 -0300] "GET /wp-login.php HTTP/1.1" 200 2962 "-" "Mozilla/5.0 (Windows NT 10.0; Win64; x64) AppleWebKit/537.36 (KHTML, like Gecko) Chrome/120.0.0.0 Safari/537.36" "-"
190.11.58.55 - - [29/Jul/2026:23:44:58 -0300] "POST /testbot/HVidD74XP83CP8wXsd/bridgesisbotsgt.php HTTP/1.1" 200 45 "-" "-" "-"
91.73.40.138 - - [29/Jul/2026:23:44:59 -0300] "POST /wp-login.php HTTP/1.1" 302 5 "https://www.bottaingenieria.com.ar/wp-login.php" "Mozilla/5.0 (Windows NT 10.0; Win64; x64) AppleWebKit/537.36 (KHTML, like Gecko) Chrome/120.0.0.0 Safari/537.36" "-"
112.205.57.231 - - [29/Jul/2026:23:45:00 -0300] "GET / HTTP/1.1" 200 41002 "-" "Mozilla/5.0 (Windows NT 10.0; Win64; x64) AppleWebKit/537.36 (KHTML, like Gecko) Chrome/120.0.0.0 Safari/537.36" "-"
91.73.40.138 - - [29/Jul/2026:23:45:01 -0300] "GET /wp-admin/ HTTP/1.1" 200 85995 "https://www.bottaingenieria.com.ar/wp-login.php" "Mozilla/5.0 (Windows NT 10.0; Win64; x64) AppleWebKit/537.36 (KHTML, like Gecko) Chrome/120.0.0.0 Safari/537.36" "-"
159.223.102.202 - - [29/Jul/2026:23:45:05 -0300] "POST /wp-cron.php?doing_wp_cron=1785379505.4792630672454833984375 HTTP/1.1" 200 11 "-" "WordPress/6.9.4; https://www.bottaingenieria.com.ar" "-"
103.87.136.58 - - [29/Jul/2026:23:45:05 -0300] "GET /wp-login.php HTTP/1.1" 200 2962 "-" "Mozilla/5.0 (Windows NT 10.0; Win64; x64) AppleWebKit/537.36 (KHTML, like Gecko) Chrome/120.0.0.0 Safari/537.36" "-"
103.87.136.58 - - [29/Jul/2026:23:45:07 -0300] "POST /wp-login.php HTTP/1.1" 302 5 "https://www.bottaingenieria.com.ar/wp-login.php" "Mozilla/5.0 (Windows NT 10.0; Win64; x64) AppleWebKit/537.36 (KHTML, like Gecko) Chrome/120.0.0.0 Safari/537.36" "-"
