190.11.58.55 - - [23/Jul/2026:09:26:34 -0300] "POST /testbot/HVidD74XP83CP8wXsd/bridgesisbotsgt.php HTTP/1.1" 200 45 "-" "-" "-"
190.11.58.55 - - [23/Jul/2026:09:28:28 -0300] "POST /testbot/HVidD74XP83CP8wXsd/bridgesisbotsgt.php HTTP/1.1" 200 45 "-" "-" "-"
181.117.208.41 - - [23/Jul/2026:09:28:29 -0300] "GET /accesostock/accesoaplicacion.php?name=Sunsea_2&pass=X5aLbuMSE1yOzB8DU2Az HTTP/1.1" 301 162 "-" "-" "-"
190.11.58.55 - - [23/Jul/2026:09:28:52 -0300] "POST /testbot/HVidD74XP83CP8wXsd/bridgesisbotsgt.php HTTP/1.1" 200 45 "-" "-" "-"
190.11.58.55 - - [23/Jul/2026:09:30:02 -0300] "POST /testbot/HVidD74XP83CP8wXsd/bridgesisbotsgt.php HTTP/1.1" 200 45 "-" "-" "-"
190.11.58.55 - - [23/Jul/2026:09:30:25 -0300] "POST /testbot/HVidD74XP83CP8wXsd/bridgesisbotsgt.php HTTP/1.1" 200 45 "-" "-" "-"
190.11.58.55 - - [23/Jul/2026:09:30:30 -0300] "POST /testbot/HVidD74XP83CP8wXsd/bridgesisbotsgt.php HTTP/1.1" 200 45 "-" "-" "-"
190.11.58.55 - - [23/Jul/2026:09:31:52 -0300] "POST /testbot/HVidD74XP83CP8wXsd/bridgesisbotsgt.php HTTP/1.1" 200 45 "-" "-" "-"
179.60.6.91 - - [23/Jul/2026:09:34:40 -0300] "GET /accesostock/accesoaplicacion.php?name=Deascencao_2&pass=rlalu5840KDlkd765%25P HTTP/1.1" 301 162 "-" "-" "-"
190.11.58.55 - - [23/Jul/2026:09:35:19 -0300] "POST /testbot/HVidD74XP83CP8wXsd/bridgesisbotsgt.php HTTP/1.1" 200 45 "-" "-" "-"
190.11.58.55 - - [23/Jul/2026:09:35:52 -0300] "POST /testbot/HVidD74XP83CP8wXsd/bridgesisbotsgt.php HTTP/1.1" 200 45 "-" "-" "-"
190.11.58.55 - - [23/Jul/2026:09:35:58 -0300] "POST /testbot/HVidD74XP83CP8wXsd/bridgesisbotsgt.php HTTP/1.1" 200 45 "-" "-" "-"
190.11.58.55 - - [23/Jul/2026:09:37:13 -0300] "POST /testbot/HVidD74XP83CP8wXsd/bridgesisbotsgt.php HTTP/1.1" 200 45 "-" "-" "-"
190.11.58.55 - - [23/Jul/2026:09:37:21 -0300] "POST /testbot/HVidD74XP83CP8wXsd/bridgesisbotsgt.php HTTP/1.1" 200 45 "-" "-" "-"
190.11.58.55 - - [23/Jul/2026:09:39:35 -0300] "POST /testbot/HVidD74XP83CP8wXsd/bridgesisbotsgt.php HTTP/1.1" 200 45 "-" "-" "-"
190.11.58.55 - - [23/Jul/2026:09:40:22 -0300] "POST /testbot/HVidD74XP83CP8wXsd/bridgesisbotsgt.php HTTP/1.1" 200 45 "-" "-" "-"
190.11.58.55 - - [23/Jul/2026:09:40:44 -0300] "POST /testbot/HVidD74XP83CP8wXsd/bridgesisbotsgt.php HTTP/1.1" 200 45 "-" "-" "-"
190.11.58.55 - - [23/Jul/2026:09:42:17 -0300] "POST /testbot/HVidD74XP83CP8wXsd/bridgesisbotsgt.php HTTP/1.1" 200 45 "-" "-" "-"
190.11.58.55 - - [23/Jul/2026:09:42:35 -0300] "POST /testbot/HVidD74XP83CP8wXsd/bridgesisbotsgt.php HTTP/1.1" 200 45 "-" "-" "-"
190.11.58.55 - - [23/Jul/2026:09:43:32 -0300] "POST /testbot/HVidD74XP83CP8wXsd/bridgesisbotsgt.php HTTP/1.1" 200 45 "-" "-" "-"
190.11.58.55 - - [23/Jul/2026:09:43:38 -0300] "POST /testbot/HVidD74XP83CP8wXsd/bridgesisbotsgt.php HTTP/1.1" 200 45 "-" "-" "-"
190.11.58.55 - - [23/Jul/2026:09:45:34 -0300] "POST /testbot/HVidD74XP83CP8wXsd/bridgesisbotsgt.php HTTP/1.1" 200 45 "-" "-" "-"
190.11.58.55 - - [23/Jul/2026:09:45:53 -0300] "POST /testbot/HVidD74XP83CP8wXsd/bridgesisbotsgt.php HTTP/1.1" 200 45 "-" "-" "-"
190.11.58.55 - - [23/Jul/2026:09:46:08 -0300] "POST /testbot/HVidD74XP83CP8wXsd/bridgesisbotsgt.php HTTP/1.1" 200 45 "-" "-" "-"
190.11.58.55 - - [23/Jul/2026:09:51:05 -0300] "POST /testbot/HVidD74XP83CP8wXsd/bridgesisbotsgt.php HTTP/1.1" 200 45 "-" "-" "-"
190.11.58.55 - - [23/Jul/2026:09:51:17 -0300] "POST /testbot/HVidD74XP83CP8wXsd/bridgesisbotsgt.php HTTP/1.1" 200 45 "-" "-" "-"
159.223.102.202 - - [23/Jul/2026:09:55:04 -0300] "POST /wp-cron.php?doing_wp_cron=1784811304.5226240158081054687500 HTTP/1.1" 200 11 "-" "WordPress/6.9.4; https://www.bottaingenieria.com.ar" "-"
54.39.136.35 - - [23/Jul/2026:09:55:04 -0300] "GET /wp-sitemap.xml HTTP/2.0" 200 194 "-" "Mozilla/5.0 (compatible; AhrefsBot/7.0; +http://ahrefs.com/robot/)" "-"
54.39.136.252 - - [23/Jul/2026:09:55:06 -0300] "GET /wp-sitemap-posts-post-1.xml HTTP/2.0" 200 193 "-" "Mozilla/5.0 (compatible; AhrefsBot/7.0; +http://ahrefs.com/robot/)" "-"
190.11.58.55 - - [23/Jul/2026:09:55:50 -0300] "POST /testbot/HVidD74XP83CP8wXsd/bridgesisbotsgt.php HTTP/1.1" 200 45 "-" "-" "-"
148.113.130.197 - - [23/Jul/2026:09:55:53 -0300] "GET /wp-sitemap-posts-page-1.xml HTTP/2.0" 200 344 "-" "Mozilla/5.0 (compatible; AhrefsBot/7.0; +http://ahrefs.com/robot/)" "-"
148.113.128.54 - - [23/Jul/2026:09:55:55 -0300] "GET /wp-sitemap-posts-product-1.xml HTTP/2.0" 200 234 "-" "Mozilla/5.0 (compatible; AhrefsBot/7.0; +http://ahrefs.com/robot/)" "-"
54.39.89.252 - - [23/Jul/2026:09:55:57 -0300] "GET /wp-sitemap-taxonomies-category-1.xml HTTP/2.0" 200 153 "-" "Mozilla/5.0 (compatible; AhrefsBot/7.0; +http://ahrefs.com/robot/)" "-"
142.44.228.200 - - [23/Jul/2026:09:55:58 -0300] "GET /wp-sitemap-taxonomies-product_cat-1.xml HTTP/2.0" 200 160 "-" "Mozilla/5.0 (compatible; AhrefsBot/7.0; +http://ahrefs.com/robot/)" "-"
54.39.203.150 - - [23/Jul/2026:09:56:00 -0300] "GET /wp-sitemap-users-1.xml HTTP/2.0" 200 148 "-" "Mozilla/5.0 (compatible; AhrefsBot/7.0; +http://ahrefs.com/robot/)" "-"
190.11.58.55 - - [23/Jul/2026:09:56:03 -0300] "POST /testbot/HVidD74XP83CP8wXsd/bridgesisbotsgt.php HTTP/1.1" 200 45 "-" "-" "-"
190.11.58.55 - - [23/Jul/2026:09:56:09 -0300] "POST /testbot/HVidD74XP83CP8wXsd/bridgesisbotsgt.php HTTP/1.1" 200 45 "-" "-" "-"
190.11.58.55 - - [23/Jul/2026:09:56:18 -0300] "POST /testbot/HVidD74XP83CP8wXsd/bridgesisbotsgt.php HTTP/1.1" 200 45 "-" "-" "-"
190.11.58.55 - - [23/Jul/2026:09:56:37 -0300] "POST /testbot/HVidD74XP83CP8wXsd/bridgesisbotsgt.php HTTP/1.1" 200 45 "-" "-" "-"
190.11.58.55 - - [23/Jul/2026:09:57:04 -0300] "POST /testbot/HVidD74XP83CP8wXsd/bridgesisbotsgt.php HTTP/1.1" 200 45 "-" "-" "-"
190.11.58.55 - - [23/Jul/2026:09:57:13 -0300] "POST /testbot/HVidD74XP83CP8wXsd/bridgesisbotsgt.php HTTP/1.1" 200 45 "-" "-" "-"
190.11.58.55 - - [23/Jul/2026:09:57:26 -0300] "POST /testbot/HVidD74XP83CP8wXsd/bridgesisbotsgt.php HTTP/1.1" 200 45 "-" "-" "-"
190.11.58.55 - - [23/Jul/2026:09:57:42 -0300] "POST /testbot/HVidD74XP83CP8wXsd/bridgesisbotsgt.php HTTP/1.1" 200 45 "-" "-" "-"
190.11.58.55 - - [23/Jul/2026:09:58:51 -0300] "POST /testbot/HVidD74XP83CP8wXsd/bridgesisbotsgt.php HTTP/1.1" 200 45 "-" "-" "-"
190.11.58.55 - - [23/Jul/2026:10:01:07 -0300] "POST /testbot/HVidD74XP83CP8wXsd/bridgesisbotsgt.php HTTP/1.1" 200 45 "-" "-" "-"
190.11.58.55 - - [23/Jul/2026:10:01:19 -0300] "POST /testbot/HVidD74XP83CP8wXsd/bridgesisbotsgt.php HTTP/1.1" 200 45 "-" "-" "-"
190.11.58.55 - - [23/Jul/2026:10:03:11 -0300] "POST /testbot/HVidD74XP83CP8wXsd/bridgesisbotsgt.php HTTP/1.1" 200 45 "-" "-" "-"
190.11.58.55 - - [23/Jul/2026:10:04:37 -0300] "POST /testbot/HVidD74XP83CP8wXsd/bridgesisbotsgt.php HTTP/1.1" 200 45 "-" "-" "-"
190.11.58.55 - - [23/Jul/2026:10:05:35 -0300] "POST /testbot/HVidD74XP83CP8wXsd/bridgesisbotsgt.php HTTP/1.1" 200 45 "-" "-" "-"
190.11.58.55 - - [23/Jul/2026:10:05:40 -0300] "POST /testbot/HVidD74XP83CP8wXsd/bridgesisbotsgt.php HTTP/1.1" 200 45 "-" "-" "-"
190.11.58.55 - - [23/Jul/2026:10:05:47 -0300] "POST /testbot/HVidD74XP83CP8wXsd/bridgesisbotsgt.php HTTP/1.1" 200 45 "-" "-" "-"
181.92.172.153 - - [23/Jul/2026:10:06:54 -0300] "GET /accesostock/accesoaplicacion.php?name=filomeno_3&pass=rlalu5840KDlkd765%25P HTTP/1.1" 301 162 "-" "-" "-"
159.223.102.202 - - [23/Jul/2026:10:08:10 -0300] "POST /wp-cron.php?doing_wp_cron=1784812090.5392229557037353515625 HTTP/1.1" 200 11 "-" "WordPress/6.9.4; https://www.bottaingenieria.com.ar" "-"
34.195.16.23 - - [23/Jul/2026:10:08:10 -0300] "GET /robots.txt HTTP/1.1" 200 171 "-" "Mozilla/5.0 (Macintosh; Intel Mac OS X 10_10_1) AppleWebKit/600.2.5 (KHTML, like Gecko) Version/8.0.2 Safari/600.2.5 (Gort)" "-"
190.11.58.55 - - [23/Jul/2026:10:08:59 -0300] "POST /testbot/HVidD74XP83CP8wXsd/bridgesisbotsgt.php HTTP/1.1" 200 45 "-" "-" "-"
190.11.58.55 - - [23/Jul/2026:10:09:06 -0300] "POST /testbot/HVidD74XP83CP8wXsd/bridgesisbotsgt.php HTTP/1.1" 200 45 "-" "-" "-"
190.11.58.55 - - [23/Jul/2026:10:09:54 -0300] "POST /testbot/HVidD74XP83CP8wXsd/bridgesisbotsgt.php HTTP/1.1" 200 45 "-" "-" "-"
190.11.58.55 - - [23/Jul/2026:10:10:22 -0300] "POST /testbot/HVidD74XP83CP8wXsd/bridgesisbotsgt.php HTTP/1.1" 200 45 "-" "-" "-"
190.11.58.55 - - [23/Jul/2026:10:10:40 -0300] "POST /testbot/HVidD74XP83CP8wXsd/bridgesisbotsgt.php HTTP/1.1" 200 45 "-" "-" "-"
190.11.58.55 - - [23/Jul/2026:10:13:00 -0300] "POST /testbot/HVidD74XP83CP8wXsd/bridgesisbotsgt.php HTTP/1.1" 200 45 "-" "-" "-"
190.11.58.55 - - [23/Jul/2026:10:14:55 -0300] "POST /testbot/HVidD74XP83CP8wXsd/bridgesisbotsgt.php HTTP/1.1" 200 45 "-" "-" "-"
190.11.58.55 - - [23/Jul/2026:10:15:04 -0300] "POST /testbot/HVidD74XP83CP8wXsd/bridgesisbotsgt.php HTTP/1.1" 200 45 "-" "-" "-"
190.11.58.55 - - [23/Jul/2026:10:16:18 -0300] "POST /testbot/HVidD74XP83CP8wXsd/bridgesisbotsgt.php HTTP/1.1" 200 45 "-" "-" "-"
190.11.58.55 - - [23/Jul/2026:10:16:33 -0300] "POST /testbot/HVidD74XP83CP8wXsd/bridgesisbotsgt.php HTTP/1.1" 200 45 "-" "-" "-"
159.223.102.202 - - [23/Jul/2026:10:17:25 -0300] "POST /wp-cron.php?doing_wp_cron=1784812645.4059538841247558593750 HTTP/1.1" 200 11 "-" "WordPress/6.9.4; https://www.bottaingenieria.com.ar" "-"
34.96.62.135 - - [23/Jul/2026:10:17:25 -0300] "GET / HTTP/1.1" 200 48662 "-" "Mozilla/5.0 (Windows NT 10.0; Win64; x64) AppleWebKit/537.36 (KHTML, like Gecko) Chrome/121.0.0.0 Safari/537.36" "-"
34.96.62.135 - - [23/Jul/2026:10:17:26 -0300] "GET / HTTP/1.1" 200 157824 "-" "Mozilla/5.0 (Windows NT 10.0; Win64; x64) AppleWebKit/537.36 (KHTML, like Gecko) Chrome/121.0.0.0 Safari/537.36" "-"
190.11.58.55 - - [23/Jul/2026:10:17:50 -0300] "POST /testbot/HVidD74XP83CP8wXsd/bridgesisbotsgt.php HTTP/1.1" 200 45 "-" "-" "-"
190.11.58.55 - - [23/Jul/2026:10:18:09 -0300] "POST /testbot/HVidD74XP83CP8wXsd/bridgesisbotsgt.php HTTP/1.1" 200 45 "-" "-" "-"
190.11.58.55 - - [23/Jul/2026:10:21:26 -0300] "POST /testbot/HVidD74XP83CP8wXsd/bridgesisbotsgt.php HTTP/1.1" 200 45 "-" "-" "-"
159.223.102.202 - - [23/Jul/2026:10:21:44 -0300] "GET /init-notica.php HTTP/2.0" 200 72972 "-" "curl/8.5.0" "-"
159.223.102.202 - - [23/Jul/2026:10:22:35 -0300] "POST /wp-cron.php?doing_wp_cron=1784812955.8703329563140869140625 HTTP/1.1" 200 11 "-" "WordPress/6.9.4; https://www.bottaingenieria.com.ar" "-"
74.7.244.26 - - [23/Jul/2026:10:22:35 -0300] "GET /robots.txt HTTP/2.0" 200 141 "https://bottaingenieria.com.ar/robots.txt" "Mozilla/5.0 (Macintosh; Intel Mac OS X 10_15_7) AppleWebKit/537.36 (KHTML, like Gecko) Chrome/131.0.0.0 Safari/537.36; compatible; OAI-SearchBot/1.4; robots.txt; +https://openai.com/searchbot" "-"
190.11.58.55 - - [23/Jul/2026:10:25:03 -0300] "POST /testbot/HVidD74XP83CP8wXsd/bridgesisbotsgt.php HTTP/1.1" 200 45 "-" "-" "-"
190.11.58.55 - - [23/Jul/2026:10:25:28 -0300] "POST /testbot/HVidD74XP83CP8wXsd/bridgesisbotsgt.php HTTP/1.1" 200 45 "-" "-" "-"
190.11.58.55 - - [23/Jul/2026:10:25:37 -0300] "POST /testbot/HVidD74XP83CP8wXsd/bridgesisbotsgt.php HTTP/1.1" 200 45 "-" "-" "-"
190.11.58.55 - - [23/Jul/2026:10:26:22 -0300] "POST /testbot/HVidD74XP83CP8wXsd/bridgesisbotsgt.php HTTP/1.1" 200 45 "-" "-" "-"
190.11.58.55 - - [23/Jul/2026:10:28:49 -0300] "POST /testbot/HVidD74XP83CP8wXsd/bridgesisbotsgt.php HTTP/1.1" 200 45 "-" "-" "-"
190.11.58.55 - - [23/Jul/2026:10:32:19 -0300] "POST /testbot/HVidD74XP83CP8wXsd/bridgesisbotsgt.php HTTP/1.1" 200 45 "-" "-" "-"
190.11.58.55 - - [23/Jul/2026:10:32:37 -0300] "POST /testbot/HVidD74XP83CP8wXsd/bridgesisbotsgt.php HTTP/1.1" 200 45 "-" "-" "-"
190.11.58.55 - - [23/Jul/2026:10:32:49 -0300] "POST /testbot/HVidD74XP83CP8wXsd/bridgesisbotsgt.php HTTP/1.1" 200 45 "-" "-" "-"
190.11.58.55 - - [23/Jul/2026:10:32:58 -0300] "POST /testbot/HVidD74XP83CP8wXsd/bridgesisbotsgt.php HTTP/1.1" 200 45 "-" "-" "-"
190.11.58.55 - - [23/Jul/2026:10:33:03 -0300] "POST /testbot/HVidD74XP83CP8wXsd/bridgesisbotsgt.php HTTP/1.1" 200 45 "-" "-" "-"
190.11.58.55 - - [23/Jul/2026:10:33:08 -0300] "POST /testbot/HVidD74XP83CP8wXsd/bridgesisbotsgt.php HTTP/1.1" 200 45 "-" "-" "-"
190.11.58.55 - - [23/Jul/2026:10:33:32 -0300] "POST /testbot/HVidD74XP83CP8wXsd/bridgesisbotsgt.php HTTP/1.1" 200 45 "-" "-" "-"
190.11.58.55 - - [23/Jul/2026:10:38:01 -0300] "POST /testbot/HVidD74XP83CP8wXsd/bridgesisbotsgt.php HTTP/1.1" 200 45 "-" "-" "-"
190.11.58.55 - - [23/Jul/2026:10:38:18 -0300] "POST /testbot/HVidD74XP83CP8wXsd/bridgesisbotsgt.php HTTP/1.1" 200 45 "-" "-" "-"
190.11.58.55 - - [23/Jul/2026:10:38:26 -0300] "POST /testbot/HVidD74XP83CP8wXsd/bridgesisbotsgt.php HTTP/1.1" 200 45 "-" "-" "-"
190.11.58.55 - - [23/Jul/2026:10:38:45 -0300] "POST /testbot/HVidD74XP83CP8wXsd/bridgesisbotsgt.php HTTP/1.1" 200 45 "-" "-" "-"
159.223.102.202 - - [23/Jul/2026:10:39:15 -0300] "POST /wp-cron.php?doing_wp_cron=1784813955.4553461074829101562500 HTTP/1.1" 200 11 "-" "WordPress/6.9.4; https://www.bottaingenieria.com.ar" "-"
43.135.36.201 - - [23/Jul/2026:10:39:15 -0300] "GET / HTTP/1.1" 200 183798 "http://bottaingenieria.com.ar" "Mozilla/5.0 (iPhone; CPU iPhone OS 13_2_3 like Mac OS X) AppleWebKit/605.1.15 (KHTML, like Gecko) Version/13.0.3 Mobile/15E148 Safari/604.1" "-"
181.117.208.41 - - [23/Jul/2026:10:40:09 -0300] "GET /accesostock/accesoaplicacion.php?name=Almada_15&pass=X5aLbuMSE1yOzB8DU2Az HTTP/1.1" 301 162 "-" "-" "-"
190.11.58.55 - - [23/Jul/2026:10:41:48 -0300] "POST /testbot/HVidD74XP83CP8wXsd/bridgesisbotsgt.php HTTP/1.1" 200 45 "-" "-" "-"
190.11.58.55 - - [23/Jul/2026:10:46:51 -0300] "POST /testbot/HVidD74XP83CP8wXsd/bridgesisbotsgt.php HTTP/1.1" 200 45 "-" "-" "-"
190.11.58.55 - - [23/Jul/2026:10:47:45 -0300] "POST /testbot/HVidD74XP83CP8wXsd/bridgesisbotsgt.php HTTP/1.1" 200 45 "-" "-" "-"
190.11.58.55 - - [23/Jul/2026:10:47:46 -0300] "POST /testbot/HVidD74XP83CP8wXsd/bridgesisbotsgt.php HTTP/1.1" 200 45 "-" "-" "-"
190.11.58.55 - - [23/Jul/2026:10:50:15 -0300] "POST /testbot/HVidD74XP83CP8wXsd/bridgesisbotsgt.php HTTP/1.1" 200 45 "-" "-" "-"
190.11.58.55 - - [23/Jul/2026:10:50:36 -0300] "POST /testbot/HVidD74XP83CP8wXsd/bridgesisbotsgt.php HTTP/1.1" 200 45 "-" "-" "-"
190.11.58.55 - - [23/Jul/2026:10:50:42 -0300] "POST /testbot/HVidD74XP83CP8wXsd/bridgesisbotsgt.php HTTP/1.1" 200 45 "-" "-" "-"
190.11.58.55 - - [23/Jul/2026:10:50:45 -0300] "POST /testbot/HVidD74XP83CP8wXsd/bridgesisbotsgt.php HTTP/1.1" 200 45 "-" "-" "-"
190.11.58.55 - - [23/Jul/2026:10:51:04 -0300] "POST /testbot/HVidD74XP83CP8wXsd/bridgesisbotsgt.php HTTP/1.1" 200 45 "-" "-" "-"
190.11.58.55 - - [23/Jul/2026:10:51:27 -0300] "POST /testbot/HVidD74XP83CP8wXsd/bridgesisbotsgt.php HTTP/1.1" 200 45 "-" "-" "-"
190.11.58.55 - - [23/Jul/2026:10:52:45 -0300] "POST /testbot/HVidD74XP83CP8wXsd/bridgesisbotsgt.php HTTP/1.1" 200 45 "-" "-" "-"
190.11.58.55 - - [23/Jul/2026:10:53:58 -0300] "POST /testbot/HVidD74XP83CP8wXsd/bridgesisbotsgt.php HTTP/1.1" 200 45 "-" "-" "-"
190.11.58.55 - - [23/Jul/2026:10:55:17 -0300] "POST /testbot/HVidD74XP83CP8wXsd/bridgesisbotsgt.php HTTP/1.1" 200 45 "-" "-" "-"
190.11.58.55 - - [23/Jul/2026:11:00:30 -0300] "POST /testbot/HVidD74XP83CP8wXsd/bridgesisbotsgt.php HTTP/1.1" 200 45 "-" "-" "-"
190.11.58.55 - - [23/Jul/2026:11:00:54 -0300] "POST /testbot/HVidD74XP83CP8wXsd/bridgesisbotsgt.php HTTP/1.1" 200 45 "-" "-" "-"
190.11.58.55 - - [23/Jul/2026:11:02:21 -0300] "POST /testbot/HVidD74XP83CP8wXsd/bridgesisbotsgt.php HTTP/1.1" 200 45 "-" "-" "-"
190.11.58.55 - - [23/Jul/2026:11:02:42 -0300] "POST /testbot/HVidD74XP83CP8wXsd/bridgesisbotsgt.php HTTP/1.1" 200 45 "-" "-" "-"
190.11.58.55 - - [23/Jul/2026:11:04:54 -0300] "POST /testbot/HVidD74XP83CP8wXsd/bridgesisbotsgt.php HTTP/1.1" 200 45 "-" "-" "-"
190.11.58.55 - - [23/Jul/2026:11:05:04 -0300] "POST /testbot/HVidD74XP83CP8wXsd/bridgesisbotsgt.php HTTP/1.1" 200 45 "-" "-" "-"
190.11.58.55 - - [23/Jul/2026:11:05:11 -0300] "POST /testbot/HVidD74XP83CP8wXsd/bridgesisbotsgt.php HTTP/1.1" 200 45 "-" "-" "-"
190.11.58.55 - - [23/Jul/2026:11:05:23 -0300] "POST /testbot/HVidD74XP83CP8wXsd/bridgesisbotsgt.php HTTP/1.1" 200 45 "-" "-" "-"
190.11.58.55 - - [23/Jul/2026:11:07:28 -0300] "POST /testbot/HVidD74XP83CP8wXsd/bridgesisbotsgt.php HTTP/1.1" 200 45 "-" "-" "-"
190.11.58.55 - - [23/Jul/2026:11:07:37 -0300] "POST /testbot/HVidD74XP83CP8wXsd/bridgesisbotsgt.php HTTP/1.1" 200 45 "-" "-" "-"
190.11.58.55 - - [23/Jul/2026:11:08:45 -0300] "POST /testbot/HVidD74XP83CP8wXsd/bridgesisbotsgt.php HTTP/1.1" 200 45 "-" "-" "-"
159.223.102.202 - - [23/Jul/2026:11:11:36 -0300] "POST /wp-cron.php?doing_wp_cron=1784815896.7519209384918212890625 HTTP/1.1" 200 11 "-" "WordPress/6.9.4; https://www.bottaingenieria.com.ar" "-"
74.7.244.26 - - [23/Jul/2026:11:11:36 -0300] "GET /robots.txt HTTP/2.0" 200 141 "http://bottaingenieria.com.ar/robots.txt" "Mozilla/5.0 (Macintosh; Intel Mac OS X 10_15_7) AppleWebKit/537.36 (KHTML, like Gecko) Chrome/131.0.0.0 Safari/537.36; compatible; OAI-SearchBot/1.4; robots.txt; +https://openai.com/searchbot" "-"
74.7.244.54 - - [23/Jul/2026:11:12:01 -0300] "GET /robots.txt HTTP/2.0" 200 141 "-" "Mozilla/5.0 (Macintosh; Intel Mac OS X 10_15_7) AppleWebKit/537.36 (KHTML, like Gecko) Chrome/131.0.0.0 Safari/537.36; compatible; OAI-SearchBot/1.4; robots.txt; +https://openai.com/searchbot" "-"
190.11.58.55 - - [23/Jul/2026:11:12:02 -0300] "POST /testbot/HVidD74XP83CP8wXsd/bridgesisbotsgt.php HTTP/1.1" 200 45 "-" "-" "-"
159.223.102.202 - - [23/Jul/2026:11:12:06 -0300] "POST /wp-cron.php?doing_wp_cron=1784815926.3414819240570068359375 HTTP/1.1" 200 11 "-" "WordPress/6.9.4; https://www.bottaingenieria.com.ar" "-"
74.7.242.0 - - [23/Jul/2026:11:12:06 -0300] "GET / HTTP/2.0" 200 157810 "http://bottaingenieria.com.ar" "Mozilla/5.0 AppleWebKit/537.36 (KHTML, like Gecko; compatible; GPTBot/1.4; +https://openai.com/gptbot)" "-"
159.223.102.202 - - [23/Jul/2026:11:14:26 -0300] "POST /wp-cron.php?doing_wp_cron=1784816066.1968789100646972656250 HTTP/1.1" 200 11 "-" "WordPress/6.9.4; https://www.bottaingenieria.com.ar" "-"
52.167.144.57 - - [23/Jul/2026:11:14:26 -0300] "GET /robots.txt HTTP/2.0" 200 141 "-" "Mozilla/5.0 AppleWebKit/537.36 (KHTML, like Gecko; compatible; bingbot/2.0; +http://www.bing.com/bingbot.htm) Chrome/116.0.1938.76 Safari/537.36" "-"
52.167.144.168 - - [23/Jul/2026:11:14:35 -0300] "GET /wp-sitemap-users-1.xml HTTP/2.0" 200 148 "-" "Mozilla/5.0 AppleWebKit/537.36 (KHTML, like Gecko; compatible; bingbot/2.0; +http://www.bing.com/bingbot.htm) Chrome/116.0.1938.76 Safari/537.36" "-"
190.11.58.55 - - [23/Jul/2026:11:16:23 -0300] "POST /testbot/HVidD74XP83CP8wXsd/bridgesisbotsgt.php HTTP/1.1" 200 45 "-" "-" "-"
34.96.62.176 - - [23/Jul/2026:11:17:26 -0300] "GET / HTTP/1.1" 499 0 "-" "Mozilla/5.0 (Windows NT 10.0; Win64; x64) AppleWebKit/537.36 (KHTML, like Gecko) Chrome/121.0.0.0 Safari/537.36" "-"
159.223.102.202 - - [23/Jul/2026:11:17:28 -0300] "POST /wp-cron.php?doing_wp_cron=1784816248.3590610027313232421875 HTTP/1.1" 200 11 "-" "WordPress/6.9.4; https://www.bottaingenieria.com.ar" "-"
34.96.62.176 - - [23/Jul/2026:11:17:29 -0300] "GET / HTTP/1.1" 200 157821 "-" "Mozilla/5.0 (Windows NT 10.0; Win64; x64) AppleWebKit/537.36 (KHTML, like Gecko) Chrome/121.0.0.0 Safari/537.36" "-"
190.11.58.55 - - [23/Jul/2026:11:18:25 -0300] "POST /testbot/HVidD74XP83CP8wXsd/bridgesisbotsgt.php HTTP/1.1" 200 45 "-" "-" "-"
190.11.58.55 - - [23/Jul/2026:11:18:28 -0300] "POST /testbot/HVidD74XP83CP8wXsd/bridgesisbotsgt.php HTTP/1.1" 200 45 "-" "-" "-"
190.11.58.55 - - [23/Jul/2026:11:18:40 -0300] "POST /testbot/HVidD74XP83CP8wXsd/bridgesisbotsgt.php HTTP/1.1" 200 45 "-" "-" "-"
190.11.58.55 - - [23/Jul/2026:11:18:56 -0300] "POST /testbot/HVidD74XP83CP8wXsd/bridgesisbotsgt.php HTTP/1.1" 200 45 "-" "-" "-"
190.11.58.55 - - [23/Jul/2026:11:19:40 -0300] "POST /testbot/HVidD74XP83CP8wXsd/bridgesisbotsgt.php HTTP/1.1" 200 45 "-" "-" "-"
190.11.58.55 - - [23/Jul/2026:11:21:08 -0300] "POST /testbot/HVidD74XP83CP8wXsd/bridgesisbotsgt.php HTTP/1.1" 200 45 "-" "-" "-"
159.223.102.202 - - [23/Jul/2026:11:21:20 -0300] "POST /wp-cron.php?doing_wp_cron=1784816480.3996210098266601562500 HTTP/1.1" 200 11 "-" "WordPress/6.9.4; https://www.bottaingenieria.com.ar" "-"
52.167.144.181 - - [23/Jul/2026:11:21:20 -0300] "GET /wp-sitemap-posts-post-1.xml HTTP/2.0" 200 193 "-" "Mozilla/5.0 AppleWebKit/537.36 (KHTML, like Gecko; compatible; bingbot/2.0; +http://www.bing.com/bingbot.htm) Chrome/116.0.1938.76 Safari/537.36" "-"
43.165.4.2 - - [23/Jul/2026:11:24:29 -0300] "GET / HTTP/1.1" 301 162 "-" "Mozilla/5.0 (iPhone; CPU iPhone OS 13_2_3 like Mac OS X) AppleWebKit/605.1.15 (KHTML, like Gecko) Version/13.0.3 Mobile/15E148 Safari/604.1" "-"
159.223.102.202 - - [23/Jul/2026:11:24:31 -0300] "POST /wp-cron.php?doing_wp_cron=1784816671.5941059589385986328125 HTTP/1.1" 200 11 "-" "WordPress/6.9.4; https://www.bottaingenieria.com.ar" "-"
43.165.4.2 - - [23/Jul/2026:11:24:31 -0300] "GET / HTTP/1.1" 200 183798 "http://www.bottaingenieria.com.ar" "Mozilla/5.0 (iPhone; CPU iPhone OS 13_2_3 like Mac OS X) AppleWebKit/605.1.15 (KHTML, like Gecko) Version/13.0.3 Mobile/15E148 Safari/604.1" "-"
190.11.58.55 - - [23/Jul/2026:11:25:04 -0300] "POST /testbot/HVidD74XP83CP8wXsd/bridgesisbotsgt.php HTTP/1.1" 200 45 "-" "-" "-"
190.11.58.55 - - [23/Jul/2026:11:28:40 -0300] "POST /testbot/HVidD74XP83CP8wXsd/bridgesisbotsgt.php HTTP/1.1" 200 45 "-" "-" "-"
190.11.58.55 - - [23/Jul/2026:11:29:07 -0300] "POST /testbot/HVidD74XP83CP8wXsd/bridgesisbotsgt.php HTTP/1.1" 200 45 "-" "-" "-"
190.11.58.55 - - [23/Jul/2026:11:29:20 -0300] "POST /testbot/HVidD74XP83CP8wXsd/bridgesisbotsgt.php HTTP/1.1" 200 45 "-" "-" "-"
190.11.58.55 - - [23/Jul/2026:11:29:35 -0300] "POST /testbot/HVidD74XP83CP8wXsd/bridgesisbotsgt.php HTTP/1.1" 200 45 "-" "-" "-"
159.223.102.202 - - [23/Jul/2026:11:34:40 -0300] "POST /wp-cron.php?doing_wp_cron=1784817280.0211670398712158203125 HTTP/1.1" 200 11 "-" "WordPress/6.9.4; https://www.bottaingenieria.com.ar" "-"
167.114.139.87 - - [23/Jul/2026:11:34:40 -0300] "GET /wp-sitemap.xml HTTP/2.0" 200 194 "-" "Mozilla/5.0 (compatible; AhrefsBot/7.0; +http://ahrefs.com/robot/)" "-"
15.235.27.64 - - [23/Jul/2026:11:34:41 -0300] "GET /wp-sitemap-posts-post-1.xml HTTP/2.0" 200 193 "-" "Mozilla/5.0 (compatible; AhrefsBot/7.0; +http://ahrefs.com/robot/)" "-"
142.44.225.48 - - [23/Jul/2026:11:34:43 -0300] "GET /wp-sitemap-posts-page-1.xml HTTP/2.0" 200 344 "-" "Mozilla/5.0 (compatible; AhrefsBot/7.0; +http://ahrefs.com/robot/)" "-"
148.113.128.115 - - [23/Jul/2026:11:34:44 -0300] "GET /wp-sitemap-posts-product-1.xml HTTP/2.0" 200 234 "-" "Mozilla/5.0 (compatible; AhrefsBot/7.0; +http://ahrefs.com/robot/)" "-"
142.44.233.207 - - [23/Jul/2026:11:34:46 -0300] "GET /wp-sitemap-taxonomies-category-1.xml HTTP/2.0" 200 153 "-" "Mozilla/5.0 (compatible; AhrefsBot/7.0; +http://ahrefs.com/robot/)" "-"
142.44.225.174 - - [23/Jul/2026:11:34:47 -0300] "GET /wp-sitemap-taxonomies-product_cat-1.xml HTTP/2.0" 200 160 "-" "Mozilla/5.0 (compatible; AhrefsBot/7.0; +http://ahrefs.com/robot/)" "-"
54.39.136.107 - - [23/Jul/2026:11:34:49 -0300] "GET /wp-sitemap-users-1.xml HTTP/2.0" 200 148 "-" "Mozilla/5.0 (compatible; AhrefsBot/7.0; +http://ahrefs.com/robot/)" "-"
190.11.58.55 - - [23/Jul/2026:11:35:21 -0300] "POST /testbot/HVidD74XP83CP8wXsd/bridgesisbotsgt.php HTTP/1.1" 200 45 "-" "-" "-"
190.11.58.55 - - [23/Jul/2026:11:37:15 -0300] "POST /testbot/HVidD74XP83CP8wXsd/bridgesisbotsgt.php HTTP/1.1" 200 45 "-" "-" "-"
190.11.58.55 - - [23/Jul/2026:11:37:20 -0300] "POST /testbot/HVidD74XP83CP8wXsd/bridgesisbotsgt.php HTTP/1.1" 200 45 "-" "-" "-"
91.108.5.77 - - [23/Jul/2026:11:37:34 -0300] "POST /testbot/HVidD74XP83CP8wXsd/operadorbothook.php HTTP/1.1" 200 31 "-" "-" "-"
186.123.156.211 - - [23/Jul/2026:11:37:39 -0300] "GET /accesostock/accesoaplicacion.php?name=leandro_114&pass=XuSM9TXEPjGZEp3sArE35sHor HTTP/1.1" 301 162 "-" "-" "-"
190.11.58.55 - - [23/Jul/2026:11:37:50 -0300] "POST /testbot/HVidD74XP83CP8wXsd/bridgesisbotsgt.php HTTP/1.1" 200 45 "-" "-" "-"
186.123.156.211 - - [23/Jul/2026:11:37:52 -0300] "GET /accesostock/accesoaplicacion.php?name=LC_2&pass=rlalu5840KDlkd765%25P HTTP/1.1" 301 162 "-" "-" "-"
190.11.58.55 - - [23/Jul/2026:11:45:43 -0300] "POST /testbot/HVidD74XP83CP8wXsd/bridgesisbotsgt.php HTTP/1.1" 200 45 "-" "-" "-"
190.11.58.55 - - [23/Jul/2026:11:45:49 -0300] "POST /testbot/HVidD74XP83CP8wXsd/bridgesisbotsgt.php HTTP/1.1" 200 45 "-" "-" "-"
190.11.58.55 - - [23/Jul/2026:11:46:32 -0300] "POST /testbot/HVidD74XP83CP8wXsd/bridgesisbotsgt.php HTTP/1.1" 200 45 "-" "-" "-"
159.223.102.202 - - [23/Jul/2026:11:48:48 -0300] "POST /wp-cron.php?doing_wp_cron=1784818128.2148399353027343750000 HTTP/1.1" 200 11 "-" "WordPress/6.9.4; https://www.bottaingenieria.com.ar" "-"
52.167.144.162 - - [23/Jul/2026:11:48:48 -0300] "GET /wp-sitemap-taxonomies-category-1.xml HTTP/2.0" 200 153 "-" "Mozilla/5.0 AppleWebKit/537.36 (KHTML, like Gecko; compatible; bingbot/2.0; +http://www.bing.com/bingbot.htm) Chrome/116.0.1938.76 Safari/537.36" "-"
190.11.58.55 - - [23/Jul/2026:11:49:02 -0300] "POST /testbot/HVidD74XP83CP8wXsd/bridgesisbotsgt.php HTTP/1.1" 200 45 "-" "-" "-"
190.11.58.55 - - [23/Jul/2026:11:49:11 -0300] "POST /testbot/HVidD74XP83CP8wXsd/bridgesisbotsgt.php HTTP/1.1" 200 45 "-" "-" "-"
190.11.58.55 - - [23/Jul/2026:11:49:27 -0300] "POST /testbot/HVidD74XP83CP8wXsd/bridgesisbotsgt.php HTTP/1.1" 200 45 "-" "-" "-"
190.11.58.55 - - [23/Jul/2026:11:49:48 -0300] "POST /testbot/HVidD74XP83CP8wXsd/bridgesisbotsgt.php HTTP/1.1" 200 45 "-" "-" "-"
190.11.58.55 - - [23/Jul/2026:11:54:52 -0300] "POST /testbot/HVidD74XP83CP8wXsd/bridgesisbotsgt.php HTTP/1.1" 200 45 "-" "-" "-"
190.11.58.55 - - [23/Jul/2026:11:54:58 -0300] "POST /testbot/HVidD74XP83CP8wXsd/bridgesisbotsgt.php HTTP/1.1" 200 45 "-" "-" "-"
190.11.58.55 - - [23/Jul/2026:11:55:03 -0300] "POST /testbot/HVidD74XP83CP8wXsd/bridgesisbotsgt.php HTTP/1.1" 200 45 "-" "-" "-"
190.11.58.55 - - [23/Jul/2026:11:55:23 -0300] "POST /testbot/HVidD74XP83CP8wXsd/bridgesisbotsgt.php HTTP/1.1" 200 45 "-" "-" "-"
190.11.58.55 - - [23/Jul/2026:11:55:42 -0300] "POST /testbot/HVidD74XP83CP8wXsd/bridgesisbotsgt.php HTTP/1.1" 200 45 "-" "-" "-"
190.11.58.55 - - [23/Jul/2026:12:00:30 -0300] "POST /testbot/HVidD74XP83CP8wXsd/bridgesisbotsgt.php HTTP/1.1" 200 45 "-" "-" "-"
190.11.58.55 - - [23/Jul/2026:12:01:03 -0300] "POST /testbot/HVidD74XP83CP8wXsd/bridgesisbotsgt.php HTTP/1.1" 200 45 "-" "-" "-"
190.11.58.55 - - [23/Jul/2026:12:01:42 -0300] "POST /testbot/HVidD74XP83CP8wXsd/bridgesisbotsgt.php HTTP/1.1" 200 45 "-" "-" "-"
190.11.58.55 - - [23/Jul/2026:12:05:47 -0300] "POST /testbot/HVidD74XP83CP8wXsd/bridgesisbotsgt.php HTTP/1.1" 200 45 "-" "-" "-"
190.11.58.55 - - [23/Jul/2026:12:05:56 -0300] "POST /testbot/HVidD74XP83CP8wXsd/bridgesisbotsgt.php HTTP/1.1" 200 45 "-" "-" "-"
34.106.199.228 - - [23/Jul/2026:12:06:31 -0300] "GET /.git/config HTTP/1.1" 403 117 "-" "-" "-"
190.11.58.55 - - [23/Jul/2026:12:09:38 -0300] "POST /testbot/HVidD74XP83CP8wXsd/bridgesisbotsgt.php HTTP/1.1" 200 45 "-" "-" "-"
190.11.58.55 - - [23/Jul/2026:12:10:20 -0300] "POST /testbot/HVidD74XP83CP8wXsd/bridgesisbotsgt.php HTTP/1.1" 200 45 "-" "-" "-"
186.123.156.211 - - [23/Jul/2026:12:10:21 -0300] "GET /accesostock/accesoaplicacion.php?name=emiliano_125&pass=XuSM9TXEPjGZEp3sArE35sHor HTTP/1.1" 301 162 "-" "-" "-"
190.11.58.55 - - [23/Jul/2026:12:10:40 -0300] "POST /testbot/HVidD74XP83CP8wXsd/bridgesisbotsgt.php HTTP/1.1" 200 45 "-" "-" "-"
190.11.58.55 - - [23/Jul/2026:12:12:42 -0300] "POST /testbot/HVidD74XP83CP8wXsd/bridgesisbotsgt.php HTTP/1.1" 200 45 "-" "-" "-"
190.11.58.55 - - [23/Jul/2026:12:13:51 -0300] "POST /testbot/HVidD74XP83CP8wXsd/bridgesisbotsgt.php HTTP/1.1" 200 45 "-" "-" "-"
190.11.58.55 - - [23/Jul/2026:12:13:54 -0300] "POST /testbot/HVidD74XP83CP8wXsd/bridgesisbotsgt.php HTTP/1.1" 200 45 "-" "-" "-"
190.11.58.55 - - [23/Jul/2026:12:15:50 -0300] "POST /testbot/HVidD74XP83CP8wXsd/bridgesisbotsgt.php HTTP/1.1" 200 45 "-" "-" "-"
34.96.62.135 - - [23/Jul/2026:12:17:22 -0300] "GET / HTTP/1.1" 499 0 "-" "Mozilla/5.0 (Windows NT 10.0; Win64; x64) AppleWebKit/537.36 (KHTML, like Gecko) Chrome/121.0.0.0 Safari/537.36" "-"
159.223.102.202 - - [23/Jul/2026:12:17:25 -0300] "POST /wp-cron.php?doing_wp_cron=1784819845.2846190929412841796875 HTTP/1.1" 200 11 "-" "WordPress/6.9.4; https://www.bottaingenieria.com.ar" "-"
34.96.62.135 - - [23/Jul/2026:12:17:25 -0300] "GET / HTTP/1.1" 200 157824 "-" "Mozilla/5.0 (Windows NT 10.0; Win64; x64) AppleWebKit/537.36 (KHTML, like Gecko) Chrome/121.0.0.0 Safari/537.36" "-"
190.11.58.55 - - [23/Jul/2026:12:19:16 -0300] "POST /testbot/HVidD74XP83CP8wXsd/bridgesisbotsgt.php HTTP/1.1" 200 45 "-" "-" "-"
190.11.58.55 - - [23/Jul/2026:12:19:56 -0300] "POST /testbot/HVidD74XP83CP8wXsd/bridgesisbotsgt.php HTTP/1.1" 200 45 "-" "-" "-"
190.11.58.55 - - [23/Jul/2026:12:21:31 -0300] "POST /testbot/HVidD74XP83CP8wXsd/bridgesisbotsgt.php HTTP/1.1" 200 45 "-" "-" "-"
190.11.58.55 - - [23/Jul/2026:12:21:36 -0300] "POST /testbot/HVidD74XP83CP8wXsd/bridgesisbotsgt.php HTTP/1.1" 200 45 "-" "-" "-"
190.11.58.55 - - [23/Jul/2026:12:21:45 -0300] "POST /testbot/HVidD74XP83CP8wXsd/bridgesisbotsgt.php HTTP/1.1" 200 45 "-" "-" "-"
190.11.58.55 - - [23/Jul/2026:12:22:59 -0300] "POST /testbot/HVidD74XP83CP8wXsd/bridgesisbotsgt.php HTTP/1.1" 200 45 "-" "-" "-"
190.11.58.55 - - [23/Jul/2026:12:28:42 -0300] "POST /testbot/HVidD74XP83CP8wXsd/bridgesisbotsgt.php HTTP/1.1" 200 45 "-" "-" "-"
190.11.58.55 - - [23/Jul/2026:12:28:48 -0300] "POST /testbot/HVidD74XP83CP8wXsd/bridgesisbotsgt.php HTTP/1.1" 200 45 "-" "-" "-"
190.11.58.55 - - [23/Jul/2026:12:29:09 -0300] "POST /testbot/HVidD74XP83CP8wXsd/bridgesisbotsgt.php HTTP/1.1" 200 45 "-" "-" "-"
190.11.58.55 - - [23/Jul/2026:12:29:40 -0300] "POST /testbot/HVidD74XP83CP8wXsd/bridgesisbotsgt.php HTTP/1.1" 200 45 "-" "-" "-"
159.223.102.202 - - [23/Jul/2026:12:31:51 -0300] "POST /wp-cron.php?doing_wp_cron=1784820711.5447859764099121093750 HTTP/1.1" 200 11 "-" "WordPress/6.9.4; https://www.bottaingenieria.com.ar" "-"
40.77.167.79 - - [23/Jul/2026:12:31:51 -0300] "GET /wp-sitemap-posts-product-1.xml HTTP/2.0" 200 234 "-" "Mozilla/5.0 AppleWebKit/537.36 (KHTML, like Gecko; compatible; bingbot/2.0; +http://www.bing.com/bingbot.htm) Chrome/116.0.1938.76 Safari/537.36" "-"
190.11.58.55 - - [23/Jul/2026:12:32:30 -0300] "POST /testbot/HVidD74XP83CP8wXsd/bridgesisbotsgt.php HTTP/1.1" 200 45 "-" "-" "-"
190.11.58.55 - - [23/Jul/2026:12:32:36 -0300] "POST /testbot/HVidD74XP83CP8wXsd/bridgesisbotsgt.php HTTP/1.1" 200 45 "-" "-" "-"
186.123.156.211 - - [23/Jul/2026:12:32:39 -0300] "GET /accesostock/accesoaplicacion.php?name=Solo%20usuario_1&pass=rlalu5840KDlkd765%25P HTTP/1.1" 301 162 "-" "-" "-"
190.11.58.55 - - [23/Jul/2026:12:32:44 -0300] "POST /testbot/HVidD74XP83CP8wXsd/bridgesisbotsgt.php HTTP/1.1" 200 45 "-" "-" "-"
190.11.58.55 - - [23/Jul/2026:12:32:46 -0300] "POST /testbot/HVidD74XP83CP8wXsd/bridgesisbotsgt.php HTTP/1.1" 200 45 "-" "-" "-"
190.11.58.55 - - [23/Jul/2026:12:32:53 -0300] "POST /testbot/HVidD74XP83CP8wXsd/bridgesisbotsgt.php HTTP/1.1" 200 45 "-" "-" "-"
190.11.58.55 - - [23/Jul/2026:12:36:38 -0300] "POST /testbot/HVidD74XP83CP8wXsd/bridgesisbotsgt.php HTTP/1.1" 200 45 "-" "-" "-"
190.11.58.55 - - [23/Jul/2026:12:36:41 -0300] "POST /testbot/HVidD74XP83CP8wXsd/bridgesisbotsgt.php HTTP/1.1" 200 45 "-" "-" "-"
190.11.58.55 - - [23/Jul/2026:12:37:14 -0300] "POST /testbot/HVidD74XP83CP8wXsd/bridgesisbotsgt.php HTTP/1.1" 200 45 "-" "-" "-"
190.11.58.55 - - [23/Jul/2026:12:38:06 -0300] "POST /testbot/HVidD74XP83CP8wXsd/bridgesisbotsgt.php HTTP/1.1" 200 45 "-" "-" "-"
190.11.58.55 - - [23/Jul/2026:12:38:18 -0300] "POST /testbot/HVidD74XP83CP8wXsd/bridgesisbotsgt.php HTTP/1.1" 200 45 "-" "-" "-"
190.11.58.55 - - [23/Jul/2026:12:39:50 -0300] "POST /testbot/HVidD74XP83CP8wXsd/bridgesisbotsgt.php HTTP/1.1" 200 45 "-" "-" "-"
190.11.58.55 - - [23/Jul/2026:12:40:09 -0300] "POST /testbot/HVidD74XP83CP8wXsd/bridgesisbotsgt.php HTTP/1.1" 200 45 "-" "-" "-"
190.11.58.55 - - [23/Jul/2026:12:43:08 -0300] "POST /testbot/HVidD74XP83CP8wXsd/bridgesisbotsgt.php HTTP/1.1" 200 45 "-" "-" "-"
190.11.58.55 - - [23/Jul/2026:12:43:56 -0300] "POST /testbot/HVidD74XP83CP8wXsd/bridgesisbotsgt.php HTTP/1.1" 200 45 "-" "-" "-"
190.11.58.55 - - [23/Jul/2026:12:47:29 -0300] "POST /testbot/HVidD74XP83CP8wXsd/bridgesisbotsgt.php HTTP/1.1" 200 45 "-" "-" "-"
190.11.58.55 - - [23/Jul/2026:12:47:34 -0300] "POST /testbot/HVidD74XP83CP8wXsd/bridgesisbotsgt.php HTTP/1.1" 200 45 "-" "-" "-"
159.223.102.202 - - [23/Jul/2026:12:49:04 -0300] "POST /wp-cron.php?doing_wp_cron=1784821744.1106998920440673828125 HTTP/1.1" 200 11 "-" "WordPress/6.9.4; https://www.bottaingenieria.com.ar" "-"
66.249.79.33 - - [23/Jul/2026:12:49:04 -0300] "GET /robots.txt HTTP/1.1" 200 152 "-" "Mozilla/5.0 (compatible; Googlebot/2.1; +http://www.google.com/bot.html)" "-"
66.249.79.33 - - [23/Jul/2026:12:49:05 -0300] "GET /entrada-4/ HTTP/1.1" 301 5 "-" "Mozilla/5.0 (Linux; Android 6.0.1; Nexus 5X Build/MMB29P) AppleWebKit/537.36 (KHTML, like Gecko) Chrome/150.0.7871.128 Mobile Safari/537.36 (compatible; Googlebot/2.1; +http://www.google.com/bot.html)" "-"
66.249.79.35 - - [23/Jul/2026:12:49:07 -0300] "GET /iaychatbots/ HTTP/1.1" 200 152654 "-" "Mozilla/5.0 (Linux; Android 6.0.1; Nexus 5X Build/MMB29P) AppleWebKit/537.36 (KHTML, like Gecko) Chrome/150.0.7871.128 Mobile Safari/537.36 (compatible; Googlebot/2.1; +http://www.google.com/bot.html)" "-"
190.11.58.55 - - [23/Jul/2026:12:49:08 -0300] "POST /testbot/HVidD74XP83CP8wXsd/bridgesisbotsgt.php HTTP/1.1" 200 45 "-" "-" "-"
159.223.102.202 - - [23/Jul/2026:12:49:08 -0300] "POST /wp-admin/admin-ajax.php?action=wp_1_wc_privacy_cleanup&nonce=ba7321d1b1 HTTP/1.1" 200 11 "-" "WordPress/6.9.4; https://www.bottaingenieria.com.ar" "-"
190.11.58.55 - - [23/Jul/2026:12:50:31 -0300] "POST /testbot/HVidD74XP83CP8wXsd/bridgesisbotsgt.php HTTP/1.1" 200 45 "-" "-" "-"
181.117.208.41 - - [23/Jul/2026:12:50:38 -0300] "GET /accesostock/accesoaplicacion.php?name=Ramirez_6&pass=X5aLbuMSE1yOzB8DU2Az HTTP/1.1" 301 162 "-" "-" "-"
190.11.58.55 - - [23/Jul/2026:12:51:30 -0300] "POST /testbot/HVidD74XP83CP8wXsd/bridgesisbotsgt.php HTTP/1.1" 200 45 "-" "-" "-"
190.11.58.55 - - [23/Jul/2026:12:51:47 -0300] "POST /testbot/HVidD74XP83CP8wXsd/bridgesisbotsgt.php HTTP/1.1" 200 45 "-" "-" "-"
190.11.58.55 - - [23/Jul/2026:12:51:50 -0300] "POST /testbot/HVidD74XP83CP8wXsd/bridgesisbotsgt.php HTTP/1.1" 200 45 "-" "-" "-"
190.11.58.55 - - [23/Jul/2026:12:52:00 -0300] "POST /testbot/HVidD74XP83CP8wXsd/bridgesisbotsgt.php HTTP/1.1" 200 45 "-" "-" "-"
181.117.208.41 - - [23/Jul/2026:12:52:13 -0300] "GET /accesostock/accesoaplicacion.php?name=Almada_15&pass=X5aLbuMSE1yOzB8DU2Az HTTP/1.1" 301 162 "-" "-" "-"
190.11.58.55 - - [23/Jul/2026:12:52:32 -0300] "POST /testbot/HVidD74XP83CP8wXsd/bridgesisbotsgt.php HTTP/1.1" 200 45 "-" "-" "-"
190.11.58.55 - - [23/Jul/2026:12:52:46 -0300] "POST /testbot/HVidD74XP83CP8wXsd/bridgesisbotsgt.php HTTP/1.1" 200 45 "-" "-" "-"
190.11.58.55 - - [23/Jul/2026:12:52:52 -0300] "POST /testbot/HVidD74XP83CP8wXsd/bridgesisbotsgt.php HTTP/1.1" 200 45 "-" "-" "-"
190.11.58.55 - - [23/Jul/2026:12:53:42 -0300] "POST /testbot/HVidD74XP83CP8wXsd/bridgesisbotsgt.php HTTP/1.1" 200 45 "-" "-" "-"
190.11.58.55 - - [23/Jul/2026:12:55:21 -0300] "POST /testbot/HVidD74XP83CP8wXsd/bridgesisbotsgt.php HTTP/1.1" 200 45 "-" "-" "-"
190.11.58.55 - - [23/Jul/2026:12:56:56 -0300] "POST /testbot/HVidD74XP83CP8wXsd/bridgesisbotsgt.php HTTP/1.1" 200 45 "-" "-" "-"
190.11.58.55 - - [23/Jul/2026:12:56:59 -0300] "POST /testbot/HVidD74XP83CP8wXsd/bridgesisbotsgt.php HTTP/1.1" 200 45 "-" "-" "-"
47.128.126.232 - - [23/Jul/2026:12:58:33 -0300] "GET /robots.txt HTTP/1.1" 301 162 "-" "Mozilla/5.0 (Linux; Android 5.0) AppleWebKit/537.36 (KHTML, like Gecko) Mobile Safari/537.36 (compatible; Bytespider; spider-feedback@bytedance.com)" "-"
159.223.102.202 - - [23/Jul/2026:12:58:35 -0300] "POST /wp-cron.php?doing_wp_cron=1784822315.1197700500488281250000 HTTP/1.1" 200 11 "-" "WordPress/6.9.4; https://www.bottaingenieria.com.ar" "-"
47.128.126.232 - - [23/Jul/2026:12:58:35 -0300] "GET /robots.txt HTTP/1.1" 200 171 "-" "Mozilla/5.0 (Linux; Android 5.0) AppleWebKit/537.36 (KHTML, like Gecko) Mobile Safari/537.36 (compatible; Bytespider; spider-feedback@bytedance.com)" "-"
186.123.156.211 - - [23/Jul/2026:12:58:52 -0300] "GET /accesostock/accesoaplicacion.php?name=Solo%20usuario_1&pass=rlalu5840KDlkd765%25P HTTP/1.1" 301 162 "-" "-" "-"
190.11.58.55 - - [23/Jul/2026:13:00:32 -0300] "POST /testbot/HVidD74XP83CP8wXsd/bridgesisbotsgt.php HTTP/1.1" 200 45 "-" "-" "-"
190.11.58.55 - - [23/Jul/2026:13:00:41 -0300] "POST /testbot/HVidD74XP83CP8wXsd/bridgesisbotsgt.php HTTP/1.1" 200 45 "-" "-" "-"
190.11.58.55 - - [23/Jul/2026:13:01:46 -0300] "POST /testbot/HVidD74XP83CP8wXsd/bridgesisbotsgt.php HTTP/1.1" 200 45 "-" "-" "-"
190.11.58.55 - - [23/Jul/2026:13:02:24 -0300] "POST /testbot/HVidD74XP83CP8wXsd/bridgesisbotsgt.php HTTP/1.1" 200 45 "-" "-" "-"
190.11.58.55 - - [23/Jul/2026:13:03:38 -0300] "POST /testbot/HVidD74XP83CP8wXsd/bridgesisbotsgt.php HTTP/1.1" 200 45 "-" "-" "-"
190.11.58.55 - - [23/Jul/2026:13:03:41 -0300] "POST /testbot/HVidD74XP83CP8wXsd/bridgesisbotsgt.php HTTP/1.1" 200 45 "-" "-" "-"
181.117.208.41 - - [23/Jul/2026:13:05:51 -0300] "GET /accesostock/accesoaplicacion.php?name=CANDUSSO_14&pass=X5aLbuMSE1yOzB8DU2Az HTTP/1.1" 301 162 "-" "-" "-"
159.223.102.202 - - [23/Jul/2026:13:07:10 -0300] "POST /wp-cron.php?doing_wp_cron=1784822830.1875760555267333984375 HTTP/1.1" 200 11 "-" "WordPress/6.9.4; https://www.bottaingenieria.com.ar" "-"
40.77.167.74 - - [23/Jul/2026:13:07:10 -0300] "GET /wp-sitemap-taxonomies-product_cat-1.xml HTTP/2.0" 200 160 "-" "Mozilla/5.0 AppleWebKit/537.36 (KHTML, like Gecko; compatible; bingbot/2.0; +http://www.bing.com/bingbot.htm) Chrome/116.0.1938.76 Safari/537.36" "-"
186.123.156.211 - - [23/Jul/2026:13:07:40 -0300] "GET /accesostock/accesoaplicacion.php?name=emiliano_125&pass=XuSM9TXEPjGZEp3sArE35sHor HTTP/1.1" 301 162 "-" "-" "-"
190.11.58.55 - - [23/Jul/2026:13:08:01 -0300] "POST /testbot/HVidD74XP83CP8wXsd/bridgesisbotsgt.php HTTP/1.1" 200 45 "-" "-" "-"
159.223.102.202 - - [23/Jul/2026:13:09:28 -0300] "POST /wp-cron.php?doing_wp_cron=1784822968.4814009666442871093750 HTTP/1.1" 200 11 "-" "WordPress/6.9.4; https://www.bottaingenieria.com.ar" "-"
94.23.188.222 - - [23/Jul/2026:13:09:28 -0300] "GET /robots.txt HTTP/2.0" 200 141 "-" "Mozilla/5.0 (compatible; AhrefsBot/7.0; +http://ahrefs.com/robot/)" "-"
54.39.136.252 - - [23/Jul/2026:13:09:30 -0300] "GET /wp-sitemap.xml HTTP/2.0" 200 194 "-" "Mozilla/5.0 (compatible; AhrefsBot/7.0; +http://ahrefs.com/robot/)" "-"
190.11.58.55 - - [23/Jul/2026:13:09:34 -0300] "POST /testbot/HVidD74XP83CP8wXsd/bridgesisbotsgt.php HTTP/1.1" 200 45 "-" "-" "-"
148.113.130.59 - - [23/Jul/2026:13:09:36 -0300] "GET /wp-sitemap-posts-post-1.xml HTTP/2.0" 200 193 "-" "Mozilla/5.0 (compatible; AhrefsBot/7.0; +http://ahrefs.com/robot/)" "-"
54.39.136.216 - - [23/Jul/2026:13:09:37 -0300] "GET /wp-sitemap-posts-page-1.xml HTTP/2.0" 200 344 "-" "Mozilla/5.0 (compatible; AhrefsBot/7.0; +http://ahrefs.com/robot/)" "-"
51.222.168.247 - - [23/Jul/2026:13:09:39 -0300] "GET /wp-sitemap-posts-product-1.xml HTTP/2.0" 200 234 "-" "Mozilla/5.0 (compatible; AhrefsBot/7.0; +http://ahrefs.com/robot/)" "-"
51.161.37.200 - - [23/Jul/2026:13:09:41 -0300] "GET /wp-sitemap-taxonomies-category-1.xml HTTP/2.0" 200 153 "-" "Mozilla/5.0 (compatible; AhrefsBot/7.0; +http://ahrefs.com/robot/)" "-"
54.39.210.20 - - [23/Jul/2026:13:09:43 -0300] "GET /wp-sitemap-taxonomies-product_cat-1.xml HTTP/2.0" 200 160 "-" "Mozilla/5.0 (compatible; AhrefsBot/7.0; +http://ahrefs.com/robot/)" "-"
54.39.0.193 - - [23/Jul/2026:13:09:44 -0300] "GET /wp-sitemap-users-1.xml HTTP/2.0" 200 148 "-" "Mozilla/5.0 (compatible; AhrefsBot/7.0; +http://ahrefs.com/robot/)" "-"
159.223.102.202 - - [23/Jul/2026:13:10:24 -0300] "POST /wp-cron.php?doing_wp_cron=1784823024.6540009975433349609375 HTTP/1.1" 200 11 "-" "WordPress/6.9.4; https://www.bottaingenieria.com.ar" "-"
52.167.144.57 - - [23/Jul/2026:13:10:24 -0300] "GET /robots.txt HTTP/2.0" 200 141 "-" "Mozilla/5.0 AppleWebKit/537.36 (KHTML, like Gecko; compatible; bingbot/2.0; +http://www.bing.com/bingbot.htm) Chrome/116.0.1938.76 Safari/537.36" "-"
52.167.144.166 - - [23/Jul/2026:13:10:42 -0300] "GET /sitemap.xml HTTP/2.0" 301 0 "-" "Mozilla/5.0 AppleWebKit/537.36 (KHTML, like Gecko; compatible; bingbot/2.0; +http://www.bing.com/bingbot.htm) Chrome/116.0.1938.76 Safari/537.36" "-"
52.167.144.166 - - [23/Jul/2026:13:10:43 -0300] "GET /wp-sitemap.xml HTTP/2.0" 200 194 "-" "Mozilla/5.0 AppleWebKit/537.36 (KHTML, like Gecko; compatible; bingbot/2.0; +http://www.bing.com/bingbot.htm) Chrome/116.0.1938.76 Safari/537.36" "-"
190.11.58.55 - - [23/Jul/2026:13:11:05 -0300] "POST /testbot/HVidD74XP83CP8wXsd/bridgesisbotsgt.php HTTP/1.1" 200 45 "-" "-" "-"
190.11.58.55 - - [23/Jul/2026:13:12:58 -0300] "POST /testbot/HVidD74XP83CP8wXsd/bridgesisbotsgt.php HTTP/1.1" 200 45 "-" "-" "-"
190.11.58.55 - - [23/Jul/2026:13:13:00 -0300] "POST /testbot/HVidD74XP83CP8wXsd/bridgesisbotsgt.php HTTP/1.1" 200 45 "-" "-" "-"
190.11.58.55 - - [23/Jul/2026:13:13:10 -0300] "POST /testbot/HVidD74XP83CP8wXsd/bridgesisbotsgt.php HTTP/1.1" 200 45 "-" "-" "-"
190.11.58.55 - - [23/Jul/2026:13:13:20 -0300] "POST /testbot/HVidD74XP83CP8wXsd/bridgesisbotsgt.php HTTP/1.1" 200 45 "-" "-" "-"
159.223.102.202 - - [23/Jul/2026:13:14:02 -0300] "POST /wp-cron.php?doing_wp_cron=1784823242.5410380363464355468750 HTTP/1.1" 200 11 "-" "WordPress/6.9.4; https://www.bottaingenieria.com.ar" "-"
66.249.79.35 - - [23/Jul/2026:13:14:02 -0300] "GET /bfact/ HTTP/1.1" 301 5 "-" "Mozilla/5.0 (Linux; Android 6.0.1; Nexus 5X Build/MMB29P) AppleWebKit/537.36 (KHTML, like Gecko) Chrome/150.0.7871.128 Mobile Safari/537.36 (compatible; Googlebot/2.1; +http://www.google.com/bot.html)" "-"
66.249.79.35 - - [23/Jul/2026:13:14:04 -0300] "GET /producto/bfact/ HTTP/1.1" 200 154923 "-" "Mozilla/5.0 (Linux; Android 6.0.1; Nexus 5X Build/MMB29P) AppleWebKit/537.36 (KHTML, like Gecko) Chrome/150.0.7871.128 Mobile Safari/537.36 (compatible; Googlebot/2.1; +http://www.google.com/bot.html)" "-"
159.223.102.202 - - [23/Jul/2026:13:14:40 -0300] "POST /wp-cron.php?doing_wp_cron=1784823280.1851949691772460937500 HTTP/1.1" 200 11 "-" "WordPress/6.9.4; https://www.bottaingenieria.com.ar" "-"
66.249.79.34 - - [23/Jul/2026:13:14:40 -0300] "GET /wp-json/wc/store/v1/cart HTTP/1.1" 200 340 "https://www.bottaingenieria.com.ar/producto/bfact/" "Mozilla/5.0 (Linux; Android 6.0.1; Nexus 5X Build/MMB29P) AppleWebKit/537.36 (KHTML, like Gecko) Chrome/150.0.7871.128 Mobile Safari/537.36 (compatible; Googlebot/2.1; +http://www.google.com/bot.html)" "-"
190.11.58.55 - - [23/Jul/2026:13:15:07 -0300] "POST /testbot/HVidD74XP83CP8wXsd/bridgesisbotsgt.php HTTP/1.1" 200 45 "-" "-" "-"
190.11.58.55 - - [23/Jul/2026:13:15:16 -0300] "POST /testbot/HVidD74XP83CP8wXsd/bridgesisbotsgt.php HTTP/1.1" 200 45 "-" "-" "-"
190.3.40.205 - - [23/Jul/2026:13:16:38 -0300] "GET /accesostock/accesoaplicacion.php?name=_101&pass=rlalu5840KDlkd765%25P HTTP/1.1" 301 162 "-" "-" "-"
190.3.40.205 - - [23/Jul/2026:13:16:39 -0300] "GET /accesostock/accesoaplicacion.php?name=_101&pass=rlalu5840KDlkd765%25P HTTP/1.1" 301 162 "-" "-" "-"
159.223.102.202 - - [23/Jul/2026:13:17:16 -0300] "POST /wp-cron.php?doing_wp_cron=1784823436.4278240203857421875000 HTTP/1.1" 200 11 "-" "WordPress/6.9.4; https://www.bottaingenieria.com.ar" "-"
34.195.248.30 - - [23/Jul/2026:13:17:16 -0300] "GET /bfact HTTP/1.1" 301 5 "-" "Mozilla/5.0 AppleWebKit/537.36 (KHTML, like Gecko; compatible; Amazonbot/0.1; +https://developer.amazon.com/support/amazonbot) Chrome/119.0.6045.214 Safari/537.36" "-"
52.70.123.241 - - [23/Jul/2026:13:17:17 -0300] "GET /producto/bfact/ HTTP/1.1" 200 178826 "-" "Mozilla/5.0 AppleWebKit/537.36 (KHTML, like Gecko; compatible; Amazonbot/0.1; +https://developer.amazon.com/support/amazonbot) Chrome/119.0.6045.214 Safari/537.36" "-"
34.96.41.177 - - [23/Jul/2026:13:17:24 -0300] "GET / HTTP/1.1" 200 157824 "-" "Mozilla/5.0 (Windows NT 10.0; Win64; x64) AppleWebKit/537.36 (KHTML, like Gecko) Chrome/121.0.0.0 Safari/537.36" "-"
190.11.58.55 - - [23/Jul/2026:13:18:31 -0300] "POST /testbot/HVidD74XP83CP8wXsd/bridgesisbotsgt.php HTTP/1.1" 200 45 "-" "-" "-"
190.3.40.205 - - [23/Jul/2026:13:18:31 -0300] "GET /accesostock/accesoaplicacion.php?name=_101&pass=rlalu5840KDlkd765%25P HTTP/1.1" 301 162 "-" "-" "-"
190.11.58.55 - - [23/Jul/2026:13:18:34 -0300] "POST /testbot/HVidD74XP83CP8wXsd/bridgesisbotsgt.php HTTP/1.1" 200 45 "-" "-" "-"
190.11.58.55 - - [23/Jul/2026:13:18:34 -0300] "POST /testbot/HVidD74XP83CP8wXsd/bridgesisbotsgt.php HTTP/1.1" 200 45 "-" "-" "-"
190.11.58.55 - - [23/Jul/2026:13:18:41 -0300] "POST /testbot/HVidD74XP83CP8wXsd/bridgesisbotsgt.php HTTP/1.1" 200 45 "-" "-" "-"
190.3.40.205 - - [23/Jul/2026:13:19:15 -0300] "GET /accesostock/accesoaplicacion.php?name=_101&pass=rlalu5840KDlkd765%25P HTTP/1.1" 301 162 "-" "-" "-"
159.223.102.202 - - [23/Jul/2026:13:20:05 -0300] "POST /wp-cron.php?doing_wp_cron=1784823605.6948220729827880859375 HTTP/1.1" 200 11 "-" "WordPress/6.9.4; https://www.bottaingenieria.com.ar" "-"
52.167.144.166 - - [23/Jul/2026:13:20:05 -0300] "GET /wp-sitemap.xml HTTP/2.0" 200 194 "-" "Mozilla/5.0 AppleWebKit/537.36 (KHTML, like Gecko; compatible; bingbot/2.0; +http://www.bing.com/bingbot.htm) Chrome/116.0.1938.76 Safari/537.36" "-"
190.3.40.205 - - [23/Jul/2026:13:20:37 -0300] "GET /accesostock/accesoaplicacion.php?name=_101&pass=rlalu5840KDlkd765%25P HTTP/1.1" 301 162 "-" "-" "-"
190.11.58.55 - - [23/Jul/2026:13:20:56 -0300] "POST /testbot/HVidD74XP83CP8wXsd/bridgesisbotsgt.php HTTP/1.1" 200 45 "-" "-" "-"
190.11.58.55 - - [23/Jul/2026:13:21:02 -0300] "POST /testbot/HVidD74XP83CP8wXsd/bridgesisbotsgt.php HTTP/1.1" 200 45 "-" "-" "-"
190.11.58.55 - - [23/Jul/2026:13:21:26 -0300] "POST /testbot/HVidD74XP83CP8wXsd/bridgesisbotsgt.php HTTP/1.1" 200 45 "-" "-" "-"
190.11.58.55 - - [23/Jul/2026:13:21:38 -0300] "POST /testbot/HVidD74XP83CP8wXsd/bridgesisbotsgt.php HTTP/1.1" 200 45 "-" "-" "-"
190.11.58.55 - - [23/Jul/2026:13:22:09 -0300] "POST /testbot/HVidD74XP83CP8wXsd/bridgesisbotsgt.php HTTP/1.1" 200 45 "-" "-" "-"
190.11.58.55 - - [23/Jul/2026:13:22:23 -0300] "POST /testbot/HVidD74XP83CP8wXsd/bridgesisbotsgt.php HTTP/1.1" 200 45 "-" "-" "-"
190.11.58.55 - - [23/Jul/2026:13:22:57 -0300] "POST /testbot/HVidD74XP83CP8wXsd/bridgesisbotsgt.php HTTP/1.1" 200 45 "-" "-" "-"
190.11.58.55 - - [23/Jul/2026:13:26:48 -0300] "POST /testbot/HVidD74XP83CP8wXsd/bridgesisbotsgt.php HTTP/1.1" 200 45 "-" "-" "-"
190.11.58.55 - - [23/Jul/2026:13:27:06 -0300] "POST /testbot/HVidD74XP83CP8wXsd/bridgesisbotsgt.php HTTP/1.1" 200 45 "-" "-" "-"
190.3.40.205 - - [23/Jul/2026:13:27:18 -0300] "GET /accesostock/accesoaplicacion.php?name=_101&pass=rlalu5840KDlkd765%25P HTTP/1.1" 301 162 "-" "-" "-"
190.11.58.55 - - [23/Jul/2026:13:28:47 -0300] "POST /testbot/HVidD74XP83CP8wXsd/bridgesisbotsgt.php HTTP/1.1" 200 45 "-" "-" "-"
190.11.58.55 - - [23/Jul/2026:13:28:59 -0300] "POST /testbot/HVidD74XP83CP8wXsd/bridgesisbotsgt.php HTTP/1.1" 200 45 "-" "-" "-"
190.11.58.55 - - [23/Jul/2026:13:31:19 -0300] "POST /testbot/HVidD74XP83CP8wXsd/bridgesisbotsgt.php HTTP/1.1" 200 45 "-" "-" "-"
190.11.58.55 - - [23/Jul/2026:13:31:37 -0300] "POST /testbot/HVidD74XP83CP8wXsd/bridgesisbotsgt.php HTTP/1.1" 200 45 "-" "-" "-"
190.11.58.55 - - [23/Jul/2026:13:31:58 -0300] "POST /testbot/HVidD74XP83CP8wXsd/bridgesisbotsgt.php HTTP/1.1" 200 45 "-" "-" "-"
190.11.58.55 - - [23/Jul/2026:13:33:24 -0300] "POST /testbot/HVidD74XP83CP8wXsd/bridgesisbotsgt.php HTTP/1.1" 200 45 "-" "-" "-"
190.11.58.55 - - [23/Jul/2026:13:33:39 -0300] "POST /testbot/HVidD74XP83CP8wXsd/bridgesisbotsgt.php HTTP/1.1" 200 45 "-" "-" "-"
190.11.58.55 - - [23/Jul/2026:13:33:51 -0300] "POST /testbot/HVidD74XP83CP8wXsd/bridgesisbotsgt.php HTTP/1.1" 200 45 "-" "-" "-"
216.244.66.236 - - [23/Jul/2026:13:36:45 -0300] "GET /robots.txt HTTP/1.1" 301 162 "-" "Mozilla/5.0 (compatible; DotBot/1.2; +https://opensiteexplorer.org/dotbot; help@moz.com)" "-"
159.223.102.202 - - [23/Jul/2026:13:36:46 -0300] "POST /wp-cron.php?doing_wp_cron=1784824606.4477200508117675781250 HTTP/1.1" 200 11 "-" "WordPress/6.9.4; https://www.bottaingenieria.com.ar" "-"
216.244.66.236 - - [23/Jul/2026:13:36:46 -0300] "GET /robots.txt HTTP/1.1" 200 288 "-" "Mozilla/5.0 (compatible; DotBot/1.2; +https://opensiteexplorer.org/dotbot; help@moz.com)" "-"
190.11.58.55 - - [23/Jul/2026:13:37:10 -0300] "POST /testbot/HVidD74XP83CP8wXsd/bridgesisbotsgt.php HTTP/1.1" 200 45 "-" "-" "-"
190.11.58.55 - - [23/Jul/2026:13:37:16 -0300] "POST /testbot/HVidD74XP83CP8wXsd/bridgesisbotsgt.php HTTP/1.1" 200 45 "-" "-" "-"
190.11.58.55 - - [23/Jul/2026:13:37:31 -0300] "POST /testbot/HVidD74XP83CP8wXsd/bridgesisbotsgt.php HTTP/1.1" 200 45 "-" "-" "-"
190.11.58.55 - - [23/Jul/2026:13:40:43 -0300] "POST /testbot/HVidD74XP83CP8wXsd/bridgesisbotsgt.php HTTP/1.1" 200 45 "-" "-" "-"
190.11.58.55 - - [23/Jul/2026:13:42:18 -0300] "POST /testbot/HVidD74XP83CP8wXsd/bridgesisbotsgt.php HTTP/1.1" 200 45 "-" "-" "-"
190.11.58.55 - - [23/Jul/2026:13:42:57 -0300] "POST /testbot/HVidD74XP83CP8wXsd/bridgesisbotsgt.php HTTP/1.1" 200 45 "-" "-" "-"
159.223.102.202 - - [23/Jul/2026:13:44:47 -0300] "POST /wp-cron.php?doing_wp_cron=1784825087.4293920993804931640625 HTTP/1.1" 200 11 "-" "WordPress/6.9.4; https://www.bottaingenieria.com.ar" "-"
216.244.66.236 - - [23/Jul/2026:13:44:47 -0300] "GET /feed/?p=1 HTTP/1.1" 200 701 "-" "Mozilla/5.0 (compatible; DotBot/1.2; +https://opensiteexplorer.org/dotbot; help@moz.com)" "-"
190.11.58.55 - - [23/Jul/2026:13:45:36 -0300] "POST /testbot/HVidD74XP83CP8wXsd/bridgesisbotsgt.php HTTP/1.1" 200 45 "-" "-" "-"
190.11.58.55 - - [23/Jul/2026:13:45:56 -0300] "POST /testbot/HVidD74XP83CP8wXsd/bridgesisbotsgt.php HTTP/1.1" 200 45 "-" "-" "-"
181.229.61.73 - - [23/Jul/2026:13:46:17 -0300] "GET /accesostock/accesoaplicacion.php?name=SAG_2&pass=rlalu5840KDlkd765%25P HTTP/1.1" 301 162 "-" "-" "-"
