103.250.14.222 - - [23/Jul/2026:04:40:31 -0300] "POST /?rest_route=/batch/v1 HTTP/1.1" 207 1098 "-" "Mozilla/5.0 (Windows NT 10.0; Win64; x64) AppleWebKit/537.36 (KHTML, like Gecko) Chrome/126.0 Safari/537.36" "-"
103.250.14.222 - - [23/Jul/2026:04:40:33 -0300] "POST /?rest_route=/batch/v1 HTTP/1.1" 207 1098 "-" "Mozilla/5.0 (Windows NT 10.0; Win64; x64) AppleWebKit/537.36 (KHTML, like Gecko) Chrome/126.0 Safari/537.36" "-"
192.144.148.122 - - [23/Jul/2026:04:41:01 -0300] "GET / HTTP/1.1" 301 162 "-" "Mozilla/5.0 (iPhone; CPU iPhone OS 13_2_3 like Mac OS X) AppleWebKit/605.1.15 (KHTML, like Gecko) Version/13.0.3 Mobile/15E148 Safari/604.1" "-"
159.223.102.202 - - [23/Jul/2026:04:41:08 -0300] "POST /wp-cron.php?doing_wp_cron=1784792468.4046359062194824218750 HTTP/1.1" 200 11 "-" "WordPress/6.9.4; https://www.bottaingenieria.com.ar" "-"
192.144.148.122 - - [23/Jul/2026:04:41:08 -0300] "GET / HTTP/1.1" 200 183790 "http://www.bottaingenieria.com.ar" "Mozilla/5.0 (iPhone; CPU iPhone OS 13_2_3 like Mac OS X) AppleWebKit/605.1.15 (KHTML, like Gecko) Version/13.0.3 Mobile/15E148 Safari/604.1" "-"
190.11.58.55 - - [23/Jul/2026:04:41:46 -0300] "POST /testbot/HVidD74XP83CP8wXsd/bridgesisbotsgt.php HTTP/1.1" 200 45 "-" "-" "-"
190.11.58.55 - - [23/Jul/2026:04:42:01 -0300] "POST /testbot/HVidD74XP83CP8wXsd/bridgesisbotsgt.php HTTP/1.1" 200 45 "-" "-" "-"
190.11.58.55 - - [23/Jul/2026:04:42:20 -0300] "POST /testbot/HVidD74XP83CP8wXsd/bridgesisbotsgt.php HTTP/1.1" 200 45 "-" "-" "-"
190.11.58.55 - - [23/Jul/2026:04:44:20 -0300] "POST /testbot/HVidD74XP83CP8wXsd/bridgesisbotsgt.php HTTP/1.1" 200 45 "-" "-" "-"
190.11.58.55 - - [23/Jul/2026:04:45:26 -0300] "POST /testbot/HVidD74XP83CP8wXsd/bridgesisbotsgt.php HTTP/1.1" 200 45 "-" "-" "-"
190.11.58.55 - - [23/Jul/2026:04:45:42 -0300] "POST /testbot/HVidD74XP83CP8wXsd/bridgesisbotsgt.php HTTP/1.1" 200 45 "-" "-" "-"
159.223.102.202 - - [23/Jul/2026:04:47:40 -0300] "POST /wp-cron.php?doing_wp_cron=1784792860.2881860733032226562500 HTTP/1.1" 200 11 "-" "WordPress/6.9.4; https://www.bottaingenieria.com.ar" "-"
185.191.171.15 - - [23/Jul/2026:04:47:40 -0300] "GET /robots.txt HTTP/1.1" 200 171 "-" "Mozilla/5.0 (compatible; SemrushBot/7~bl; +http://www.semrush.com/bot.html)" "-"
185.191.171.13 - - [23/Jul/2026:04:47:43 -0300] "GET /producto/bfact-plan-premium/ HTTP/1.1" 200 179180 "-" "Mozilla/5.0 (compatible; SemrushBot/7~bl; +http://www.semrush.com/bot.html)" "-"
190.11.58.55 - - [23/Jul/2026:04:50:35 -0300] "POST /testbot/HVidD74XP83CP8wXsd/bridgesisbotsgt.php HTTP/1.1" 200 45 "-" "-" "-"
190.11.58.55 - - [23/Jul/2026:04:52:37 -0300] "POST /testbot/HVidD74XP83CP8wXsd/bridgesisbotsgt.php HTTP/1.1" 200 45 "-" "-" "-"
190.11.58.55 - - [23/Jul/2026:04:53:24 -0300] "POST /testbot/HVidD74XP83CP8wXsd/bridgesisbotsgt.php HTTP/1.1" 200 45 "-" "-" "-"
190.11.58.55 - - [23/Jul/2026:04:58:06 -0300] "POST /testbot/HVidD74XP83CP8wXsd/bridgesisbotsgt.php HTTP/1.1" 200 45 "-" "-" "-"
190.11.58.55 - - [23/Jul/2026:05:00:25 -0300] "POST /testbot/HVidD74XP83CP8wXsd/bridgesisbotsgt.php HTTP/1.1" 200 45 "-" "-" "-"
190.11.58.55 - - [23/Jul/2026:05:00:41 -0300] "POST /testbot/HVidD74XP83CP8wXsd/bridgesisbotsgt.php HTTP/1.1" 200 45 "-" "-" "-"
190.11.58.55 - - [23/Jul/2026:05:01:45 -0300] "POST /testbot/HVidD74XP83CP8wXsd/bridgesisbotsgt.php HTTP/1.1" 200 45 "-" "-" "-"
190.11.58.55 - - [23/Jul/2026:05:03:50 -0300] "POST /testbot/HVidD74XP83CP8wXsd/bridgesisbotsgt.php HTTP/1.1" 200 45 "-" "-" "-"
190.11.58.55 - - [23/Jul/2026:05:04:24 -0300] "POST /testbot/HVidD74XP83CP8wXsd/bridgesisbotsgt.php HTTP/1.1" 200 45 "-" "-" "-"
190.11.58.55 - - [23/Jul/2026:05:05:56 -0300] "POST /testbot/HVidD74XP83CP8wXsd/bridgesisbotsgt.php HTTP/1.1" 200 45 "-" "-" "-"
190.11.58.55 - - [23/Jul/2026:05:07:01 -0300] "POST /testbot/HVidD74XP83CP8wXsd/bridgesisbotsgt.php HTTP/1.1" 200 45 "-" "-" "-"
159.223.102.202 - - [23/Jul/2026:05:07:05 -0300] "POST /wp-cron.php?doing_wp_cron=1784794025.0272068977355957031250 HTTP/1.1" 200 11 "-" "WordPress/6.9.4; https://www.bottaingenieria.com.ar" "-"
185.191.171.13 - - [23/Jul/2026:05:07:05 -0300] "GET /producto/bfact-plan-intermedio/ HTTP/1.1" 200 179177 "-" "Mozilla/5.0 (compatible; SemrushBot/7~bl; +http://www.semrush.com/bot.html)" "-"
190.11.58.55 - - [23/Jul/2026:05:09:33 -0300] "POST /testbot/HVidD74XP83CP8wXsd/bridgesisbotsgt.php HTTP/1.1" 200 45 "-" "-" "-"
190.11.58.55 - - [23/Jul/2026:05:09:42 -0300] "POST /testbot/HVidD74XP83CP8wXsd/bridgesisbotsgt.php HTTP/1.1" 200 45 "-" "-" "-"
190.11.58.55 - - [23/Jul/2026:05:10:04 -0300] "POST /testbot/HVidD74XP83CP8wXsd/bridgesisbotsgt.php HTTP/1.1" 200 45 "-" "-" "-"
190.11.58.55 - - [23/Jul/2026:05:15:22 -0300] "POST /testbot/HVidD74XP83CP8wXsd/bridgesisbotsgt.php HTTP/1.1" 200 45 "-" "-" "-"
190.11.58.55 - - [23/Jul/2026:05:15:41 -0300] "POST /testbot/HVidD74XP83CP8wXsd/bridgesisbotsgt.php HTTP/1.1" 200 45 "-" "-" "-"
190.11.58.55 - - [23/Jul/2026:05:15:59 -0300] "POST /testbot/HVidD74XP83CP8wXsd/bridgesisbotsgt.php HTTP/1.1" 200 45 "-" "-" "-"
190.11.58.55 - - [23/Jul/2026:05:16:24 -0300] "POST /testbot/HVidD74XP83CP8wXsd/bridgesisbotsgt.php HTTP/1.1" 200 45 "-" "-" "-"
34.96.41.54 - - [23/Jul/2026:05:17:24 -0300] "GET / HTTP/1.1" 499 0 "-" "Mozilla/5.0 (Windows NT 10.0; Win64; x64) AppleWebKit/537.36 (KHTML, like Gecko) Chrome/121.0.0.0 Safari/537.36" "-"
159.223.102.202 - - [23/Jul/2026:05:17:24 -0300] "POST /wp-cron.php?doing_wp_cron=1784794644.7801299095153808593750 HTTP/1.1" 200 11 "-" "WordPress/6.9.4; https://www.bottaingenieria.com.ar" "-"
34.96.41.54 - - [23/Jul/2026:05:17:27 -0300] "GET / HTTP/1.1" 200 157821 "-" "Mozilla/5.0 (Windows NT 10.0; Win64; x64) AppleWebKit/537.36 (KHTML, like Gecko) Chrome/121.0.0.0 Safari/537.36" "-"
190.11.58.55 - - [23/Jul/2026:05:21:01 -0300] "POST /testbot/HVidD74XP83CP8wXsd/bridgesisbotsgt.php HTTP/1.1" 200 45 "-" "-" "-"
190.11.58.55 - - [23/Jul/2026:05:24:03 -0300] "POST /testbot/HVidD74XP83CP8wXsd/bridgesisbotsgt.php HTTP/1.1" 200 45 "-" "-" "-"
190.11.58.55 - - [23/Jul/2026:05:24:26 -0300] "POST /testbot/HVidD74XP83CP8wXsd/bridgesisbotsgt.php HTTP/1.1" 200 45 "-" "-" "-"
190.11.58.55 - - [23/Jul/2026:05:24:45 -0300] "POST /testbot/HVidD74XP83CP8wXsd/bridgesisbotsgt.php HTTP/1.1" 200 45 "-" "-" "-"
190.11.58.55 - - [23/Jul/2026:05:24:57 -0300] "POST /testbot/HVidD74XP83CP8wXsd/bridgesisbotsgt.php HTTP/1.1" 200 45 "-" "-" "-"
159.223.102.202 - - [23/Jul/2026:05:25:13 -0300] "POST /wp-cron.php?doing_wp_cron=1784795113.5279200077056884765625 HTTP/1.1" 200 11 "-" "WordPress/6.9.4; https://www.bottaingenieria.com.ar" "-"
142.44.225.229 - - [23/Jul/2026:05:25:13 -0300] "GET /wp-sitemap.xml HTTP/2.0" 200 194 "-" "Mozilla/5.0 (compatible; AhrefsBot/7.0; +http://ahrefs.com/robot/)" "-"
142.44.225.58 - - [23/Jul/2026:05:25:15 -0300] "GET /wp-sitemap-posts-post-1.xml HTTP/2.0" 200 193 "-" "Mozilla/5.0 (compatible; AhrefsBot/7.0; +http://ahrefs.com/robot/)" "-"
15.235.98.65 - - [23/Jul/2026:05:25:18 -0300] "GET /wp-sitemap-posts-page-1.xml HTTP/2.0" 200 344 "-" "Mozilla/5.0 (compatible; AhrefsBot/7.0; +http://ahrefs.com/robot/)" "-"
142.44.228.133 - - [23/Jul/2026:05:25:20 -0300] "GET /wp-sitemap-posts-product-1.xml HTTP/2.0" 200 234 "-" "Mozilla/5.0 (compatible; AhrefsBot/7.0; +http://ahrefs.com/robot/)" "-"
167.114.139.14 - - [23/Jul/2026:05:25:21 -0300] "GET /wp-sitemap-taxonomies-category-1.xml HTTP/2.0" 200 153 "-" "Mozilla/5.0 (compatible; AhrefsBot/7.0; +http://ahrefs.com/robot/)" "-"
190.11.58.55 - - [23/Jul/2026:05:25:26 -0300] "POST /testbot/HVidD74XP83CP8wXsd/bridgesisbotsgt.php HTTP/1.1" 200 45 "-" "-" "-"
148.113.130.108 - - [23/Jul/2026:05:25:34 -0300] "GET /wp-sitemap-taxonomies-product_cat-1.xml HTTP/2.0" 200 160 "-" "Mozilla/5.0 (compatible; AhrefsBot/7.0; +http://ahrefs.com/robot/)" "-"
148.113.128.3 - - [23/Jul/2026:05:25:36 -0300] "GET /wp-sitemap-users-1.xml HTTP/2.0" 200 148 "-" "Mozilla/5.0 (compatible; AhrefsBot/7.0; +http://ahrefs.com/robot/)" "-"
190.11.58.55 - - [23/Jul/2026:05:34:13 -0300] "POST /testbot/HVidD74XP83CP8wXsd/bridgesisbotsgt.php HTTP/1.1" 200 45 "-" "-" "-"
190.11.58.55 - - [23/Jul/2026:05:35:56 -0300] "POST /testbot/HVidD74XP83CP8wXsd/bridgesisbotsgt.php HTTP/1.1" 200 45 "-" "-" "-"
190.11.58.55 - - [23/Jul/2026:05:41:47 -0300] "POST /testbot/HVidD74XP83CP8wXsd/bridgesisbotsgt.php HTTP/1.1" 200 45 "-" "-" "-"
190.11.58.55 - - [23/Jul/2026:05:43:37 -0300] "POST /testbot/HVidD74XP83CP8wXsd/bridgesisbotsgt.php HTTP/1.1" 200 45 "-" "-" "-"
190.11.58.55 - - [23/Jul/2026:05:44:23 -0300] "POST /testbot/HVidD74XP83CP8wXsd/bridgesisbotsgt.php HTTP/1.1" 200 45 "-" "-" "-"
190.11.58.55 - - [23/Jul/2026:05:45:05 -0300] "GET /accesostock/accesoaplicacion.php?name=pancho_110&pass=XuSM9TXEPjGZEp3sArE35sHor HTTP/1.1" 301 162 "-" "-" "-"
190.11.58.55 - - [23/Jul/2026:05:45:18 -0300] "POST /testbot/HVidD74XP83CP8wXsd/bridgesisbotsgt.php HTTP/1.1" 200 45 "-" "-" "-"
190.11.58.55 - - [23/Jul/2026:05:49:24 -0300] "POST /testbot/HVidD74XP83CP8wXsd/bridgesisbotsgt.php HTTP/1.1" 200 45 "-" "-" "-"
190.11.58.55 - - [23/Jul/2026:05:49:31 -0300] "POST /testbot/HVidD74XP83CP8wXsd/bridgesisbotsgt.php HTTP/1.1" 200 45 "-" "-" "-"
190.11.58.55 - - [23/Jul/2026:05:52:21 -0300] "POST /testbot/HVidD74XP83CP8wXsd/bridgesisbotsgt.php HTTP/1.1" 200 45 "-" "-" "-"
159.223.102.202 - - [23/Jul/2026:05:58:14 -0300] "POST /wp-cron.php?doing_wp_cron=1784797094.2640969753265380859375 HTTP/1.1" 200 11 "-" "WordPress/6.9.4; https://www.bottaingenieria.com.ar" "-"
157.90.95.245 - - [23/Jul/2026:05:58:14 -0300] "GET / HTTP/1.1" 200 638490 "-" "wp2shell-check/1.0" "-"
157.90.95.245 - - [23/Jul/2026:05:58:16 -0300] "GET /?rest_route=/batch/v1 HTTP/1.1" 404 159 "-" "wp2shell-check/1.0" "-"
190.11.58.55 - - [23/Jul/2026:06:00:58 -0300] "POST /testbot/HVidD74XP83CP8wXsd/bridgesisbotsgt.php HTTP/1.1" 200 45 "-" "-" "-"
190.11.58.55 - - [23/Jul/2026:06:02:12 -0300] "POST /testbot/HVidD74XP83CP8wXsd/bridgesisbotsgt.php HTTP/1.1" 200 45 "-" "-" "-"
190.11.58.55 - - [23/Jul/2026:06:05:45 -0300] "POST /testbot/HVidD74XP83CP8wXsd/bridgesisbotsgt.php HTTP/1.1" 200 45 "-" "-" "-"
190.11.58.55 - - [23/Jul/2026:06:05:59 -0300] "POST /testbot/HVidD74XP83CP8wXsd/bridgesisbotsgt.php HTTP/1.1" 200 45 "-" "-" "-"
190.11.58.55 - - [23/Jul/2026:06:06:28 -0300] "POST /testbot/HVidD74XP83CP8wXsd/bridgesisbotsgt.php HTTP/1.1" 200 45 "-" "-" "-"
190.11.58.55 - - [23/Jul/2026:06:06:44 -0300] "POST /testbot/HVidD74XP83CP8wXsd/bridgesisbotsgt.php HTTP/1.1" 200 45 "-" "-" "-"
190.11.58.55 - - [23/Jul/2026:06:06:54 -0300] "POST /testbot/HVidD74XP83CP8wXsd/bridgesisbotsgt.php HTTP/1.1" 200 45 "-" "-" "-"
190.11.58.55 - - [23/Jul/2026:06:06:56 -0300] "POST /testbot/HVidD74XP83CP8wXsd/bridgesisbotsgt.php HTTP/1.1" 200 45 "-" "-" "-"
190.11.58.55 - - [23/Jul/2026:06:11:23 -0300] "POST /testbot/HVidD74XP83CP8wXsd/bridgesisbotsgt.php HTTP/1.1" 200 45 "-" "-" "-"
190.11.58.55 - - [23/Jul/2026:06:11:56 -0300] "POST /testbot/HVidD74XP83CP8wXsd/bridgesisbotsgt.php HTTP/1.1" 200 45 "-" "-" "-"
190.11.58.55 - - [23/Jul/2026:06:16:10 -0300] "POST /testbot/HVidD74XP83CP8wXsd/bridgesisbotsgt.php HTTP/1.1" 200 45 "-" "-" "-"
190.11.58.55 - - [23/Jul/2026:06:16:13 -0300] "POST /testbot/HVidD74XP83CP8wXsd/bridgesisbotsgt.php HTTP/1.1" 200 45 "-" "-" "-"
190.11.58.55 - - [23/Jul/2026:06:16:17 -0300] "POST /testbot/HVidD74XP83CP8wXsd/bridgesisbotsgt.php HTTP/1.1" 200 45 "-" "-" "-"
190.11.58.55 - - [23/Jul/2026:06:16:44 -0300] "POST /testbot/HVidD74XP83CP8wXsd/bridgesisbotsgt.php HTTP/1.1" 200 45 "-" "-" "-"
190.11.58.55 - - [23/Jul/2026:06:17:15 -0300] "POST /testbot/HVidD74XP83CP8wXsd/bridgesisbotsgt.php HTTP/1.1" 200 45 "-" "-" "-"
34.96.41.231 - - [23/Jul/2026:06:17:17 -0300] "GET / HTTP/1.1" 499 0 "-" "Mozilla/5.0 (Windows NT 10.0; Win64; x64) AppleWebKit/537.36 (KHTML, like Gecko) Chrome/121.0.0.0 Safari/537.36" "-"
159.223.102.202 - - [23/Jul/2026:06:17:22 -0300] "POST /wp-cron.php?doing_wp_cron=1784798241.8771929740905761718750 HTTP/1.1" 200 11 "-" "WordPress/6.9.4; https://www.bottaingenieria.com.ar" "-"
34.96.41.231 - - [23/Jul/2026:06:17:22 -0300] "GET / HTTP/1.1" 200 157820 "-" "Mozilla/5.0 (Windows NT 10.0; Win64; x64) AppleWebKit/537.36 (KHTML, like Gecko) Chrome/121.0.0.0 Safari/537.36" "-"
190.11.58.55 - - [23/Jul/2026:06:17:35 -0300] "POST /testbot/HVidD74XP83CP8wXsd/bridgesisbotsgt.php HTTP/1.1" 200 45 "-" "-" "-"
159.223.102.202 - - [23/Jul/2026:06:20:51 -0300] "POST /wp-cron.php?doing_wp_cron=1784798451.5025329589843750000000 HTTP/1.1" 200 11 "-" "WordPress/6.9.4; https://www.bottaingenieria.com.ar" "-"
63.141.253.98 - - [23/Jul/2026:06:20:51 -0300] "GET / HTTP/1.1" 200 183790 "-" "Mozilla/5.0 (Windows NT 10.0; Win64; x64) AppleWebKit/537.36 (KHTML, like Gecko) Chrome/103.0.0.0 Safari/537.36" "-"
63.141.253.98 - - [23/Jul/2026:06:20:54 -0300] "GET / HTTP/1.1" 200 183790 "-" "Googlebot/2.1 (+http://www.googlebot.com/bot.html)" "-"
45.182.220.14 - - [23/Jul/2026:06:21:56 -0300] "GET /accesostock/accesoaplicacion.php?name=Solo%20usuario_1&pass=rlalu5840KDlkd765%25P HTTP/1.1" 301 162 "-" "-" "-"
159.223.102.202 - - [23/Jul/2026:06:23:08 -0300] "POST /wp-cron.php?doing_wp_cron=1784798588.4498820304870605468750 HTTP/1.1" 200 11 "-" "WordPress/6.9.4; https://www.bottaingenieria.com.ar" "-"
43.157.153.236 - - [23/Jul/2026:06:23:08 -0300] "GET / HTTP/1.1" 200 183796 "http://bottaingenieria.com.ar" "Mozilla/5.0 (iPhone; CPU iPhone OS 13_2_3 like Mac OS X) AppleWebKit/605.1.15 (KHTML, like Gecko) Version/13.0.3 Mobile/15E148 Safari/604.1" "-"
190.11.58.55 - - [23/Jul/2026:06:23:38 -0300] "POST /testbot/HVidD74XP83CP8wXsd/bridgesisbotsgt.php HTTP/1.1" 200 45 "-" "-" "-"
190.11.58.55 - - [23/Jul/2026:06:23:41 -0300] "POST /testbot/HVidD74XP83CP8wXsd/bridgesisbotsgt.php HTTP/1.1" 200 45 "-" "-" "-"
159.223.102.202 - - [23/Jul/2026:06:25:01 -0300] "POST /wp-cron.php?doing_wp_cron=1784798701.6248910427093505859375 HTTP/1.1" 200 11 "-" "WordPress/6.9.4; https://www.bottaingenieria.com.ar" "-"
123.160.223.74 - - [23/Jul/2026:06:25:04 -0300] "GET / HTTP/2.0" 200 98304 "https://bottaingenieria.com.ar" "Mozilla/5.0 (Macintosh; Intel Mac OS X 10_15_7) AppleWebKit/537.36 (KHTML, like Gecko) Chrome/120.0.0.0 Safari/537.36" "-"
159.223.102.202 - - [23/Jul/2026:06:25:07 -0300] "POST /wp-cron.php?doing_wp_cron=1784798707.3604600429534912109375 HTTP/1.1" 200 11 "-" "WordPress/6.9.4; https://www.bottaingenieria.com.ar" "-"
111.7.96.166 - - [23/Jul/2026:06:25:08 -0300] "GET / HTTP/2.0" 200 183759 "-" "Mozilla/5.0 (Macintosh; Intel Mac OS X 10_15_7) AppleWebKit/537.36 (KHTML, like Gecko) Chrome/120.0.0.0 Safari/537.36" "-"
47.251.79.205 - - [23/Jul/2026:06:25:12 -0300] "GET / HTTP/2.0" 200 183759 "-" "Mozilla/5.0 (Macintosh; Intel Mac OS X 11_0_0) AppleWebKit/537.36 (KHTML, like Gecko) Chrome/87.0.4280.88 Safari/537.36" "-"
190.11.58.55 - - [23/Jul/2026:06:27:24 -0300] "POST /testbot/HVidD74XP83CP8wXsd/bridgesisbotsgt.php HTTP/1.1" 200 45 "-" "-" "-"
190.11.58.55 - - [23/Jul/2026:06:32:42 -0300] "POST /testbot/HVidD74XP83CP8wXsd/bridgesisbotsgt.php HTTP/1.1" 200 45 "-" "-" "-"
190.11.58.55 - - [23/Jul/2026:06:33:02 -0300] "POST /testbot/HVidD74XP83CP8wXsd/bridgesisbotsgt.php HTTP/1.1" 200 45 "-" "-" "-"
190.11.58.55 - - [23/Jul/2026:06:33:44 -0300] "POST /testbot/HVidD74XP83CP8wXsd/bridgesisbotsgt.php HTTP/1.1" 200 45 "-" "-" "-"
190.11.58.55 - - [23/Jul/2026:06:37:23 -0300] "POST /testbot/HVidD74XP83CP8wXsd/bridgesisbotsgt.php HTTP/1.1" 200 45 "-" "-" "-"
190.11.58.55 - - [23/Jul/2026:06:39:19 -0300] "POST /testbot/HVidD74XP83CP8wXsd/bridgesisbotsgt.php HTTP/1.1" 200 45 "-" "-" "-"
159.223.102.202 - - [23/Jul/2026:06:39:46 -0300] "POST /wp-cron.php?doing_wp_cron=1784799586.7745580673217773437500 HTTP/1.1" 200 11 "-" "WordPress/6.9.4; https://www.bottaingenieria.com.ar" "-"
107.189.8.70 - - [23/Jul/2026:06:39:47 -0300] "GET / HTTP/2.0" 200 701224 "http://bottaingenieria.com.ar" "Mozilla/5.0 (Linux; Android 6.0; Apollo Lite) AppleWebKit/537.36 (KHTML, like Gecko) Chrome/81.0.4044.138 Mobile Safari/537.36" "-"
190.11.58.55 - - [23/Jul/2026:06:40:41 -0300] "POST /testbot/HVidD74XP83CP8wXsd/bridgesisbotsgt.php HTTP/1.1" 200 45 "-" "-" "-"
190.11.58.55 - - [23/Jul/2026:06:42:49 -0300] "POST /testbot/HVidD74XP83CP8wXsd/bridgesisbotsgt.php HTTP/1.1" 200 45 "-" "-" "-"
190.11.58.55 - - [23/Jul/2026:06:42:54 -0300] "POST /testbot/HVidD74XP83CP8wXsd/bridgesisbotsgt.php HTTP/1.1" 200 45 "-" "-" "-"
190.11.58.55 - - [23/Jul/2026:06:46:42 -0300] "POST /testbot/HVidD74XP83CP8wXsd/bridgesisbotsgt.php HTTP/1.1" 200 45 "-" "-" "-"
159.223.102.202 - - [23/Jul/2026:06:47:34 -0300] "POST /wp-cron.php?doing_wp_cron=1784800054.5951950550079345703125 HTTP/1.1" 200 11 "-" "WordPress/6.9.4; https://www.bottaingenieria.com.ar" "-"
146.70.157.217 - - [23/Jul/2026:06:47:35 -0300] "GET / HTTP/2.0" 200 701224 "-" "curl/8.12.1" "-"
64.176.70.26 - - [23/Jul/2026:06:47:41 -0300] "GET / HTTP/2.0" 200 701224 "-" "curl/8.12.1" "-"
190.11.58.55 - - [23/Jul/2026:06:51:40 -0300] "POST /testbot/HVidD74XP83CP8wXsd/bridgesisbotsgt.php HTTP/1.1" 200 45 "-" "-" "-"
190.11.58.55 - - [23/Jul/2026:06:52:13 -0300] "POST /testbot/HVidD74XP83CP8wXsd/bridgesisbotsgt.php HTTP/1.1" 200 45 "-" "-" "-"
190.11.58.55 - - [23/Jul/2026:06:52:19 -0300] "POST /testbot/HVidD74XP83CP8wXsd/bridgesisbotsgt.php HTTP/1.1" 200 45 "-" "-" "-"
186.123.156.211 - - [23/Jul/2026:06:53:36 -0300] "GET /accesostock/accesoaplicacion.php?name=fernanda_124&pass=XuSM9TXEPjGZEp3sArE35sHor HTTP/1.1" 301 162 "-" "-" "-"
190.11.58.55 - - [23/Jul/2026:06:55:50 -0300] "POST /testbot/HVidD74XP83CP8wXsd/bridgesisbotsgt.php HTTP/1.1" 200 45 "-" "-" "-"
190.11.58.55 - - [23/Jul/2026:06:55:59 -0300] "POST /testbot/HVidD74XP83CP8wXsd/bridgesisbotsgt.php HTTP/1.1" 200 45 "-" "-" "-"
91.108.5.77 - - [23/Jul/2026:06:56:55 -0300] "POST /testbot/HVidD74XP83CP8wXsd/operadorbothook.php HTTP/1.1" 200 31 "-" "-" "-"
190.11.58.55 - - [23/Jul/2026:06:58:19 -0300] "POST /testbot/HVidD74XP83CP8wXsd/bridgesisbotsgt.php HTTP/1.1" 200 45 "-" "-" "-"
190.11.58.55 - - [23/Jul/2026:06:59:39 -0300] "POST /testbot/HVidD74XP83CP8wXsd/bridgesisbotsgt.php HTTP/1.1" 200 45 "-" "-" "-"
159.223.102.202 - - [23/Jul/2026:07:00:31 -0300] "POST /wp-cron.php?doing_wp_cron=1784800831.6605260372161865234375 HTTP/1.1" 200 11 "-" "WordPress/6.9.4; https://www.bottaingenieria.com.ar" "-"
54.39.136.173 - - [23/Jul/2026:07:00:31 -0300] "GET /wp-sitemap.xml HTTP/2.0" 200 194 "-" "Mozilla/5.0 (compatible; AhrefsBot/7.0; +http://ahrefs.com/robot/)" "-"
142.44.233.100 - - [23/Jul/2026:07:00:33 -0300] "GET /wp-sitemap-posts-post-1.xml HTTP/2.0" 200 193 "-" "Mozilla/5.0 (compatible; AhrefsBot/7.0; +http://ahrefs.com/robot/)" "-"
51.222.168.125 - - [23/Jul/2026:07:00:35 -0300] "GET /wp-sitemap-posts-page-1.xml HTTP/2.0" 200 344 "-" "Mozilla/5.0 (compatible; AhrefsBot/7.0; +http://ahrefs.com/robot/)" "-"
54.39.89.247 - - [23/Jul/2026:07:00:36 -0300] "GET /wp-sitemap-posts-product-1.xml HTTP/2.0" 200 234 "-" "Mozilla/5.0 (compatible; AhrefsBot/7.0; +http://ahrefs.com/robot/)" "-"
142.44.225.239 - - [23/Jul/2026:07:00:38 -0300] "GET /wp-sitemap-taxonomies-category-1.xml HTTP/2.0" 200 153 "-" "Mozilla/5.0 (compatible; AhrefsBot/7.0; +http://ahrefs.com/robot/)" "-"
142.44.233.83 - - [23/Jul/2026:07:00:40 -0300] "GET /wp-sitemap-taxonomies-product_cat-1.xml HTTP/2.0" 200 160 "-" "Mozilla/5.0 (compatible; AhrefsBot/7.0; +http://ahrefs.com/robot/)" "-"
190.11.58.55 - - [23/Jul/2026:07:00:59 -0300] "POST /testbot/HVidD74XP83CP8wXsd/bridgesisbotsgt.php HTTP/1.1" 200 45 "-" "-" "-"
159.223.102.202 - - [23/Jul/2026:07:01:12 -0300] "POST /wp-cron.php?doing_wp_cron=1784800872.4117689132690429687500 HTTP/1.1" 200 11 "-" "WordPress/6.9.4; https://www.bottaingenieria.com.ar" "-"
142.44.228.146 - - [23/Jul/2026:07:01:12 -0300] "GET /wp-sitemap-users-1.xml HTTP/2.0" 200 148 "-" "Mozilla/5.0 (compatible; AhrefsBot/7.0; +http://ahrefs.com/robot/)" "-"
190.11.58.55 - - [23/Jul/2026:07:01:13 -0300] "POST /testbot/HVidD74XP83CP8wXsd/bridgesisbotsgt.php HTTP/1.1" 200 45 "-" "-" "-"
190.11.58.55 - - [23/Jul/2026:07:01:19 -0300] "POST /testbot/HVidD74XP83CP8wXsd/bridgesisbotsgt.php HTTP/1.1" 200 45 "-" "-" "-"
190.11.58.55 - - [23/Jul/2026:07:01:40 -0300] "POST /testbot/HVidD74XP83CP8wXsd/bridgesisbotsgt.php HTTP/1.1" 200 45 "-" "-" "-"
159.223.102.202 - - [23/Jul/2026:07:02:19 -0300] "POST /wp-cron.php?doing_wp_cron=1784800939.2159340381622314453125 HTTP/1.1" 200 11 "-" "WordPress/6.9.4; https://www.bottaingenieria.com.ar" "-"
185.191.171.2 - - [23/Jul/2026:07:02:19 -0300] "GET /robots.txt HTTP/1.1" 200 171 "-" "Mozilla/5.0 (compatible; SemrushBot/7~bl; +http://www.semrush.com/bot.html)" "-"
185.191.171.17 - - [23/Jul/2026:07:02:20 -0300] "GET /categoria-producto/sin-categorizar/ HTTP/1.1" 200 177151 "-" "Mozilla/5.0 (compatible; SemrushBot/7~bl; +http://www.semrush.com/bot.html)" "-"
190.11.58.55 - - [23/Jul/2026:07:02:20 -0300] "POST /testbot/HVidD74XP83CP8wXsd/bridgesisbotsgt.php HTTP/1.1" 200 45 "-" "-" "-"
190.11.58.55 - - [23/Jul/2026:07:02:49 -0300] "POST /testbot/HVidD74XP83CP8wXsd/bridgesisbotsgt.php HTTP/1.1" 200 45 "-" "-" "-"
190.11.58.55 - - [23/Jul/2026:07:03:01 -0300] "POST /testbot/HVidD74XP83CP8wXsd/bridgesisbotsgt.php HTTP/1.1" 200 45 "-" "-" "-"
190.11.58.55 - - [23/Jul/2026:07:03:18 -0300] "POST /testbot/HVidD74XP83CP8wXsd/bridgesisbotsgt.php HTTP/1.1" 200 45 "-" "-" "-"
190.11.58.55 - - [23/Jul/2026:07:04:56 -0300] "POST /testbot/HVidD74XP83CP8wXsd/bridgesisbotsgt.php HTTP/1.1" 200 45 "-" "-" "-"
190.11.58.55 - - [23/Jul/2026:07:05:45 -0300] "POST /testbot/HVidD74XP83CP8wXsd/bridgesisbotsgt.php HTTP/1.1" 200 45 "-" "-" "-"
190.11.58.55 - - [23/Jul/2026:07:06:21 -0300] "POST /testbot/HVidD74XP83CP8wXsd/bridgesisbotsgt.php HTTP/1.1" 200 45 "-" "-" "-"
34.122.16.212 - - [23/Jul/2026:07:10:00 -0300] "GET / HTTP/1.1" 499 0 "-" "Mozilla/5.0 (Macintosh; Intel Mac OS X 10_15_7) AppleWebKit/537.36 (KHTML, like Gecko) Chrome/145.0.0.0 Safari/537.36" "-"
159.223.102.202 - - [23/Jul/2026:07:10:01 -0300] "POST /wp-cron.php?doing_wp_cron=1784801401.3985729217529296875000 HTTP/1.1" 200 11 "-" "WordPress/6.9.4; https://www.bottaingenieria.com.ar" "-"
190.11.58.55 - - [23/Jul/2026:07:12:00 -0300] "POST /testbot/HVidD74XP83CP8wXsd/bridgesisbotsgt.php HTTP/1.1" 200 45 "-" "-" "-"
190.11.58.55 - - [23/Jul/2026:07:12:27 -0300] "POST /testbot/HVidD74XP83CP8wXsd/bridgesisbotsgt.php HTTP/1.1" 200 45 "-" "-" "-"
190.11.58.55 - - [23/Jul/2026:07:12:44 -0300] "POST /testbot/HVidD74XP83CP8wXsd/bridgesisbotsgt.php HTTP/1.1" 200 45 "-" "-" "-"
190.11.58.55 - - [23/Jul/2026:07:12:49 -0300] "POST /testbot/HVidD74XP83CP8wXsd/bridgesisbotsgt.php HTTP/1.1" 200 45 "-" "-" "-"
190.11.58.55 - - [23/Jul/2026:07:14:58 -0300] "POST /testbot/HVidD74XP83CP8wXsd/bridgesisbotsgt.php HTTP/1.1" 200 45 "-" "-" "-"
190.11.58.55 - - [23/Jul/2026:07:15:00 -0300] "POST /testbot/HVidD74XP83CP8wXsd/bridgesisbotsgt.php HTTP/1.1" 200 45 "-" "-" "-"
159.223.102.202 - - [23/Jul/2026:07:17:18 -0300] "POST /wp-cron.php?doing_wp_cron=1784801838.8454220294952392578125 HTTP/1.1" 200 11 "-" "WordPress/6.9.4; https://www.bottaingenieria.com.ar" "-"
34.96.62.16 - - [23/Jul/2026:07:17:19 -0300] "GET / HTTP/1.1" 200 157821 "-" "Mozilla/5.0 (Windows NT 10.0; Win64; x64) AppleWebKit/537.36 (KHTML, like Gecko) Chrome/121.0.0.0 Safari/537.36" "-"
170.106.113.159 - - [23/Jul/2026:07:17:23 -0300] "GET / HTTP/1.1" 301 162 "-" "Mozilla/5.0 (iPhone; CPU iPhone OS 13_2_3 like Mac OS X) AppleWebKit/605.1.15 (KHTML, like Gecko) Version/13.0.3 Mobile/15E148 Safari/604.1" "-"
159.223.102.202 - - [23/Jul/2026:07:17:25 -0300] "POST /wp-cron.php?doing_wp_cron=1784801845.7983689308166503906250 HTTP/1.1" 200 11 "-" "WordPress/6.9.4; https://www.bottaingenieria.com.ar" "-"
170.106.113.159 - - [23/Jul/2026:07:17:25 -0300] "GET / HTTP/1.1" 200 183798 "http://www.bottaingenieria.com.ar" "Mozilla/5.0 (iPhone; CPU iPhone OS 13_2_3 like Mac OS X) AppleWebKit/605.1.15 (KHTML, like Gecko) Version/13.0.3 Mobile/15E148 Safari/604.1" "-"
190.11.58.55 - - [23/Jul/2026:07:17:54 -0300] "POST /testbot/HVidD74XP83CP8wXsd/bridgesisbotsgt.php HTTP/1.1" 200 45 "-" "-" "-"
190.11.58.55 - - [23/Jul/2026:07:18:20 -0300] "POST /testbot/HVidD74XP83CP8wXsd/bridgesisbotsgt.php HTTP/1.1" 200 45 "-" "-" "-"
190.11.58.55 - - [23/Jul/2026:07:18:53 -0300] "POST /testbot/HVidD74XP83CP8wXsd/bridgesisbotsgt.php HTTP/1.1" 200 45 "-" "-" "-"
190.11.58.55 - - [23/Jul/2026:07:23:14 -0300] "POST /testbot/HVidD74XP83CP8wXsd/bridgesisbotsgt.php HTTP/1.1" 200 45 "-" "-" "-"
190.11.58.55 - - [23/Jul/2026:07:23:23 -0300] "POST /testbot/HVidD74XP83CP8wXsd/bridgesisbotsgt.php HTTP/1.1" 200 45 "-" "-" "-"
190.11.58.55 - - [23/Jul/2026:07:23:32 -0300] "POST /testbot/HVidD74XP83CP8wXsd/bridgesisbotsgt.php HTTP/1.1" 200 45 "-" "-" "-"
190.11.58.55 - - [23/Jul/2026:07:25:04 -0300] "POST /testbot/HVidD74XP83CP8wXsd/bridgesisbotsgt.php HTTP/1.1" 200 45 "-" "-" "-"
190.11.58.55 - - [23/Jul/2026:07:27:24 -0300] "POST /testbot/HVidD74XP83CP8wXsd/bridgesisbotsgt.php HTTP/1.1" 200 45 "-" "-" "-"
190.11.58.55 - - [23/Jul/2026:07:32:09 -0300] "POST /testbot/HVidD74XP83CP8wXsd/bridgesisbotsgt.php HTTP/1.1" 200 45 "-" "-" "-"
190.11.58.55 - - [23/Jul/2026:07:34:45 -0300] "POST /testbot/HVidD74XP83CP8wXsd/bridgesisbotsgt.php HTTP/1.1" 200 45 "-" "-" "-"
190.11.58.55 - - [23/Jul/2026:07:35:15 -0300] "POST /testbot/HVidD74XP83CP8wXsd/bridgesisbotsgt.php HTTP/1.1" 200 45 "-" "-" "-"
190.11.58.55 - - [23/Jul/2026:07:35:52 -0300] "POST /testbot/HVidD74XP83CP8wXsd/bridgesisbotsgt.php HTTP/1.1" 200 45 "-" "-" "-"
41.68.151.162 - - [23/Jul/2026:07:36:58 -0300] "GET /xmlrpc.php HTTP/1.1" 403 146 "-" "Mozilla/5.0 (Windows NT 6.3; arm64) AppleWebKit/537.36 (KHTML, like Gecko) Edge/88.0.0.0 Safari/537.36" "-"
190.11.58.55 - - [23/Jul/2026:07:38:24 -0300] "POST /testbot/HVidD74XP83CP8wXsd/bridgesisbotsgt.php HTTP/1.1" 200 45 "-" "-" "-"
190.11.58.55 - - [23/Jul/2026:07:38:35 -0300] "POST /testbot/HVidD74XP83CP8wXsd/bridgesisbotsgt.php HTTP/1.1" 200 45 "-" "-" "-"
190.11.58.55 - - [23/Jul/2026:07:38:43 -0300] "POST /testbot/HVidD74XP83CP8wXsd/bridgesisbotsgt.php HTTP/1.1" 200 45 "-" "-" "-"
190.11.58.55 - - [23/Jul/2026:07:38:46 -0300] "POST /testbot/HVidD74XP83CP8wXsd/bridgesisbotsgt.php HTTP/1.1" 200 45 "-" "-" "-"
190.11.58.55 - - [23/Jul/2026:07:39:04 -0300] "POST /testbot/HVidD74XP83CP8wXsd/bridgesisbotsgt.php HTTP/1.1" 200 45 "-" "-" "-"
190.11.58.55 - - [23/Jul/2026:07:44:50 -0300] "POST /testbot/HVidD74XP83CP8wXsd/bridgesisbotsgt.php HTTP/1.1" 200 45 "-" "-" "-"
190.11.58.55 - - [23/Jul/2026:07:45:28 -0300] "POST /testbot/HVidD74XP83CP8wXsd/bridgesisbotsgt.php HTTP/1.1" 200 45 "-" "-" "-"
190.11.58.55 - - [23/Jul/2026:07:45:46 -0300] "POST /testbot/HVidD74XP83CP8wXsd/bridgesisbotsgt.php HTTP/1.1" 200 45 "-" "-" "-"
190.11.58.55 - - [23/Jul/2026:07:46:47 -0300] "POST /testbot/HVidD74XP83CP8wXsd/bridgesisbotsgt.php HTTP/1.1" 200 45 "-" "-" "-"
190.11.58.55 - - [23/Jul/2026:07:47:10 -0300] "POST /testbot/HVidD74XP83CP8wXsd/bridgesisbotsgt.php HTTP/1.1" 200 45 "-" "-" "-"
190.11.58.55 - - [23/Jul/2026:07:49:53 -0300] "POST /testbot/HVidD74XP83CP8wXsd/bridgesisbotsgt.php HTTP/1.1" 200 45 "-" "-" "-"
190.11.58.55 - - [23/Jul/2026:07:51:44 -0300] "POST /testbot/HVidD74XP83CP8wXsd/bridgesisbotsgt.php HTTP/1.1" 200 45 "-" "-" "-"
190.11.58.55 - - [23/Jul/2026:07:53:34 -0300] "POST /testbot/HVidD74XP83CP8wXsd/bridgesisbotsgt.php HTTP/1.1" 200 45 "-" "-" "-"
190.11.58.55 - - [23/Jul/2026:07:54:07 -0300] "POST /testbot/HVidD74XP83CP8wXsd/bridgesisbotsgt.php HTTP/1.1" 200 45 "-" "-" "-"
190.11.58.55 - - [23/Jul/2026:07:55:39 -0300] "POST /testbot/HVidD74XP83CP8wXsd/bridgesisbotsgt.php HTTP/1.1" 200 45 "-" "-" "-"
190.11.58.55 - - [23/Jul/2026:07:56:58 -0300] "POST /testbot/HVidD74XP83CP8wXsd/bridgesisbotsgt.php HTTP/1.1" 200 45 "-" "-" "-"
190.11.58.55 - - [23/Jul/2026:07:58:28 -0300] "POST /testbot/HVidD74XP83CP8wXsd/bridgesisbotsgt.php HTTP/1.1" 200 45 "-" "-" "-"
190.11.58.55 - - [23/Jul/2026:08:02:30 -0300] "POST /testbot/HVidD74XP83CP8wXsd/bridgesisbotsgt.php HTTP/1.1" 200 45 "-" "-" "-"
190.11.58.55 - - [23/Jul/2026:08:02:36 -0300] "POST /testbot/HVidD74XP83CP8wXsd/bridgesisbotsgt.php HTTP/1.1" 200 45 "-" "-" "-"
190.11.58.55 - - [23/Jul/2026:08:02:39 -0300] "POST /testbot/HVidD74XP83CP8wXsd/bridgesisbotsgt.php HTTP/1.1" 200 45 "-" "-" "-"
190.11.58.55 - - [23/Jul/2026:08:02:45 -0300] "POST /testbot/HVidD74XP83CP8wXsd/bridgesisbotsgt.php HTTP/1.1" 200 45 "-" "-" "-"
190.11.58.55 - - [23/Jul/2026:08:03:37 -0300] "POST /testbot/HVidD74XP83CP8wXsd/bridgesisbotsgt.php HTTP/1.1" 200 45 "-" "-" "-"
190.11.58.55 - - [23/Jul/2026:08:03:40 -0300] "POST /testbot/HVidD74XP83CP8wXsd/bridgesisbotsgt.php HTTP/1.1" 200 45 "-" "-" "-"
190.11.58.55 - - [23/Jul/2026:08:05:32 -0300] "POST /testbot/HVidD74XP83CP8wXsd/bridgesisbotsgt.php HTTP/1.1" 200 45 "-" "-" "-"
190.11.58.55 - - [23/Jul/2026:08:05:34 -0300] "POST /testbot/HVidD74XP83CP8wXsd/bridgesisbotsgt.php HTTP/1.1" 200 45 "-" "-" "-"
190.11.58.55 - - [23/Jul/2026:08:06:38 -0300] "POST /testbot/HVidD74XP83CP8wXsd/bridgesisbotsgt.php HTTP/1.1" 200 45 "-" "-" "-"
190.11.58.55 - - [23/Jul/2026:08:09:48 -0300] "POST /testbot/HVidD74XP83CP8wXsd/bridgesisbotsgt.php HTTP/1.1" 200 45 "-" "-" "-"
190.11.58.55 - - [23/Jul/2026:08:09:58 -0300] "POST /testbot/HVidD74XP83CP8wXsd/bridgesisbotsgt.php HTTP/1.1" 200 45 "-" "-" "-"
190.11.58.55 - - [23/Jul/2026:08:10:32 -0300] "POST /testbot/HVidD74XP83CP8wXsd/bridgesisbotsgt.php HTTP/1.1" 200 45 "-" "-" "-"
190.11.58.55 - - [23/Jul/2026:08:11:45 -0300] "POST /testbot/HVidD74XP83CP8wXsd/bridgesisbotsgt.php HTTP/1.1" 200 45 "-" "-" "-"
190.11.58.55 - - [23/Jul/2026:08:11:48 -0300] "POST /testbot/HVidD74XP83CP8wXsd/bridgesisbotsgt.php HTTP/1.1" 200 45 "-" "-" "-"
66.132.172.133 - - [23/Jul/2026:08:16:30 -0300] "GET / HTTP/1.1" 301 162 "-" "Mozilla/5.0 (compatible; CensysInspect/1.1; +https://about.censys.io/)" "-"
34.96.62.135 - - [23/Jul/2026:08:17:21 -0300] "GET / HTTP/1.1" 499 0 "-" "Mozilla/5.0 (Windows NT 10.0; Win64; x64) AppleWebKit/537.36 (KHTML, like Gecko) Chrome/121.0.0.0 Safari/537.36" "-"
159.223.102.202 - - [23/Jul/2026:08:17:24 -0300] "POST /wp-cron.php?doing_wp_cron=1784805443.9096889495849609375000 HTTP/1.1" 200 11 "-" "WordPress/6.9.4; https://www.bottaingenieria.com.ar" "-"
34.96.62.135 - - [23/Jul/2026:08:17:24 -0300] "GET / HTTP/1.1" 200 157820 "-" "Mozilla/5.0 (Windows NT 10.0; Win64; x64) AppleWebKit/537.36 (KHTML, like Gecko) Chrome/121.0.0.0 Safari/537.36" "-"
190.11.58.55 - - [23/Jul/2026:08:20:39 -0300] "POST /testbot/HVidD74XP83CP8wXsd/bridgesisbotsgt.php HTTP/1.1" 200 45 "-" "-" "-"
181.117.208.41 - - [23/Jul/2026:08:20:40 -0300] "GET /accesostock/accesoaplicacion.php?name=Ramirez_6&pass=X5aLbuMSE1yOzB8DU2Az HTTP/1.1" 301 162 "-" "-" "-"
190.11.58.55 - - [23/Jul/2026:08:21:28 -0300] "POST /testbot/HVidD74XP83CP8wXsd/bridgesisbotsgt.php HTTP/1.1" 200 45 "-" "-" "-"
190.11.58.55 - - [23/Jul/2026:08:21:34 -0300] "POST /testbot/HVidD74XP83CP8wXsd/bridgesisbotsgt.php HTTP/1.1" 200 45 "-" "-" "-"
190.11.58.55 - - [23/Jul/2026:08:21:37 -0300] "POST /testbot/HVidD74XP83CP8wXsd/bridgesisbotsgt.php HTTP/1.1" 200 45 "-" "-" "-"
181.117.208.41 - - [23/Jul/2026:08:22:24 -0300] "GET /accesostock/accesoaplicacion.php?name=Garnero%20_10&pass=X5aLbuMSE1yOzB8DU2Az HTTP/1.1" 301 162 "-" "-" "-"
190.11.58.55 - - [23/Jul/2026:08:22:45 -0300] "POST /testbot/HVidD74XP83CP8wXsd/bridgesisbotsgt.php HTTP/1.1" 200 45 "-" "-" "-"
190.11.58.55 - - [23/Jul/2026:08:24:19 -0300] "POST /testbot/HVidD74XP83CP8wXsd/bridgesisbotsgt.php HTTP/1.1" 200 45 "-" "-" "-"
190.11.58.55 - - [23/Jul/2026:08:24:28 -0300] "POST /testbot/HVidD74XP83CP8wXsd/bridgesisbotsgt.php HTTP/1.1" 200 45 "-" "-" "-"
190.11.58.55 - - [23/Jul/2026:08:24:38 -0300] "POST /testbot/HVidD74XP83CP8wXsd/bridgesisbotsgt.php HTTP/1.1" 200 45 "-" "-" "-"
190.11.58.55 - - [23/Jul/2026:08:24:58 -0300] "POST /testbot/HVidD74XP83CP8wXsd/bridgesisbotsgt.php HTTP/1.1" 200 45 "-" "-" "-"
190.11.58.55 - - [23/Jul/2026:08:24:59 -0300] "POST /testbot/HVidD74XP83CP8wXsd/bridgesisbotsgt.php HTTP/1.1" 200 45 "-" "-" "-"
190.11.58.55 - - [23/Jul/2026:08:26:41 -0300] "POST /testbot/HVidD74XP83CP8wXsd/bridgesisbotsgt.php HTTP/1.1" 200 45 "-" "-" "-"
190.11.58.55 - - [23/Jul/2026:08:26:58 -0300] "POST /testbot/HVidD74XP83CP8wXsd/bridgesisbotsgt.php HTTP/1.1" 200 45 "-" "-" "-"
159.223.102.202 - - [23/Jul/2026:08:27:27 -0300] "POST /wp-cron.php?doing_wp_cron=1784806047.8089959621429443359375 HTTP/1.1" 200 11 "-" "WordPress/6.9.4; https://www.bottaingenieria.com.ar" "-"
54.39.89.5 - - [23/Jul/2026:08:27:27 -0300] "GET /wp-sitemap.xml HTTP/2.0" 200 194 "-" "Mozilla/5.0 (compatible; AhrefsBot/7.0; +http://ahrefs.com/robot/)" "-"
167.114.139.55 - - [23/Jul/2026:08:27:29 -0300] "GET /wp-sitemap-posts-post-1.xml HTTP/2.0" 200 193 "-" "Mozilla/5.0 (compatible; AhrefsBot/7.0; +http://ahrefs.com/robot/)" "-"
54.39.203.23 - - [23/Jul/2026:08:27:31 -0300] "GET /wp-sitemap-posts-page-1.xml HTTP/2.0" 200 344 "-" "Mozilla/5.0 (compatible; AhrefsBot/7.0; +http://ahrefs.com/robot/)" "-"
54.39.136.134 - - [23/Jul/2026:08:27:33 -0300] "GET /wp-sitemap-posts-product-1.xml HTTP/2.0" 200 234 "-" "Mozilla/5.0 (compatible; AhrefsBot/7.0; +http://ahrefs.com/robot/)" "-"
54.39.0.146 - - [23/Jul/2026:08:27:34 -0300] "GET /wp-sitemap-taxonomies-category-1.xml HTTP/2.0" 200 153 "-" "Mozilla/5.0 (compatible; AhrefsBot/7.0; +http://ahrefs.com/robot/)" "-"
142.44.233.5 - - [23/Jul/2026:08:27:36 -0300] "GET /wp-sitemap-taxonomies-product_cat-1.xml HTTP/2.0" 200 160 "-" "Mozilla/5.0 (compatible; AhrefsBot/7.0; +http://ahrefs.com/robot/)" "-"
54.39.136.90 - - [23/Jul/2026:08:27:37 -0300] "GET /wp-sitemap-users-1.xml HTTP/2.0" 200 148 "-" "Mozilla/5.0 (compatible; AhrefsBot/7.0; +http://ahrefs.com/robot/)" "-"
190.151.168.95 - - [23/Jul/2026:08:28:04 -0300] "GET /accesostock/accesoaplicacion.php?name=Ruben_2&pass=rlalu5840KDlkd765%25P HTTP/1.1" 301 162 "-" "-" "-"
190.11.58.55 - - [23/Jul/2026:08:28:51 -0300] "POST /testbot/HVidD74XP83CP8wXsd/bridgesisbotsgt.php HTTP/1.1" 200 45 "-" "-" "-"
190.11.58.55 - - [23/Jul/2026:08:29:22 -0300] "POST /testbot/HVidD74XP83CP8wXsd/bridgesisbotsgt.php HTTP/1.1" 200 45 "-" "-" "-"
181.117.208.41 - - [23/Jul/2026:08:30:34 -0300] "GET /accesostock/accesoaplicacion.php?name=Sunsea_2&pass=rlalu5840KDlkd765%25P HTTP/1.1" 301 162 "-" "-" "-"
190.11.58.55 - - [23/Jul/2026:08:30:50 -0300] "POST /testbot/HVidD74XP83CP8wXsd/bridgesisbotsgt.php HTTP/1.1" 200 45 "-" "-" "-"
190.11.58.55 - - [23/Jul/2026:08:37:33 -0300] "POST /testbot/HVidD74XP83CP8wXsd/bridgesisbotsgt.php HTTP/1.1" 200 45 "-" "-" "-"
159.223.102.202 - - [23/Jul/2026:08:37:43 -0300] "POST /wp-cron.php?doing_wp_cron=1784806663.3188900947570800781250 HTTP/1.1" 200 11 "-" "WordPress/6.9.4; https://www.bottaingenieria.com.ar" "-"
54.147.150.116 - - [23/Jul/2026:08:37:43 -0300] "GET /robots.txt HTTP/1.1" 200 171 "-" "Mozilla/5.0 (Macintosh; Intel Mac OS X 10_10_1) AppleWebKit/600.2.5 (KHTML, like Gecko) Version/8.0.2 Safari/600.2.5 (Gort)" "-"
190.11.58.55 - - [23/Jul/2026:08:39:25 -0300] "POST /testbot/HVidD74XP83CP8wXsd/bridgesisbotsgt.php HTTP/1.1" 200 45 "-" "-" "-"
190.11.58.55 - - [23/Jul/2026:08:39:32 -0300] "POST /testbot/HVidD74XP83CP8wXsd/bridgesisbotsgt.php HTTP/1.1" 200 45 "-" "-" "-"
190.11.58.55 - - [23/Jul/2026:08:41:00 -0300] "POST /testbot/HVidD74XP83CP8wXsd/bridgesisbotsgt.php HTTP/1.1" 200 45 "-" "-" "-"
91.108.5.77 - - [23/Jul/2026:08:43:20 -0300] "POST /testbot/HVidD74XP83CP8wXsd/operadorbothook.php HTTP/1.1" 200 31 "-" "-" "-"
159.223.102.202 - - [23/Jul/2026:08:43:52 -0300] "POST /wp-cron.php?doing_wp_cron=1784807032.7046730518341064453125 HTTP/1.1" 200 11 "-" "WordPress/6.9.4; https://www.bottaingenieria.com.ar" "-"
110.249.201.31 - - [23/Jul/2026:08:43:54 -0300] "GET / HTTP/2.0" 200 157806 "-" "Mozilla/5.0 (Linux; Android 5.0) AppleWebKit/537.36 (KHTML, like Gecko) Mobile Safari/537.36 (compatible; Bytespider; https://zhanzhang.toutiao.com/)" "-"
110.249.202.162 - - [23/Jul/2026:08:43:54 -0300] "GET /tienda/ HTTP/2.0" 200 153123 "-" "Mozilla/5.0 (Linux; Android 5.0) AppleWebKit/537.36 (KHTML, like Gecko) Mobile Safari/537.36 (compatible; Bytespider; https://zhanzhang.toutiao.com/)" "-"
110.249.202.162 - - [23/Jul/2026:08:43:57 -0300] "GET /wp-json/wc/store/v1/cart HTTP/2.0" 200 328 "https://www.bottaingenieria.com.ar/tienda/" "Mozilla/5.0 (Linux; Android 5.0) AppleWebKit/537.36 (KHTML, like Gecko) Mobile Safari/537.36 (compatible; Bytespider; https://zhanzhang.toutiao.com/)" "-"
110.249.201.31 - - [23/Jul/2026:08:43:58 -0300] "GET /wp-json/wp/v2/users/me?context=edit&_locale=user HTTP/2.0" 401 88 "https://www.bottaingenieria.com.ar/" "Mozilla/5.0 (Linux; Android 5.0) AppleWebKit/537.36 (KHTML, like Gecko) Mobile Safari/537.36 (compatible; Bytespider; https://zhanzhang.toutiao.com/)" "-"
110.249.202.162 - - [23/Jul/2026:08:43:58 -0300] "GET /wp-json/wp/v2/users/me?context=edit&_locale=user HTTP/2.0" 401 88 "https://www.bottaingenieria.com.ar/tienda/" "Mozilla/5.0 (Linux; Android 5.0) AppleWebKit/537.36 (KHTML, like Gecko) Mobile Safari/537.36 (compatible; Bytespider; https://zhanzhang.toutiao.com/)" "-"
190.11.58.55 - - [23/Jul/2026:08:44:14 -0300] "POST /testbot/HVidD74XP83CP8wXsd/bridgesisbotsgt.php HTTP/1.1" 200 45 "-" "-" "-"
159.223.102.202 - - [23/Jul/2026:08:44:15 -0300] "POST /wp-cron.php?doing_wp_cron=1784807055.8514029979705810546875 HTTP/1.1" 200 11 "-" "WordPress/6.9.4; https://www.bottaingenieria.com.ar" "-"
52.167.144.179 - - [23/Jul/2026:08:44:15 -0300] "GET /wp-sitemap-posts-page-1.xml HTTP/2.0" 200 344 "-" "Mozilla/5.0 AppleWebKit/537.36 (KHTML, like Gecko; compatible; bingbot/2.0; +http://www.bing.com/bingbot.htm) Chrome/116.0.1938.76 Safari/537.36" "-"
110.249.201.102 - - [23/Jul/2026:08:44:16 -0300] "GET /iaychatbots/ HTTP/2.0" 200 152639 "-" "Mozilla/5.0 (Linux; Android 5.0) AppleWebKit/537.36 (KHTML, like Gecko) Mobile Safari/537.36 (compatible; Bytespider; https://zhanzhang.toutiao.com/)" "-"
110.249.202.246 - - [23/Jul/2026:08:44:17 -0300] "GET /producto/bfact-plan-premium/ HTTP/2.0" 200 155258 "-" "Mozilla/5.0 (Linux; Android 5.0) AppleWebKit/537.36 (KHTML, like Gecko) Mobile Safari/537.36 (compatible; Bytespider; https://zhanzhang.toutiao.com/)" "-"
110.249.201.102 - - [23/Jul/2026:08:44:18 -0300] "GET /wp-json/wp/v2/users/me?context=edit&_locale=user HTTP/2.0" 401 88 "https://www.bottaingenieria.com.ar/iaychatbots/" "Mozilla/5.0 (Linux; Android 5.0) AppleWebKit/537.36 (KHTML, like Gecko) Mobile Safari/537.36 (compatible; Bytespider; https://zhanzhang.toutiao.com/)" "-"
110.249.202.246 - - [23/Jul/2026:08:44:20 -0300] "GET /wp-json/wc/store/v1/cart HTTP/2.0" 200 328 "https://www.bottaingenieria.com.ar/producto/bfact-plan-premium/" "Mozilla/5.0 (Linux; Android 5.0) AppleWebKit/537.36 (KHTML, like Gecko) Mobile Safari/537.36 (compatible; Bytespider; https://zhanzhang.toutiao.com/)" "-"
110.249.202.246 - - [23/Jul/2026:08:44:20 -0300] "GET /wp-json/wp/v2/users/me?context=edit&_locale=user HTTP/2.0" 401 88 "https://www.bottaingenieria.com.ar/producto/bfact-plan-premium/" "Mozilla/5.0 (Linux; Android 5.0) AppleWebKit/537.36 (KHTML, like Gecko) Mobile Safari/537.36 (compatible; Bytespider; https://zhanzhang.toutiao.com/)" "-"
190.11.58.55 - - [23/Jul/2026:08:44:23 -0300] "POST /testbot/HVidD74XP83CP8wXsd/bridgesisbotsgt.php HTTP/1.1" 200 45 "-" "-" "-"
190.11.58.55 - - [23/Jul/2026:08:44:37 -0300] "POST /testbot/HVidD74XP83CP8wXsd/bridgesisbotsgt.php HTTP/1.1" 200 45 "-" "-" "-"
110.249.202.166 - - [23/Jul/2026:08:44:40 -0300] "GET /ges/ HTTP/2.0" 200 152621 "-" "Mozilla/5.0 (Linux; Android 5.0) AppleWebKit/537.36 (KHTML, like Gecko) Mobile Safari/537.36 (compatible; Bytespider; https://zhanzhang.toutiao.com/)" "-"
110.249.202.166 - - [23/Jul/2026:08:44:43 -0300] "GET /wp-json/wp/v2/users/me?context=edit&_locale=user HTTP/2.0" 401 88 "https://www.bottaingenieria.com.ar/ges/" "Mozilla/5.0 (Linux; Android 5.0) AppleWebKit/537.36 (KHTML, like Gecko) Mobile Safari/537.36 (compatible; Bytespider; https://zhanzhang.toutiao.com/)" "-"
190.11.58.55 - - [23/Jul/2026:08:45:36 -0300] "POST /testbot/HVidD74XP83CP8wXsd/bridgesisbotsgt.php HTTP/1.1" 200 45 "-" "-" "-"
159.223.102.202 - - [23/Jul/2026:08:45:51 -0300] "POST /wp-cron.php?doing_wp_cron=1784807151.4350368976593017578125 HTTP/1.1" 200 11 "-" "WordPress/6.9.4; https://www.bottaingenieria.com.ar" "-"
110.249.202.94 - - [23/Jul/2026:08:45:51 -0300] "GET / HTTP/2.0" 200 157807 "-" "Mozilla/5.0 (Linux; Android 5.0) AppleWebKit/537.36 (KHTML, like Gecko) Mobile Safari/537.36 (compatible; Bytespider; https://zhanzhang.toutiao.com/)" "-"
52.167.144.237 - - [23/Jul/2026:08:45:52 -0300] "GET /sitemap.xml HTTP/2.0" 301 0 "-" "Mozilla/5.0 AppleWebKit/537.36 (KHTML, like Gecko; compatible; bingbot/2.0; +http://www.bing.com/bingbot.htm) Chrome/116.0.1938.76 Safari/537.36" "-"
52.167.144.237 - - [23/Jul/2026:08:45:53 -0300] "GET /wp-sitemap.xml HTTP/2.0" 200 194 "-" "Mozilla/5.0 AppleWebKit/537.36 (KHTML, like Gecko; compatible; bingbot/2.0; +http://www.bing.com/bingbot.htm) Chrome/116.0.1938.76 Safari/537.36" "-"
110.249.202.94 - - [23/Jul/2026:08:45:54 -0300] "GET /wp-json/wp/v2/users/me?context=edit&_locale=user HTTP/2.0" 401 88 "https://www.bottaingenieria.com.ar/" "Mozilla/5.0 (Linux; Android 5.0) AppleWebKit/537.36 (KHTML, like Gecko) Mobile Safari/537.36 (compatible; Bytespider; https://zhanzhang.toutiao.com/)" "-"
190.11.58.55 - - [23/Jul/2026:08:46:31 -0300] "POST /testbot/HVidD74XP83CP8wXsd/bridgesisbotsgt.php HTTP/1.1" 200 45 "-" "-" "-"
159.223.102.202 - - [23/Jul/2026:08:46:42 -0300] "POST /wp-cron.php?doing_wp_cron=1784807201.9868609905242919921875 HTTP/1.1" 200 11 "-" "WordPress/6.9.4; https://www.bottaingenieria.com.ar" "-"
110.249.202.18 - - [23/Jul/2026:08:46:42 -0300] "GET /arca/ HTTP/2.0" 200 152676 "-" "Mozilla/5.0 (Linux; Android 5.0) AppleWebKit/537.36 (KHTML, like Gecko) Mobile Safari/537.36 (compatible; Bytespider; https://zhanzhang.toutiao.com/)" "-"
110.249.202.18 - - [23/Jul/2026:08:46:45 -0300] "GET /wp-json/wp/v2/users/me?context=edit&_locale=user HTTP/2.0" 401 88 "https://www.bottaingenieria.com.ar/arca/" "Mozilla/5.0 (Linux; Android 5.0) AppleWebKit/537.36 (KHTML, like Gecko) Mobile Safari/537.36 (compatible; Bytespider; https://zhanzhang.toutiao.com/)" "-"
179.60.6.91 - - [23/Jul/2026:08:47:10 -0300] "GET /accesostock/accesoaplicacion.php?name=Deascencao_2&pass=rlalu5840KDlkd765%25P HTTP/1.1" 301 162 "-" "-" "-"
190.11.58.55 - - [23/Jul/2026:08:48:20 -0300] "POST /testbot/HVidD74XP83CP8wXsd/bridgesisbotsgt.php HTTP/1.1" 200 45 "-" "-" "-"
186.123.156.211 - - [23/Jul/2026:08:48:21 -0300] "GET /accesostock/accesoaplicacion.php?name=fernanda_124&pass=XuSM9TXEPjGZEp3sArE35sHor HTTP/1.1" 301 162 "-" "-" "-"
190.11.58.55 - - [23/Jul/2026:08:48:47 -0300] "POST /testbot/HVidD74XP83CP8wXsd/bridgesisbotsgt.php HTTP/1.1" 200 45 "-" "-" "-"
190.11.58.55 - - [23/Jul/2026:08:52:41 -0300] "POST /testbot/HVidD74XP83CP8wXsd/bridgesisbotsgt.php HTTP/1.1" 200 45 "-" "-" "-"
190.11.58.55 - - [23/Jul/2026:08:53:10 -0300] "POST /testbot/HVidD74XP83CP8wXsd/bridgesisbotsgt.php HTTP/1.1" 200 45 "-" "-" "-"
190.11.58.55 - - [23/Jul/2026:08:53:18 -0300] "POST /testbot/HVidD74XP83CP8wXsd/bridgesisbotsgt.php HTTP/1.1" 200 45 "-" "-" "-"
190.11.58.55 - - [23/Jul/2026:08:53:39 -0300] "POST /testbot/HVidD74XP83CP8wXsd/bridgesisbotsgt.php HTTP/1.1" 200 45 "-" "-" "-"
190.11.58.55 - - [23/Jul/2026:08:56:39 -0300] "POST /testbot/HVidD74XP83CP8wXsd/bridgesisbotsgt.php HTTP/1.1" 200 45 "-" "-" "-"
190.11.58.55 - - [23/Jul/2026:08:56:45 -0300] "POST /testbot/HVidD74XP83CP8wXsd/bridgesisbotsgt.php HTTP/1.1" 200 45 "-" "-" "-"
179.60.6.91 - - [23/Jul/2026:08:57:45 -0300] "GET /accesostock/accesoaplicacion.php?name=Deascencao_2&pass=rlalu5840KDlkd765%25P HTTP/1.1" 301 162 "-" "-" "-"
190.11.58.55 - - [23/Jul/2026:08:57:46 -0300] "POST /testbot/HVidD74XP83CP8wXsd/bridgesisbotsgt.php HTTP/1.1" 200 45 "-" "-" "-"
190.11.58.55 - - [23/Jul/2026:09:02:38 -0300] "POST /testbot/HVidD74XP83CP8wXsd/bridgesisbotsgt.php HTTP/1.1" 200 45 "-" "-" "-"
190.11.58.55 - - [23/Jul/2026:09:02:44 -0300] "POST /testbot/HVidD74XP83CP8wXsd/bridgesisbotsgt.php HTTP/1.1" 200 45 "-" "-" "-"
190.11.58.55 - - [23/Jul/2026:09:02:51 -0300] "POST /testbot/HVidD74XP83CP8wXsd/bridgesisbotsgt.php HTTP/1.1" 200 45 "-" "-" "-"
190.11.58.55 - - [23/Jul/2026:09:03:09 -0300] "POST /testbot/HVidD74XP83CP8wXsd/bridgesisbotsgt.php HTTP/1.1" 200 45 "-" "-" "-"
159.223.102.202 - - [23/Jul/2026:09:04:11 -0300] "POST /wp-cron.php?doing_wp_cron=1784808251.0658099651336669921875 HTTP/1.1" 200 11 "-" "WordPress/6.9.4; https://www.bottaingenieria.com.ar" "-"
95.217.59.55 - - [23/Jul/2026:09:04:11 -0300] "GET /feed/ HTTP/1.1" 200 15791 "-" "Mozilla/5.0 (Windows NT 10.0; Win64; x64) AppleWebKit/537.36 (KHTML, like Gecko) Chrome/120.0.0.0 Safari/537.36 (Compatible; SemanticVisionsBot/1.0; +http://semantic-visions.com)" "-"
190.11.58.55 - - [23/Jul/2026:09:05:17 -0300] "POST /testbot/HVidD74XP83CP8wXsd/bridgesisbotsgt.php HTTP/1.1" 200 45 "-" "-" "-"
181.117.208.41 - - [23/Jul/2026:09:05:22 -0300] "GET /accesostock/accesoaplicacion.php?name=CANDUSSO_14&pass=X5aLbuMSE1yOzB8DU2Az HTTP/1.1" 301 162 "-" "-" "-"
35.254.244.123 - - [23/Jul/2026:09:06:04 -0300] "GET / HTTP/1.1" 499 0 "-" "Mozilla/5.0 (Windows NT 10.0; Win64; x64) AppleWebKit/537.36 (KHTML, like Gecko) Chrome/145.0.0.0 Safari/537.36" "-"
159.223.102.202 - - [23/Jul/2026:09:06:05 -0300] "POST /wp-cron.php?doing_wp_cron=1784808364.9789168834686279296875 HTTP/1.1" 200 11 "-" "WordPress/6.9.4; https://www.bottaingenieria.com.ar" "-"
181.117.208.41 - - [23/Jul/2026:09:06:30 -0300] "GET /accesostock/accesoaplicacion.php?name=admin2_5&pass=rlalu5840KDlkd765%25P HTTP/1.1" 301 162 "-" "-" "-"
190.11.58.55 - - [23/Jul/2026:09:07:29 -0300] "POST /testbot/HVidD74XP83CP8wXsd/bridgesisbotsgt.php HTTP/1.1" 200 45 "-" "-" "-"
190.11.58.55 - - [23/Jul/2026:09:08:23 -0300] "POST /testbot/HVidD74XP83CP8wXsd/bridgesisbotsgt.php HTTP/1.1" 200 45 "-" "-" "-"
190.11.58.55 - - [23/Jul/2026:09:08:26 -0300] "POST /testbot/HVidD74XP83CP8wXsd/bridgesisbotsgt.php HTTP/1.1" 200 45 "-" "-" "-"
190.11.58.55 - - [23/Jul/2026:09:08:47 -0300] "POST /testbot/HVidD74XP83CP8wXsd/bridgesisbotsgt.php HTTP/1.1" 200 45 "-" "-" "-"
190.11.58.55 - - [23/Jul/2026:09:09:01 -0300] "POST /testbot/HVidD74XP83CP8wXsd/bridgesisbotsgt.php HTTP/1.1" 200 45 "-" "-" "-"
159.223.102.202 - - [23/Jul/2026:09:11:53 -0300] "POST /wp-cron.php?doing_wp_cron=1784808713.6148951053619384765625 HTTP/1.1" 200 11 "-" "WordPress/6.9.4; https://www.bottaingenieria.com.ar" "-"
5.133.192.99 - - [23/Jul/2026:09:11:53 -0300] "GET / HTTP/1.1" 200 183797 "-" "Mozilla/5.0 (Windows NT 10.0; Win64; x64) AppleWebKit/537.36 (KHTML, like Gecko) Chrome/105.0.0.0 Safari/537.36" "-"
190.11.58.55 - - [23/Jul/2026:09:13:21 -0300] "POST /testbot/HVidD74XP83CP8wXsd/bridgesisbotsgt.php HTTP/1.1" 200 45 "-" "-" "-"
190.11.58.55 - - [23/Jul/2026:09:15:27 -0300] "POST /testbot/HVidD74XP83CP8wXsd/bridgesisbotsgt.php HTTP/1.1" 200 45 "-" "-" "-"
190.11.58.55 - - [23/Jul/2026:09:16:07 -0300] "POST /testbot/HVidD74XP83CP8wXsd/bridgesisbotsgt.php HTTP/1.1" 200 45 "-" "-" "-"
190.11.58.55 - - [23/Jul/2026:09:16:16 -0300] "POST /testbot/HVidD74XP83CP8wXsd/bridgesisbotsgt.php HTTP/1.1" 200 45 "-" "-" "-"
190.11.58.55 - - [23/Jul/2026:09:16:43 -0300] "POST /testbot/HVidD74XP83CP8wXsd/bridgesisbotsgt.php HTTP/1.1" 200 45 "-" "-" "-"
190.11.58.55 - - [23/Jul/2026:09:17:03 -0300] "POST /testbot/HVidD74XP83CP8wXsd/bridgesisbotsgt.php HTTP/1.1" 200 45 "-" "-" "-"
159.223.102.202 - - [23/Jul/2026:09:17:27 -0300] "POST /wp-cron.php?doing_wp_cron=1784809047.1314089298248291015625 HTTP/1.1" 200 11 "-" "WordPress/6.9.4; https://www.bottaingenieria.com.ar" "-"
34.96.41.176 - - [23/Jul/2026:09:17:27 -0300] "GET / HTTP/1.1" 200 157824 "-" "Mozilla/5.0 (Windows NT 10.0; Win64; x64) AppleWebKit/537.36 (KHTML, like Gecko) Chrome/121.0.0.0 Safari/537.36" "-"
190.11.58.55 - - [23/Jul/2026:09:17:59 -0300] "POST /testbot/HVidD74XP83CP8wXsd/bridgesisbotsgt.php HTTP/1.1" 200 45 "-" "-" "-"
190.11.58.55 - - [23/Jul/2026:09:18:25 -0300] "POST /testbot/HVidD74XP83CP8wXsd/bridgesisbotsgt.php HTTP/1.1" 200 45 "-" "-" "-"
190.11.58.55 - - [23/Jul/2026:09:20:01 -0300] "POST /testbot/HVidD74XP83CP8wXsd/bridgesisbotsgt.php HTTP/1.1" 200 45 "-" "-" "-"
190.11.58.55 - - [23/Jul/2026:09:20:13 -0300] "POST /testbot/HVidD74XP83CP8wXsd/bridgesisbotsgt.php HTTP/1.1" 200 45 "-" "-" "-"
190.11.58.55 - - [23/Jul/2026:09:20:23 -0300] "POST /testbot/HVidD74XP83CP8wXsd/bridgesisbotsgt.php HTTP/1.1" 200 45 "-" "-" "-"
190.11.58.55 - - [23/Jul/2026:09:20:32 -0300] "POST /testbot/HVidD74XP83CP8wXsd/bridgesisbotsgt.php HTTP/1.1" 200 45 "-" "-" "-"
190.11.58.55 - - [23/Jul/2026:09:20:35 -0300] "POST /testbot/HVidD74XP83CP8wXsd/bridgesisbotsgt.php HTTP/1.1" 200 45 "-" "-" "-"
181.229.61.73 - - [23/Jul/2026:09:20:40 -0300] "GET /accesostock/accesoaplicacion.php?name=SAG_2&pass=rlalu5840KDlkd765%25P HTTP/1.1" 301 162 "-" "-" "-"
190.11.58.55 - - [23/Jul/2026:09:21:29 -0300] "POST /testbot/HVidD74XP83CP8wXsd/bridgesisbotsgt.php HTTP/1.1" 200 45 "-" "-" "-"
190.11.58.55 - - [23/Jul/2026:09:21:55 -0300] "POST /testbot/HVidD74XP83CP8wXsd/bridgesisbotsgt.php HTTP/1.1" 200 45 "-" "-" "-"
190.11.58.55 - - [23/Jul/2026:09:22:07 -0300] "POST /testbot/HVidD74XP83CP8wXsd/bridgesisbotsgt.php HTTP/1.1" 200 45 "-" "-" "-"
190.11.58.55 - - [23/Jul/2026:09:25:43 -0300] "POST /testbot/HVidD74XP83CP8wXsd/bridgesisbotsgt.php HTTP/1.1" 200 45 "-" "-" "-"
190.11.58.55 - - [23/Jul/2026:09:25:46 -0300] "POST /testbot/HVidD74XP83CP8wXsd/bridgesisbotsgt.php HTTP/1.1" 200 45 "-" "-" "-"
190.11.58.55 - - [23/Jul/2026:09:26:01 -0300] "POST /testbot/HVidD74XP83CP8wXsd/bridgesisbotsgt.php HTTP/1.1" 200 45 "-" "-" "-"
190.11.58.55 - - [23/Jul/2026:09:26:07 -0300] "POST /testbot/HVidD74XP83CP8wXsd/bridgesisbotsgt.php HTTP/1.1" 200 45 "-" "-" "-"
190.11.58.55 - - [23/Jul/2026:09:26:20 -0300] "POST /testbot/HVidD74XP83CP8wXsd/bridgesisbotsgt.php HTTP/1.1" 200 45 "-" "-" "-"
