190.11.58.55 - - [23/Jul/2026:13:46:49 -0300] "POST /testbot/HVidD74XP83CP8wXsd/bridgesisbotsgt.php HTTP/1.1" 200 45 "-" "-" "-"
159.223.102.202 - - [23/Jul/2026:13:47:36 -0300] "POST /wp-cron.php?doing_wp_cron=1784825256.8975899219512939453125 HTTP/1.1" 200 11 "-" "WordPress/6.9.4; https://www.bottaingenieria.com.ar" "-"
20.169.100.160 - - [23/Jul/2026:13:47:36 -0300] "GET /wp/wp-login.php HTTP/1.1" 200 127650 "https://bottaingenieria.com.ar/wp/wp-login.php" "Mozilla/5.0 (X11; Linux x86_64) AppleWebKit/537.36 (KHTML, like Gecko) Chrome/120.0.0.0 Safari/537.36" "-"
20.169.100.160 - - [23/Jul/2026:13:47:37 -0300] "GET /wp/wp-login.php HTTP/1.1" 200 127650 "https://bottaingenieria.com.ar/wp/wp-login.php" "Mozilla/5.0 (Windows NT 10.0; Win64; x64; rv:121.0) Gecko/20100101 Firefox/121.0" "-"
190.11.58.55 - - [23/Jul/2026:13:47:47 -0300] "POST /testbot/HVidD74XP83CP8wXsd/bridgesisbotsgt.php HTTP/1.1" 200 45 "-" "-" "-"
190.11.58.55 - - [23/Jul/2026:13:47:57 -0300] "POST /testbot/HVidD74XP83CP8wXsd/bridgesisbotsgt.php HTTP/1.1" 200 45 "-" "-" "-"
190.11.58.55 - - [23/Jul/2026:13:48:05 -0300] "POST /testbot/HVidD74XP83CP8wXsd/bridgesisbotsgt.php HTTP/1.1" 200 45 "-" "-" "-"
190.11.58.55 - - [23/Jul/2026:13:48:14 -0300] "POST /testbot/HVidD74XP83CP8wXsd/bridgesisbotsgt.php HTTP/1.1" 200 45 "-" "-" "-"
167.94.146.54 - - [23/Jul/2026:13:48:36 -0300] "GET / HTTP/1.1" 301 162 "-" "Mozilla/5.0 (compatible; CensysInspect/1.1; +https://about.censys.io/)" "-"
190.11.58.55 - - [23/Jul/2026:13:48:36 -0300] "POST /testbot/HVidD74XP83CP8wXsd/bridgesisbotsgt.php HTTP/1.1" 200 45 "-" "-" "-"
190.11.58.55 - - [23/Jul/2026:13:50:07 -0300] "POST /testbot/HVidD74XP83CP8wXsd/bridgesisbotsgt.php HTTP/1.1" 200 45 "-" "-" "-"
190.11.58.55 - - [23/Jul/2026:13:55:43 -0300] "POST /testbot/HVidD74XP83CP8wXsd/bridgesisbotsgt.php HTTP/1.1" 200 45 "-" "-" "-"
190.11.58.55 - - [23/Jul/2026:13:55:56 -0300] "POST /testbot/HVidD74XP83CP8wXsd/bridgesisbotsgt.php HTTP/1.1" 200 45 "-" "-" "-"
190.11.58.55 - - [23/Jul/2026:13:58:52 -0300] "POST /testbot/HVidD74XP83CP8wXsd/bridgesisbotsgt.php HTTP/1.1" 200 45 "-" "-" "-"
190.11.58.55 - - [23/Jul/2026:13:59:07 -0300] "POST /testbot/HVidD74XP83CP8wXsd/bridgesisbotsgt.php HTTP/1.1" 200 45 "-" "-" "-"
190.11.58.55 - - [23/Jul/2026:13:59:27 -0300] "POST /testbot/HVidD74XP83CP8wXsd/bridgesisbotsgt.php HTTP/1.1" 200 45 "-" "-" "-"
190.11.58.55 - - [23/Jul/2026:14:00:08 -0300] "POST /testbot/HVidD74XP83CP8wXsd/bridgesisbotsgt.php HTTP/1.1" 200 45 "-" "-" "-"
159.223.102.202 - - [23/Jul/2026:14:00:43 -0300] "POST /wp-cron.php?doing_wp_cron=1784826043.1679830551147460937500 HTTP/1.1" 200 11 "-" "WordPress/6.9.4; https://www.bottaingenieria.com.ar" "-"
85.208.96.197 - - [23/Jul/2026:14:00:43 -0300] "GET /robots.txt HTTP/1.1" 200 171 "-" "Mozilla/5.0 (compatible; SemrushBot/7~bl; +http://www.semrush.com/bot.html)" "-"
185.191.171.17 - - [23/Jul/2026:14:00:44 -0300] "GET /author/admin/ HTTP/1.1" 200 173690 "-" "Mozilla/5.0 (compatible; SemrushBot/7~bl; +http://www.semrush.com/bot.html)" "-"
159.223.102.202 - - [23/Jul/2026:14:07:48 -0300] "POST /wp-cron.php?doing_wp_cron=1784826468.6397809982299804687500 HTTP/1.1" 200 11 "-" "WordPress/6.9.4; https://www.bottaingenieria.com.ar" "-"
66.249.79.33 - - [23/Jul/2026:14:07:48 -0300] "GET / HTTP/1.1" 200 157824 "-" "Mozilla/5.0 (Linux; Android 6.0.1; Nexus 5X Build/MMB29P) AppleWebKit/537.36 (KHTML, like Gecko) Chrome/150.0.7871.128 Mobile Safari/537.36 (compatible; Googlebot/2.1; +http://www.google.com/bot.html)" "-"
181.117.208.41 - - [23/Jul/2026:14:08:22 -0300] "GET /accesostock/accesoaplicacion.php?name=Ramirez_6&pass=X5aLbuMSE1yOzB8DU2Az HTTP/1.1" 301 162 "-" "-" "-"
181.117.208.41 - - [23/Jul/2026:14:08:33 -0300] "GET /accesostock/accesoaplicacion.php?name=CANDUSSO_14&pass=X5aLbuMSE1yOzB8DU2Az HTTP/1.1" 301 162 "-" "-" "-"
159.223.102.202 - - [23/Jul/2026:14:10:10 -0300] "POST /wp-cron.php?doing_wp_cron=1784826610.0209589004516601562500 HTTP/1.1" 200 11 "-" "WordPress/6.9.4; https://www.bottaingenieria.com.ar" "-"
54.87.62.248 - - [23/Jul/2026:14:10:10 -0300] "GET /?p=273 HTTP/1.1" 301 5 "-" "Mozilla/5.0 AppleWebKit/537.36 (KHTML, like Gecko; compatible; Amazonbot/0.1; +https://developer.amazon.com/support/amazonbot) Chrome/119.0.6045.214 Safari/537.36" "-"
3.225.45.252 - - [23/Jul/2026:14:10:11 -0300] "GET /producto/bfact-plan-intermedio/ HTTP/1.1" 200 179180 "-" "Mozilla/5.0 AppleWebKit/537.36 (KHTML, like Gecko; compatible; Amazonbot/0.1; +https://developer.amazon.com/support/amazonbot) Chrome/119.0.6045.214 Safari/537.36" "-"
190.11.58.55 - - [23/Jul/2026:14:10:31 -0300] "POST /testbot/HVidD74XP83CP8wXsd/bridgesisbotsgt.php HTTP/1.1" 200 45 "-" "-" "-"
190.11.58.55 - - [23/Jul/2026:14:11:22 -0300] "POST /testbot/HVidD74XP83CP8wXsd/bridgesisbotsgt.php HTTP/1.1" 200 45 "-" "-" "-"
159.223.102.202 - - [23/Jul/2026:14:13:05 -0300] "POST /wp-cron.php?doing_wp_cron=1784826785.2904350757598876953125 HTTP/1.1" 200 11 "-" "WordPress/6.9.4; https://www.bottaingenieria.com.ar" "-"
185.191.171.9 - - [23/Jul/2026:14:13:05 -0300] "GET /category/sin-categoria/ HTTP/1.1" 200 173700 "-" "Mozilla/5.0 (compatible; SemrushBot/7~bl; +http://www.semrush.com/bot.html)" "-"
190.11.58.55 - - [23/Jul/2026:14:13:14 -0300] "POST /testbot/HVidD74XP83CP8wXsd/bridgesisbotsgt.php HTTP/1.1" 200 45 "-" "-" "-"
181.229.61.73 - - [23/Jul/2026:14:15:31 -0300] "GET /accesostock/accesoaplicacion.php?name=SAG_2&pass=rlalu5840KDlkd765%25P HTTP/1.1" 301 162 "-" "-" "-"
159.223.102.202 - - [23/Jul/2026:14:17:24 -0300] "POST /wp-cron.php?doing_wp_cron=1784827044.9301578998565673828125 HTTP/1.1" 200 11 "-" "WordPress/6.9.4; https://www.bottaingenieria.com.ar" "-"
34.96.41.144 - - [23/Jul/2026:14:17:25 -0300] "GET / HTTP/1.1" 200 157822 "-" "Mozilla/5.0 (Windows NT 10.0; Win64; x64) AppleWebKit/537.36 (KHTML, like Gecko) Chrome/121.0.0.0 Safari/537.36" "-"
34.96.41.144 - - [23/Jul/2026:14:17:26 -0300] "GET / HTTP/1.1" 200 157822 "-" "Mozilla/5.0 (Windows NT 10.0; Win64; x64) AppleWebKit/537.36 (KHTML, like Gecko) Chrome/121.0.0.0 Safari/537.36" "-"
190.11.58.55 - - [23/Jul/2026:14:18:25 -0300] "POST /testbot/HVidD74XP83CP8wXsd/bridgesisbotsgt.php HTTP/1.1" 200 45 "-" "-" "-"
190.11.58.55 - - [23/Jul/2026:14:18:28 -0300] "POST /testbot/HVidD74XP83CP8wXsd/bridgesisbotsgt.php HTTP/1.1" 200 45 "-" "-" "-"
190.11.58.55 - - [23/Jul/2026:14:18:39 -0300] "POST /testbot/HVidD74XP83CP8wXsd/bridgesisbotsgt.php HTTP/1.1" 200 45 "-" "-" "-"
190.11.58.55 - - [23/Jul/2026:14:18:43 -0300] "POST /testbot/HVidD74XP83CP8wXsd/bridgesisbotsgt.php HTTP/1.1" 200 45 "-" "-" "-"
190.11.58.55 - - [23/Jul/2026:14:23:47 -0300] "POST /testbot/HVidD74XP83CP8wXsd/bridgesisbotsgt.php HTTP/1.1" 200 45 "-" "-" "-"
190.11.58.55 - - [23/Jul/2026:14:24:17 -0300] "POST /testbot/HVidD74XP83CP8wXsd/bridgesisbotsgt.php HTTP/1.1" 200 45 "-" "-" "-"
190.11.58.55 - - [23/Jul/2026:14:25:35 -0300] "POST /testbot/HVidD74XP83CP8wXsd/bridgesisbotsgt.php HTTP/1.1" 200 45 "-" "-" "-"
190.11.58.55 - - [23/Jul/2026:14:27:46 -0300] "POST /testbot/HVidD74XP83CP8wXsd/bridgesisbotsgt.php HTTP/1.1" 200 45 "-" "-" "-"
190.11.58.55 - - [23/Jul/2026:14:27:52 -0300] "POST /testbot/HVidD74XP83CP8wXsd/bridgesisbotsgt.php HTTP/1.1" 200 45 "-" "-" "-"
159.223.102.202 - - [23/Jul/2026:14:29:19 -0300] "POST /wp-cron.php?doing_wp_cron=1784827759.7646079063415527343750 HTTP/1.1" 200 11 "-" "WordPress/6.9.4; https://www.bottaingenieria.com.ar" "-"
148.113.128.141 - - [23/Jul/2026:14:29:19 -0300] "GET /wp-sitemap.xml HTTP/2.0" 200 194 "-" "Mozilla/5.0 (compatible; AhrefsBot/7.0; +http://ahrefs.com/robot/)" "-"
142.44.228.122 - - [23/Jul/2026:14:29:21 -0300] "GET /wp-sitemap-posts-post-1.xml HTTP/2.0" 200 193 "-" "Mozilla/5.0 (compatible; AhrefsBot/7.0; +http://ahrefs.com/robot/)" "-"
148.113.130.247 - - [23/Jul/2026:14:29:32 -0300] "GET /wp-sitemap-posts-page-1.xml HTTP/2.0" 200 344 "-" "Mozilla/5.0 (compatible; AhrefsBot/7.0; +http://ahrefs.com/robot/)" "-"
54.39.0.60 - - [23/Jul/2026:14:29:35 -0300] "GET /wp-sitemap-posts-product-1.xml HTTP/2.0" 200 234 "-" "Mozilla/5.0 (compatible; AhrefsBot/7.0; +http://ahrefs.com/robot/)" "-"
142.44.233.255 - - [23/Jul/2026:14:29:37 -0300] "GET /wp-sitemap-taxonomies-category-1.xml HTTP/2.0" 200 153 "-" "Mozilla/5.0 (compatible; AhrefsBot/7.0; +http://ahrefs.com/robot/)" "-"
142.44.228.215 - - [23/Jul/2026:14:29:38 -0300] "GET /wp-sitemap-taxonomies-product_cat-1.xml HTTP/2.0" 200 160 "-" "Mozilla/5.0 (compatible; AhrefsBot/7.0; +http://ahrefs.com/robot/)" "-"
142.44.220.226 - - [23/Jul/2026:14:29:40 -0300] "GET /wp-sitemap-users-1.xml HTTP/2.0" 200 148 "-" "Mozilla/5.0 (compatible; AhrefsBot/7.0; +http://ahrefs.com/robot/)" "-"
159.223.102.202 - - [23/Jul/2026:14:31:21 -0300] "POST /wp-cron.php?doing_wp_cron=1784827881.3320910930633544921875 HTTP/1.1" 200 11 "-" "WordPress/6.9.4; https://www.bottaingenieria.com.ar" "-"
213.35.113.47 - - [23/Jul/2026:14:31:21 -0300] "GET / HTTP/1.1" 200 183795 "-" "Mozilla/5.0 (compatible; WP-Safe-Scanner/1.0)" "-"
213.35.113.47 - - [23/Jul/2026:14:31:22 -0300] "GET /wp-content/uploads/ HTTP/1.1" 403 117 "-" "Mozilla/5.0 (compatible; WP-Safe-Scanner/1.0)" "-"
213.35.113.47 - - [23/Jul/2026:14:31:22 -0300] "GET /wp-content/plugins/ HTTP/1.1" 200 31 "-" "Mozilla/5.0 (compatible; WP-Safe-Scanner/1.0)" "-"
213.35.113.47 - - [23/Jul/2026:14:31:23 -0300] "GET /wp-content/themes/ HTTP/1.1" 200 31 "-" "Mozilla/5.0 (compatible; WP-Safe-Scanner/1.0)" "-"
213.35.113.47 - - [23/Jul/2026:14:31:23 -0300] "GET /wp-includes/ HTTP/1.1" 403 117 "-" "Mozilla/5.0 (compatible; WP-Safe-Scanner/1.0)" "-"
213.35.113.47 - - [23/Jul/2026:14:31:24 -0300] "GET /wp-admin/ HTTP/1.1" 302 5 "-" "Mozilla/5.0 (compatible; WP-Safe-Scanner/1.0)" "-"
213.35.113.47 - - [23/Jul/2026:14:31:25 -0300] "GET /wp-login.php?redirect_to=https%3A%2F%2Fwww.bottaingenieria.com.ar%2Fwp-admin%2F&reauth=1 HTTP/1.1" 200 127657 "-" "Mozilla/5.0 (compatible; WP-Safe-Scanner/1.0)" "-"
190.11.58.55 - - [23/Jul/2026:14:32:05 -0300] "POST /testbot/HVidD74XP83CP8wXsd/bridgesisbotsgt.php HTTP/1.1" 200 45 "-" "-" "-"
159.223.102.202 - - [23/Jul/2026:14:32:28 -0300] "POST /wp-cron.php?doing_wp_cron=1784827948.4887180328369140625000 HTTP/1.1" 200 11 "-" "WordPress/6.9.4; https://www.bottaingenieria.com.ar" "-"
107.23.62.75 - - [23/Jul/2026:14:32:28 -0300] "GET /novedades/ HTTP/1.1" 200 174348 "-" "Mozilla/5.0 AppleWebKit/537.36 (KHTML, like Gecko; compatible; Amazonbot/0.1; +https://developer.amazon.com/support/amazonbot) Chrome/119.0.6045.214 Safari/537.36" "-"
190.11.58.55 - - [23/Jul/2026:14:32:34 -0300] "POST /testbot/HVidD74XP83CP8wXsd/bridgesisbotsgt.php HTTP/1.1" 200 45 "-" "-" "-"
190.11.58.55 - - [23/Jul/2026:14:32:50 -0300] "POST /testbot/HVidD74XP83CP8wXsd/bridgesisbotsgt.php HTTP/1.1" 200 45 "-" "-" "-"
190.11.58.55 - - [23/Jul/2026:14:33:22 -0300] "POST /testbot/HVidD74XP83CP8wXsd/bridgesisbotsgt.php HTTP/1.1" 200 45 "-" "-" "-"
190.3.40.205 - - [23/Jul/2026:14:34:16 -0300] "GET /accesostock/accesoaplicacion.php?name=_101&pass=rlalu5840KDlkd765%25P HTTP/1.1" 301 162 "-" "-" "-"
190.3.40.205 - - [23/Jul/2026:14:34:21 -0300] "GET /accesostock/accesoaplicacion.php?name=_101&pass=rlalu5840KDlkd765%25P HTTP/1.1" 301 162 "-" "-" "-"
186.123.156.211 - - [23/Jul/2026:14:34:28 -0300] "GET /accesostock/accesoaplicacion.php?name=franco_116&pass=XuSM9TXEPjGZEp3sArE35sHor HTTP/1.1" 301 162 "-" "-" "-"
190.11.58.55 - - [23/Jul/2026:14:35:10 -0300] "POST /testbot/HVidD74XP83CP8wXsd/bridgesisbotsgt.php HTTP/1.1" 200 45 "-" "-" "-"
190.11.58.55 - - [23/Jul/2026:14:37:31 -0300] "POST /testbot/HVidD74XP83CP8wXsd/bridgesisbotsgt.php HTTP/1.1" 200 45 "-" "-" "-"
190.11.58.55 - - [23/Jul/2026:14:43:54 -0300] "POST /testbot/HVidD74XP83CP8wXsd/bridgesisbotsgt.php HTTP/1.1" 200 45 "-" "-" "-"
190.11.58.55 - - [23/Jul/2026:14:44:03 -0300] "POST /testbot/HVidD74XP83CP8wXsd/bridgesisbotsgt.php HTTP/1.1" 200 45 "-" "-" "-"
190.11.58.55 - - [23/Jul/2026:14:44:15 -0300] "POST /testbot/HVidD74XP83CP8wXsd/bridgesisbotsgt.php HTTP/1.1" 200 45 "-" "-" "-"
190.11.58.55 - - [23/Jul/2026:14:45:10 -0300] "POST /testbot/HVidD74XP83CP8wXsd/bridgesisbotsgt.php HTTP/1.1" 200 45 "-" "-" "-"
159.223.102.202 - - [23/Jul/2026:14:46:14 -0300] "POST /wp-cron.php?doing_wp_cron=1784828774.7428929805755615234375 HTTP/1.1" 200 11 "-" "WordPress/6.9.4; https://www.bottaingenieria.com.ar" "-"
43.157.158.178 - - [23/Jul/2026:14:46:14 -0300] "GET / HTTP/1.1" 200 183789 "http://bottaingenieria.com.ar" "Mozilla/5.0 (iPhone; CPU iPhone OS 13_2_3 like Mac OS X) AppleWebKit/605.1.15 (KHTML, like Gecko) Version/13.0.3 Mobile/15E148 Safari/604.1" "-"
190.11.58.55 - - [23/Jul/2026:14:52:39 -0300] "POST /testbot/HVidD74XP83CP8wXsd/bridgesisbotsgt.php HTTP/1.1" 200 45 "-" "-" "-"
190.11.58.55 - - [23/Jul/2026:14:52:48 -0300] "POST /testbot/HVidD74XP83CP8wXsd/bridgesisbotsgt.php HTTP/1.1" 200 45 "-" "-" "-"
186.123.156.211 - - [23/Jul/2026:14:53:16 -0300] "GET /accesostock/accesoaplicacion.php?name=Solo%20usuario_1&pass=rlalu5840KDlkd765%25P HTTP/1.1" 301 162 "-" "-" "-"
190.11.58.55 - - [23/Jul/2026:14:56:08 -0300] "POST /testbot/HVidD74XP83CP8wXsd/bridgesisbotsgt.php HTTP/1.1" 200 45 "-" "-" "-"
190.11.58.55 - - [23/Jul/2026:14:56:26 -0300] "POST /testbot/HVidD74XP83CP8wXsd/bridgesisbotsgt.php HTTP/1.1" 200 45 "-" "-" "-"
190.11.58.55 - - [23/Jul/2026:14:56:32 -0300] "POST /testbot/HVidD74XP83CP8wXsd/bridgesisbotsgt.php HTTP/1.1" 200 45 "-" "-" "-"
190.11.58.55 - - [23/Jul/2026:14:56:39 -0300] "POST /testbot/HVidD74XP83CP8wXsd/bridgesisbotsgt.php HTTP/1.1" 200 45 "-" "-" "-"
181.92.172.153 - - [23/Jul/2026:15:00:36 -0300] "GET /accesostock/accesoaplicacion.php?name=filomeno_3&pass=rlalu5840KDlkd765%25P HTTP/1.1" 301 162 "-" "-" "-"
190.11.58.55 - - [23/Jul/2026:15:01:26 -0300] "GET /accesostock/accesoaplicacion.php?name=pancho_110&pass=XuSM9TXEPjGZEp3sArE35sHor HTTP/1.1" 301 162 "-" "-" "-"
186.123.156.211 - - [23/Jul/2026:15:03:11 -0300] "GET /accesostock/accesoaplicacion.php?name=franco_116&pass=XuSM9TXEPjGZEp3sArE35sHor HTTP/1.1" 301 162 "-" "-" "-"
190.11.58.55 - - [23/Jul/2026:15:03:13 -0300] "POST /testbot/HVidD74XP83CP8wXsd/bridgesisbotsgt.php HTTP/1.1" 200 45 "-" "-" "-"
190.3.40.205 - - [23/Jul/2026:15:04:09 -0300] "GET /accesostock/accesoaplicacion.php?name=_101&pass=rlalu5840KDlkd765%25P HTTP/1.1" 301 162 "-" "-" "-"
190.3.40.205 - - [23/Jul/2026:15:04:10 -0300] "GET /accesostock/accesoaplicacion.php?name=_101&pass=rlalu5840KDlkd765%25P HTTP/1.1" 301 162 "-" "-" "-"
159.223.102.202 - - [23/Jul/2026:15:04:37 -0300] "POST /wp-cron.php?doing_wp_cron=1784829877.5042779445648193359375 HTTP/1.1" 200 11 "-" "WordPress/6.9.4; https://www.bottaingenieria.com.ar" "-"
188.26.213.77 - - [23/Jul/2026:15:04:37 -0300] "GET /nosotros/ HTTP/1.0" 200 654206 "-" "Mozilla/5.0 (Windows NT 6.3; Win64; x64) AppleWebKit/537.36 (KHTML, like Gecko) Chrome/75.0.3770.100 Safari/537.36" "-"
181.117.208.41 - - [23/Jul/2026:15:05:23 -0300] "GET /accesostock/accesoaplicacion.php?name=Sunsea_2&pass=rlalu5840KDlkd765%25P HTTP/1.1" 301 162 "-" "-" "-"
190.11.58.55 - - [23/Jul/2026:15:05:40 -0300] "POST /testbot/HVidD74XP83CP8wXsd/bridgesisbotsgt.php HTTP/1.1" 200 45 "-" "-" "-"
181.117.208.41 - - [23/Jul/2026:15:08:02 -0300] "GET /accesostock/accesoaplicacion.php?name=General_4&pass=rlalu5840KDlkd765%25P HTTP/1.1" 301 162 "-" "-" "-"
190.11.58.55 - - [23/Jul/2026:15:10:35 -0300] "POST /testbot/HVidD74XP83CP8wXsd/bridgesisbotsgt.php HTTP/1.1" 200 45 "-" "-" "-"
181.117.208.41 - - [23/Jul/2026:15:12:32 -0300] "GET /accesostock/accesoaplicacion.php?name=Sunsea_2&pass=X5aLbuMSE1yOzB8DU2Az HTTP/1.1" 301 162 "-" "-" "-"
190.11.58.55 - - [23/Jul/2026:15:13:19 -0300] "POST /testbot/HVidD74XP83CP8wXsd/bridgesisbotsgt.php HTTP/1.1" 200 45 "-" "-" "-"
190.11.58.55 - - [23/Jul/2026:15:13:56 -0300] "POST /testbot/HVidD74XP83CP8wXsd/bridgesisbotsgt.php HTTP/1.1" 200 45 "-" "-" "-"
190.11.58.55 - - [23/Jul/2026:15:14:29 -0300] "POST /testbot/HVidD74XP83CP8wXsd/bridgesisbotsgt.php HTTP/1.1" 200 45 "-" "-" "-"
190.11.58.55 - - [23/Jul/2026:15:14:52 -0300] "POST /testbot/HVidD74XP83CP8wXsd/bridgesisbotsgt.php HTTP/1.1" 200 45 "-" "-" "-"
44.220.233.148 - - [23/Jul/2026:15:15:12 -0300] "GET / HTTP/1.1" 200 146941 "-" "Mozilla/5.0 (Macintosh; Intel Mac OS X 10_15_7) AppleWebKit/537.36 (KHTML, like Gecko) Chrome/136.0.0.0 Safari/537.36" "-"
159.223.102.202 - - [23/Jul/2026:15:15:12 -0300] "POST /wp-cron.php?doing_wp_cron=1784830512.6058990955352783203125 HTTP/1.1" 200 11 "-" "WordPress/6.9.4; https://www.bottaingenieria.com.ar" "-"
44.223.116.149 - - [23/Jul/2026:15:15:33 -0300] "GET /?p=143 HTTP/1.1" 301 5 "-" "Mozilla/5.0 AppleWebKit/537.36 (KHTML, like Gecko; compatible; Amazonbot/0.1; +https://developer.amazon.com/support/amazonbot) Chrome/119.0.6045.214 Safari/537.36" "-"
3.210.29.96 - - [23/Jul/2026:15:15:34 -0300] "GET /carro/ HTTP/1.1" 200 198482 "-" "Mozilla/5.0 AppleWebKit/537.36 (KHTML, like Gecko; compatible; Amazonbot/0.1; +https://developer.amazon.com/support/amazonbot) Chrome/119.0.6045.214 Safari/537.36" "-"
190.11.58.55 - - [23/Jul/2026:15:17:07 -0300] "POST /testbot/HVidD74XP83CP8wXsd/bridgesisbotsgt.php HTTP/1.1" 200 45 "-" "-" "-"
159.223.102.202 - - [23/Jul/2026:15:17:23 -0300] "POST /wp-cron.php?doing_wp_cron=1784830643.2637770175933837890625 HTTP/1.1" 200 11 "-" "WordPress/6.9.4; https://www.bottaingenieria.com.ar" "-"
34.96.41.144 - - [23/Jul/2026:15:17:23 -0300] "GET / HTTP/1.1" 200 157824 "-" "Mozilla/5.0 (Windows NT 10.0; Win64; x64) AppleWebKit/537.36 (KHTML, like Gecko) Chrome/121.0.0.0 Safari/537.36" "-"
190.11.58.55 - - [23/Jul/2026:15:17:33 -0300] "POST /testbot/HVidD74XP83CP8wXsd/bridgesisbotsgt.php HTTP/1.1" 200 45 "-" "-" "-"
190.11.58.55 - - [23/Jul/2026:15:19:39 -0300] "POST /testbot/HVidD74XP83CP8wXsd/bridgesisbotsgt.php HTTP/1.1" 200 45 "-" "-" "-"
179.60.6.91 - - [23/Jul/2026:15:21:07 -0300] "GET /accesostock/accesoaplicacion.php?name=Deascencao_2&pass=rlalu5840KDlkd765%25P HTTP/1.1" 301 162 "-" "-" "-"
159.223.102.202 - - [23/Jul/2026:15:21:26 -0300] "POST /wp-cron.php?doing_wp_cron=1784830886.3015930652618408203125 HTTP/1.1" 200 11 "-" "WordPress/6.9.4; https://www.bottaingenieria.com.ar" "-"
124.250.34.125 - - [23/Jul/2026:15:21:26 -0300] "GET / HTTP/1.1" 200 157824 "-" "Mozilla/5.0 (Macintosh; Intel Mac OS X 10_15_7) AppleWebKit/537.36 (KHTML, like Gecko) Chrome/120.0.0.0 Safari/537.36" "124.250.34.125"
104.192.7.114 - - [23/Jul/2026:15:21:28 -0300] "POST /wp-json/batch/v1 HTTP/1.1" 207 27 "-" "wp2shell" "-"
104.192.7.114 - - [23/Jul/2026:15:21:29 -0300] "POST /?rest_route=/batch/v1 HTTP/1.1" 207 27 "-" "wp2shell" "-"
104.192.7.114 - - [23/Jul/2026:15:21:34 -0300] "POST /?rest_route=/batch/v1 HTTP/1.1" 207 776231 "-" "wp2shell" "-"
104.192.7.114 - - [23/Jul/2026:15:21:40 -0300] "POST /?rest_route=/batch/v1 HTTP/1.1" 207 776420 "-" "wp2shell" "-"
104.192.7.114 - - [23/Jul/2026:15:21:45 -0300] "POST /?rest_route=/batch/v1 HTTP/1.1" 207 776468 "-" "wp2shell" "-"
104.192.7.114 - - [23/Jul/2026:15:21:45 -0300] "GET /?rest_route=%2Fwp%2Fv2%2Fposts&per_page=1&_fields=link HTTP/1.1" 200 75 "-" "wp2shell" "-"
104.192.7.114 - - [23/Jul/2026:15:21:46 -0300] "POST /?rest_route=/batch/v1 HTTP/1.1" 207 877 "-" "wp2shell" "-"
104.192.7.114 - - [23/Jul/2026:15:21:51 -0300] "POST /?rest_route=/batch/v1 HTTP/1.1" 207 776415 "-" "wp2shell" "-"
190.11.58.55 - - [23/Jul/2026:15:21:55 -0300] "POST /testbot/HVidD74XP83CP8wXsd/bridgesisbotsgt.php HTTP/1.1" 200 45 "-" "-" "-"
104.192.7.114 - - [23/Jul/2026:15:21:56 -0300] "POST /?rest_route=/batch/v1 HTTP/1.1" 207 776417 "-" "wp2shell" "-"
104.192.7.114 - - [23/Jul/2026:15:22:01 -0300] "POST /?rest_route=/batch/v1 HTTP/1.1" 207 776417 "-" "wp2shell" "-"
104.192.7.114 - - [23/Jul/2026:15:22:03 -0300] "POST /?rest_route=/batch/v1 HTTP/1.1" 207 5133 "-" "wp2shell" "-"
190.11.58.55 - - [23/Jul/2026:15:23:23 -0300] "POST /testbot/HVidD74XP83CP8wXsd/bridgesisbotsgt.php HTTP/1.1" 200 45 "-" "-" "-"
190.11.58.55 - - [23/Jul/2026:15:24:36 -0300] "POST /testbot/HVidD74XP83CP8wXsd/bridgesisbotsgt.php HTTP/1.1" 200 45 "-" "-" "-"
190.11.58.55 - - [23/Jul/2026:15:25:48 -0300] "POST /testbot/HVidD74XP83CP8wXsd/bridgesisbotsgt.php HTTP/1.1" 200 45 "-" "-" "-"
190.11.58.55 - - [23/Jul/2026:15:29:24 -0300] "POST /testbot/HVidD74XP83CP8wXsd/bridgesisbotsgt.php HTTP/1.1" 200 45 "-" "-" "-"
190.11.58.55 - - [23/Jul/2026:15:29:33 -0300] "POST /testbot/HVidD74XP83CP8wXsd/bridgesisbotsgt.php HTTP/1.1" 200 45 "-" "-" "-"
190.11.58.55 - - [23/Jul/2026:15:30:28 -0300] "POST /testbot/HVidD74XP83CP8wXsd/bridgesisbotsgt.php HTTP/1.1" 200 45 "-" "-" "-"
43.153.49.151 - - [23/Jul/2026:15:31:04 -0300] "GET / HTTP/1.1" 301 162 "-" "Mozilla/5.0 (iPhone; CPU iPhone OS 13_2_3 like Mac OS X) AppleWebKit/605.1.15 (KHTML, like Gecko) Version/13.0.3 Mobile/15E148 Safari/604.1" "-"
159.223.102.202 - - [23/Jul/2026:15:31:06 -0300] "POST /wp-cron.php?doing_wp_cron=1784831466.7848539352416992187500 HTTP/1.1" 200 11 "-" "WordPress/6.9.4; https://www.bottaingenieria.com.ar" "-"
43.153.49.151 - - [23/Jul/2026:15:31:06 -0300] "GET / HTTP/1.1" 200 183791 "http://www.bottaingenieria.com.ar" "Mozilla/5.0 (iPhone; CPU iPhone OS 13_2_3 like Mac OS X) AppleWebKit/605.1.15 (KHTML, like Gecko) Version/13.0.3 Mobile/15E148 Safari/604.1" "-"
190.11.58.55 - - [23/Jul/2026:15:33:06 -0300] "POST /testbot/HVidD74XP83CP8wXsd/bridgesisbotsgt.php HTTP/1.1" 200 45 "-" "-" "-"
190.11.58.55 - - [23/Jul/2026:15:33:24 -0300] "POST /testbot/HVidD74XP83CP8wXsd/bridgesisbotsgt.php HTTP/1.1" 200 45 "-" "-" "-"
190.11.58.55 - - [23/Jul/2026:15:33:42 -0300] "POST /testbot/HVidD74XP83CP8wXsd/bridgesisbotsgt.php HTTP/1.1" 200 45 "-" "-" "-"
190.11.58.55 - - [23/Jul/2026:15:35:38 -0300] "POST /testbot/HVidD74XP83CP8wXsd/bridgesisbotsgt.php HTTP/1.1" 200 45 "-" "-" "-"
190.11.58.55 - - [23/Jul/2026:15:36:23 -0300] "POST /testbot/HVidD74XP83CP8wXsd/bridgesisbotsgt.php HTTP/1.1" 200 45 "-" "-" "-"
190.11.58.55 - - [23/Jul/2026:15:36:38 -0300] "POST /testbot/HVidD74XP83CP8wXsd/bridgesisbotsgt.php HTTP/1.1" 200 45 "-" "-" "-"
190.11.58.55 - - [23/Jul/2026:15:38:53 -0300] "POST /testbot/HVidD74XP83CP8wXsd/bridgesisbotsgt.php HTTP/1.1" 200 45 "-" "-" "-"
190.11.58.55 - - [23/Jul/2026:15:39:10 -0300] "POST /testbot/HVidD74XP83CP8wXsd/bridgesisbotsgt.php HTTP/1.1" 200 45 "-" "-" "-"
181.117.208.41 - - [23/Jul/2026:15:40:52 -0300] "GET /accesostock/accesoaplicacion.php?name=Sunsea_2&pass=X5aLbuMSE1yOzB8DU2Az HTTP/1.1" 301 162 "-" "-" "-"
159.223.102.202 - - [23/Jul/2026:15:42:15 -0300] "POST /wp-cron.php?doing_wp_cron=1784832134.9712998867034912109375 HTTP/1.1" 200 11 "-" "WordPress/6.9.4; https://www.bottaingenieria.com.ar" "-"
52.44.11.84 - - [23/Jul/2026:15:42:15 -0300] "GET /bfact HTTP/1.1" 301 5 "-" "Mozilla/5.0 AppleWebKit/605.1.15 (KHTML, like Gecko) Chrome/139.0.0.0 Safari/605.1.15" "-"
44.216.95.241 - - [23/Jul/2026:15:42:16 -0300] "GET /producto/bfact/ HTTP/1.1" 200 178828 "-" "Mozilla/5.0 AppleWebKit/605.1.15 (KHTML, like Gecko) Chrome/139.0.0.0 Safari/605.1.15" "-"
190.11.58.55 - - [23/Jul/2026:15:43:38 -0300] "POST /testbot/HVidD74XP83CP8wXsd/bridgesisbotsgt.php HTTP/1.1" 200 45 "-" "-" "-"
190.11.58.55 - - [23/Jul/2026:15:45:11 -0300] "POST /testbot/HVidD74XP83CP8wXsd/bridgesisbotsgt.php HTTP/1.1" 200 45 "-" "-" "-"
190.11.58.55 - - [23/Jul/2026:15:47:10 -0300] "POST /testbot/HVidD74XP83CP8wXsd/bridgesisbotsgt.php HTTP/1.1" 200 45 "-" "-" "-"
190.11.58.55 - - [23/Jul/2026:15:50:04 -0300] "POST /testbot/HVidD74XP83CP8wXsd/bridgesisbotsgt.php HTTP/1.1" 200 45 "-" "-" "-"
190.11.58.55 - - [23/Jul/2026:15:50:41 -0300] "POST /testbot/HVidD74XP83CP8wXsd/bridgesisbotsgt.php HTTP/1.1" 200 45 "-" "-" "-"
190.11.58.55 - - [23/Jul/2026:15:53:25 -0300] "POST /testbot/HVidD74XP83CP8wXsd/bridgesisbotsgt.php HTTP/1.1" 200 45 "-" "-" "-"
159.223.102.202 - - [23/Jul/2026:15:54:02 -0300] "POST /wp-cron.php?doing_wp_cron=1784832842.6351389884948730468750 HTTP/1.1" 200 11 "-" "WordPress/6.9.4; https://www.bottaingenieria.com.ar" "-"
148.113.130.254 - - [23/Jul/2026:15:54:02 -0300] "GET /wp-sitemap.xml HTTP/2.0" 200 194 "-" "Mozilla/5.0 (compatible; AhrefsBot/7.0; +http://ahrefs.com/robot/)" "-"
159.223.102.202 - - [23/Jul/2026:15:54:05 -0300] "POST /wp-cron.php?doing_wp_cron=1784832845.0586829185485839843750 HTTP/1.1" 200 11 "-" "WordPress/6.9.4; https://www.bottaingenieria.com.ar" "-"
15.235.27.51 - - [23/Jul/2026:15:54:05 -0300] "GET /wp-sitemap-posts-post-1.xml HTTP/2.0" 200 193 "-" "Mozilla/5.0 (compatible; AhrefsBot/7.0; +http://ahrefs.com/robot/)" "-"
142.44.225.230 - - [23/Jul/2026:15:54:06 -0300] "GET /wp-sitemap-posts-page-1.xml HTTP/2.0" 200 344 "-" "Mozilla/5.0 (compatible; AhrefsBot/7.0; +http://ahrefs.com/robot/)" "-"
54.39.210.82 - - [23/Jul/2026:15:54:26 -0300] "GET /wp-sitemap-posts-product-1.xml HTTP/2.0" 200 234 "-" "Mozilla/5.0 (compatible; AhrefsBot/7.0; +http://ahrefs.com/robot/)" "-"
54.39.89.32 - - [23/Jul/2026:15:54:28 -0300] "GET /wp-sitemap-taxonomies-category-1.xml HTTP/2.0" 200 153 "-" "Mozilla/5.0 (compatible; AhrefsBot/7.0; +http://ahrefs.com/robot/)" "-"
15.235.27.61 - - [23/Jul/2026:15:54:30 -0300] "GET /wp-sitemap-taxonomies-product_cat-1.xml HTTP/2.0" 200 160 "-" "Mozilla/5.0 (compatible; AhrefsBot/7.0; +http://ahrefs.com/robot/)" "-"
142.44.225.98 - - [23/Jul/2026:15:54:31 -0300] "GET /wp-sitemap-users-1.xml HTTP/2.0" 200 148 "-" "Mozilla/5.0 (compatible; AhrefsBot/7.0; +http://ahrefs.com/robot/)" "-"
190.11.58.55 - - [23/Jul/2026:15:56:03 -0300] "POST /testbot/HVidD74XP83CP8wXsd/bridgesisbotsgt.php HTTP/1.1" 200 45 "-" "-" "-"
190.11.58.55 - - [23/Jul/2026:15:56:42 -0300] "POST /testbot/HVidD74XP83CP8wXsd/bridgesisbotsgt.php HTTP/1.1" 200 45 "-" "-" "-"
190.11.58.55 - - [23/Jul/2026:15:57:55 -0300] "POST /testbot/HVidD74XP83CP8wXsd/bridgesisbotsgt.php HTTP/1.1" 200 45 "-" "-" "-"
190.11.58.55 - - [23/Jul/2026:16:02:04 -0300] "POST /testbot/HVidD74XP83CP8wXsd/bridgesisbotsgt.php HTTP/1.1" 200 45 "-" "-" "-"
190.11.58.55 - - [23/Jul/2026:16:02:10 -0300] "POST /testbot/HVidD74XP83CP8wXsd/bridgesisbotsgt.php HTTP/1.1" 200 45 "-" "-" "-"
181.117.208.41 - - [23/Jul/2026:16:02:29 -0300] "GET /accesostock/accesoaplicacion.php?name=Ramirez_6&pass=X5aLbuMSE1yOzB8DU2Az HTTP/1.1" 301 162 "-" "-" "-"
159.223.102.202 - - [23/Jul/2026:16:04:13 -0300] "POST /wp-cron.php?doing_wp_cron=1784833453.3795020580291748046875 HTTP/1.1" 200 11 "-" "WordPress/6.9.4; https://www.bottaingenieria.com.ar" "-"
191.235.66.24 - - [23/Jul/2026:16:04:13 -0300] "GET /iaychatbots/ HTTP/2.0" 200 152640 "-" "Mozilla/5.0 AppleWebKit/537.36 (KHTML, like Gecko); compatible; ChatGPT-User/1.0; +https://openai.com/bot" "-"
190.11.58.55 - - [23/Jul/2026:16:04:56 -0300] "POST /testbot/HVidD74XP83CP8wXsd/bridgesisbotsgt.php HTTP/1.1" 200 45 "-" "-" "-"
190.11.58.55 - - [23/Jul/2026:16:04:57 -0300] "POST /testbot/HVidD74XP83CP8wXsd/bridgesisbotsgt.php HTTP/1.1" 200 45 "-" "-" "-"
190.11.58.55 - - [23/Jul/2026:16:07:16 -0300] "POST /testbot/HVidD74XP83CP8wXsd/bridgesisbotsgt.php HTTP/1.1" 200 45 "-" "-" "-"
190.11.58.55 - - [23/Jul/2026:16:07:24 -0300] "POST /testbot/HVidD74XP83CP8wXsd/bridgesisbotsgt.php HTTP/1.1" 200 45 "-" "-" "-"
190.11.58.55 - - [23/Jul/2026:16:07:44 -0300] "POST /testbot/HVidD74XP83CP8wXsd/bridgesisbotsgt.php HTTP/1.1" 200 45 "-" "-" "-"
190.11.58.55 - - [23/Jul/2026:16:08:38 -0300] "POST /testbot/HVidD74XP83CP8wXsd/bridgesisbotsgt.php HTTP/1.1" 200 45 "-" "-" "-"
190.11.58.55 - - [23/Jul/2026:16:09:58 -0300] "POST /testbot/HVidD74XP83CP8wXsd/bridgesisbotsgt.php HTTP/1.1" 200 45 "-" "-" "-"
190.11.58.55 - - [23/Jul/2026:16:11:05 -0300] "POST /testbot/HVidD74XP83CP8wXsd/bridgesisbotsgt.php HTTP/1.1" 200 45 "-" "-" "-"
190.11.58.55 - - [23/Jul/2026:16:13:06 -0300] "POST /testbot/HVidD74XP83CP8wXsd/bridgesisbotsgt.php HTTP/1.1" 200 45 "-" "-" "-"
190.11.58.55 - - [23/Jul/2026:16:15:47 -0300] "POST /testbot/HVidD74XP83CP8wXsd/bridgesisbotsgt.php HTTP/1.1" 200 45 "-" "-" "-"
190.11.58.55 - - [23/Jul/2026:16:16:05 -0300] "POST /testbot/HVidD74XP83CP8wXsd/bridgesisbotsgt.php HTTP/1.1" 200 45 "-" "-" "-"
190.11.58.55 - - [23/Jul/2026:16:16:20 -0300] "POST /testbot/HVidD74XP83CP8wXsd/bridgesisbotsgt.php HTTP/1.1" 200 45 "-" "-" "-"
34.96.41.22 - - [23/Jul/2026:16:17:01 -0300] "GET / HTTP/1.1" 499 0 "-" "Mozilla/5.0 (Windows NT 10.0; Win64; x64) AppleWebKit/537.36 (KHTML, like Gecko) Chrome/121.0.0.0 Safari/537.36" "-"
159.223.102.202 - - [23/Jul/2026:16:17:01 -0300] "POST /wp-cron.php?doing_wp_cron=1784834221.1222069263458251953125 HTTP/1.1" 200 11 "-" "WordPress/6.9.4; https://www.bottaingenieria.com.ar" "-"
34.96.41.22 - - [23/Jul/2026:16:17:03 -0300] "GET / HTTP/1.1" 200 157823 "-" "Mozilla/5.0 (Windows NT 10.0; Win64; x64) AppleWebKit/537.36 (KHTML, like Gecko) Chrome/121.0.0.0 Safari/537.36" "-"
190.11.58.55 - - [23/Jul/2026:16:26:25 -0300] "POST /testbot/HVidD74XP83CP8wXsd/bridgesisbotsgt.php HTTP/1.1" 200 45 "-" "-" "-"
190.11.58.55 - - [23/Jul/2026:16:27:14 -0300] "POST /testbot/HVidD74XP83CP8wXsd/bridgesisbotsgt.php HTTP/1.1" 200 45 "-" "-" "-"
181.117.208.41 - - [23/Jul/2026:16:27:54 -0300] "GET /accesostock/accesoaplicacion.php?name=Ramirez_6&pass=X5aLbuMSE1yOzB8DU2Az HTTP/1.1" 301 162 "-" "-" "-"
181.117.208.41 - - [23/Jul/2026:16:29:07 -0300] "GET /accesostock/accesoaplicacion.php?name=admin2_5&pass=rlalu5840KDlkd765%25P HTTP/1.1" 301 162 "-" "-" "-"
190.11.58.55 - - [23/Jul/2026:16:29:24 -0300] "POST /testbot/HVidD74XP83CP8wXsd/bridgesisbotsgt.php HTTP/1.1" 200 45 "-" "-" "-"
190.11.58.55 - - [23/Jul/2026:16:30:55 -0300] "POST /testbot/HVidD74XP83CP8wXsd/bridgesisbotsgt.php HTTP/1.1" 200 45 "-" "-" "-"
190.11.58.55 - - [23/Jul/2026:16:31:37 -0300] "POST /testbot/HVidD74XP83CP8wXsd/bridgesisbotsgt.php HTTP/1.1" 200 45 "-" "-" "-"
190.11.58.55 - - [23/Jul/2026:16:31:52 -0300] "POST /testbot/HVidD74XP83CP8wXsd/bridgesisbotsgt.php HTTP/1.1" 200 45 "-" "-" "-"
190.11.58.55 - - [23/Jul/2026:16:33:02 -0300] "POST /testbot/HVidD74XP83CP8wXsd/bridgesisbotsgt.php HTTP/1.1" 200 45 "-" "-" "-"
190.11.58.55 - - [23/Jul/2026:16:33:42 -0300] "POST /testbot/HVidD74XP83CP8wXsd/bridgesisbotsgt.php HTTP/1.1" 200 45 "-" "-" "-"
190.11.58.55 - - [23/Jul/2026:16:34:06 -0300] "POST /testbot/HVidD74XP83CP8wXsd/bridgesisbotsgt.php HTTP/1.1" 200 45 "-" "-" "-"
190.11.58.55 - - [23/Jul/2026:16:36:01 -0300] "POST /testbot/HVidD74XP83CP8wXsd/bridgesisbotsgt.php HTTP/1.1" 200 45 "-" "-" "-"
190.11.58.55 - - [23/Jul/2026:16:36:53 -0300] "POST /testbot/HVidD74XP83CP8wXsd/bridgesisbotsgt.php HTTP/1.1" 200 45 "-" "-" "-"
190.11.58.55 - - [23/Jul/2026:16:37:12 -0300] "POST /testbot/HVidD74XP83CP8wXsd/bridgesisbotsgt.php HTTP/1.1" 200 45 "-" "-" "-"
190.11.58.55 - - [23/Jul/2026:16:38:05 -0300] "POST /testbot/HVidD74XP83CP8wXsd/bridgesisbotsgt.php HTTP/1.1" 200 45 "-" "-" "-"
190.11.58.55 - - [23/Jul/2026:16:39:38 -0300] "POST /testbot/HVidD74XP83CP8wXsd/bridgesisbotsgt.php HTTP/1.1" 200 45 "-" "-" "-"
190.11.58.55 - - [23/Jul/2026:16:42:02 -0300] "POST /testbot/HVidD74XP83CP8wXsd/bridgesisbotsgt.php HTTP/1.1" 200 45 "-" "-" "-"
190.11.58.55 - - [23/Jul/2026:16:42:14 -0300] "POST /testbot/HVidD74XP83CP8wXsd/bridgesisbotsgt.php HTTP/1.1" 200 45 "-" "-" "-"
190.11.58.55 - - [23/Jul/2026:16:44:21 -0300] "POST /testbot/HVidD74XP83CP8wXsd/bridgesisbotsgt.php HTTP/1.1" 200 45 "-" "-" "-"
190.11.58.55 - - [23/Jul/2026:16:44:58 -0300] "POST /testbot/HVidD74XP83CP8wXsd/bridgesisbotsgt.php HTTP/1.1" 200 45 "-" "-" "-"
190.11.58.55 - - [23/Jul/2026:16:45:16 -0300] "POST /testbot/HVidD74XP83CP8wXsd/bridgesisbotsgt.php HTTP/1.1" 200 45 "-" "-" "-"
159.223.102.202 - - [23/Jul/2026:16:45:32 -0300] "POST /wp-cron.php?doing_wp_cron=1784835932.2253630161285400390625 HTTP/1.1" 200 11 "-" "WordPress/6.9.4; https://www.bottaingenieria.com.ar" "-"
159.223.102.202 - - [23/Jul/2026:16:45:32 -0300] "POST /wp-cron.php?doing_wp_cron=1784835932.2233850955963134765625 HTTP/1.1" 200 11 "-" "WordPress/6.9.4; https://www.bottaingenieria.com.ar" "-"
107.189.14.87 - - [23/Jul/2026:16:45:32 -0300] "HEAD / HTTP/1.1" 200 0 "-" "wp2shell/4.0" "-"
107.189.14.87 - - [23/Jul/2026:16:45:32 -0300] "HEAD / HTTP/1.1" 200 0 "-" "wp2shell/4.0" "-"
107.189.14.87 - - [23/Jul/2026:16:45:34 -0300] "GET /wp-login.php HTTP/1.1" 200 408419 "-" "wp2shell/4.0" "-"
107.189.14.87 - - [23/Jul/2026:16:45:34 -0300] "GET /wp-login.php HTTP/1.1" 200 408419 "-" "wp2shell/4.0" "-"
190.11.58.55 - - [23/Jul/2026:16:46:50 -0300] "POST /testbot/HVidD74XP83CP8wXsd/bridgesisbotsgt.php HTTP/1.1" 200 45 "-" "-" "-"
190.11.58.55 - - [23/Jul/2026:16:46:52 -0300] "POST /testbot/HVidD74XP83CP8wXsd/bridgesisbotsgt.php HTTP/1.1" 200 45 "-" "-" "-"
190.11.58.55 - - [23/Jul/2026:16:47:03 -0300] "POST /testbot/HVidD74XP83CP8wXsd/bridgesisbotsgt.php HTTP/1.1" 200 45 "-" "-" "-"
190.11.58.55 - - [23/Jul/2026:16:48:19 -0300] "POST /testbot/HVidD74XP83CP8wXsd/bridgesisbotsgt.php HTTP/1.1" 200 45 "-" "-" "-"
190.11.58.55 - - [23/Jul/2026:16:49:02 -0300] "POST /testbot/HVidD74XP83CP8wXsd/bridgesisbotsgt.php HTTP/1.1" 200 45 "-" "-" "-"
190.11.58.55 - - [23/Jul/2026:16:51:08 -0300] "POST /testbot/HVidD74XP83CP8wXsd/bridgesisbotsgt.php HTTP/1.1" 200 45 "-" "-" "-"
190.11.58.55 - - [23/Jul/2026:16:51:44 -0300] "POST /testbot/HVidD74XP83CP8wXsd/bridgesisbotsgt.php HTTP/1.1" 200 45 "-" "-" "-"
190.11.58.55 - - [23/Jul/2026:16:52:38 -0300] "POST /testbot/HVidD74XP83CP8wXsd/bridgesisbotsgt.php HTTP/1.1" 200 45 "-" "-" "-"
190.11.58.55 - - [23/Jul/2026:16:54:04 -0300] "POST /testbot/HVidD74XP83CP8wXsd/bridgesisbotsgt.php HTTP/1.1" 200 45 "-" "-" "-"
190.11.58.55 - - [23/Jul/2026:16:55:54 -0300] "POST /testbot/HVidD74XP83CP8wXsd/bridgesisbotsgt.php HTTP/1.1" 200 45 "-" "-" "-"
190.11.58.55 - - [23/Jul/2026:16:56:43 -0300] "POST /testbot/HVidD74XP83CP8wXsd/bridgesisbotsgt.php HTTP/1.1" 200 45 "-" "-" "-"
190.11.58.55 - - [23/Jul/2026:16:57:02 -0300] "POST /testbot/HVidD74XP83CP8wXsd/bridgesisbotsgt.php HTTP/1.1" 200 45 "-" "-" "-"
190.11.58.55 - - [23/Jul/2026:16:57:05 -0300] "POST /testbot/HVidD74XP83CP8wXsd/bridgesisbotsgt.php HTTP/1.1" 200 45 "-" "-" "-"
159.223.102.202 - - [23/Jul/2026:16:57:50 -0300] "POST /wp-cron.php?doing_wp_cron=1784836670.0669898986816406250000 HTTP/1.1" 200 11 "-" "WordPress/6.9.4; https://www.bottaingenieria.com.ar" "-"
52.3.121.214 - - [23/Jul/2026:16:57:50 -0300] "GET /?p=273 HTTP/1.1" 301 5 "-" "Mozilla/5.0 AppleWebKit/605.1.15 (KHTML, like Gecko) Chrome/139.0.0.0 Safari/605.1.15" "-"
44.194.53.72 - - [23/Jul/2026:16:57:51 -0300] "GET /producto/bfact-plan-intermedio/ HTTP/1.1" 200 179190 "-" "Mozilla/5.0 AppleWebKit/605.1.15 (KHTML, like Gecko) Chrome/139.0.0.0 Safari/605.1.15" "-"
190.11.58.55 - - [23/Jul/2026:16:58:09 -0300] "POST /testbot/HVidD74XP83CP8wXsd/bridgesisbotsgt.php HTTP/1.1" 200 45 "-" "-" "-"
190.11.58.55 - - [23/Jul/2026:16:58:18 -0300] "POST /testbot/HVidD74XP83CP8wXsd/bridgesisbotsgt.php HTTP/1.1" 200 45 "-" "-" "-"
159.223.102.202 - - [23/Jul/2026:16:58:24 -0300] "POST /wp-cron.php?doing_wp_cron=1784836704.5873780250549316406250 HTTP/1.1" 200 11 "-" "WordPress/6.9.4; https://www.bottaingenieria.com.ar" "-"
3.93.253.174 - - [23/Jul/2026:16:58:24 -0300] "GET /?p=303 HTTP/1.1" 301 5 "-" "Mozilla/5.0 AppleWebKit/537.36 (KHTML, like Gecko; compatible; Amazonbot/0.1; +https://developer.amazon.com/support/amazonbot) Chrome/119.0.6045.214 Safari/537.36" "-"
52.44.229.124 - - [23/Jul/2026:16:58:25 -0300] "GET /sge/ HTTP/1.1" 200 176216 "-" "Mozilla/5.0 AppleWebKit/537.36 (KHTML, like Gecko; compatible; Amazonbot/0.1; +https://developer.amazon.com/support/amazonbot) Chrome/119.0.6045.214 Safari/537.36" "-"
190.11.58.55 - - [23/Jul/2026:16:58:42 -0300] "POST /testbot/HVidD74XP83CP8wXsd/bridgesisbotsgt.php HTTP/1.1" 200 45 "-" "-" "-"
190.11.58.55 - - [23/Jul/2026:16:59:22 -0300] "POST /testbot/HVidD74XP83CP8wXsd/bridgesisbotsgt.php HTTP/1.1" 200 45 "-" "-" "-"
190.11.58.55 - - [23/Jul/2026:16:59:28 -0300] "POST /testbot/HVidD74XP83CP8wXsd/bridgesisbotsgt.php HTTP/1.1" 200 45 "-" "-" "-"
190.11.58.55 - - [23/Jul/2026:16:59:42 -0300] "POST /testbot/HVidD74XP83CP8wXsd/bridgesisbotsgt.php HTTP/1.1" 200 45 "-" "-" "-"
190.11.58.55 - - [23/Jul/2026:17:00:56 -0300] "POST /testbot/HVidD74XP83CP8wXsd/bridgesisbotsgt.php HTTP/1.1" 200 45 "-" "-" "-"
190.11.58.55 - - [23/Jul/2026:17:01:39 -0300] "POST /testbot/HVidD74XP83CP8wXsd/bridgesisbotsgt.php HTTP/1.1" 200 45 "-" "-" "-"
190.11.58.55 - - [23/Jul/2026:17:05:27 -0300] "POST /testbot/HVidD74XP83CP8wXsd/bridgesisbotsgt.php HTTP/1.1" 200 45 "-" "-" "-"
190.11.58.55 - - [23/Jul/2026:17:05:39 -0300] "POST /testbot/HVidD74XP83CP8wXsd/bridgesisbotsgt.php HTTP/1.1" 200 45 "-" "-" "-"
190.11.58.55 - - [23/Jul/2026:17:10:00 -0300] "POST /testbot/HVidD74XP83CP8wXsd/bridgesisbotsgt.php HTTP/1.1" 200 45 "-" "-" "-"
44.192.10.217 - - [23/Jul/2026:17:10:44 -0300] "GET /contacto.php HTTP/1.1" 404 98 "http://bottaingenieria.com.ar/contacto.php" "Mozilla/5.0 (Linux x86_64; rv:114.0) Gecko/20100101 Firefox/114.0" "-"
159.223.102.202 - - [23/Jul/2026:17:10:47 -0300] "POST /wp-cron.php?doing_wp_cron=1784837447.4853329658508300781250 HTTP/1.1" 200 11 "-" "WordPress/6.9.4; https://www.bottaingenieria.com.ar" "-"
44.192.10.217 - - [23/Jul/2026:17:10:47 -0300] "GET / HTTP/1.1" 200 157824 "-" "Mozilla/5.0 (Linux x86_64; rv:114.0) Gecko/20100101 Firefox/114.0" "-"
44.192.10.217 - - [23/Jul/2026:17:10:48 -0300] "GET /nosotros/ HTTP/1.1" 200 154108 "http://bottaingenieria.com.ar/nosotros/" "Mozilla/5.0 (Linux x86_64; rv:114.0) Gecko/20100101 Firefox/114.0" "-"
44.192.10.217 - - [23/Jul/2026:17:10:52 -0300] "POST /wp-admin/admin-ajax.php HTTP/1.1" 400 11 "https://www.bottaingenieria.com.ar/nosotros/" "Mozilla/5.0 (Linux x86_64; rv:114.0) Gecko/20100101 Firefox/114.0" "-"
190.11.58.55 - - [23/Jul/2026:17:12:27 -0300] "POST /testbot/HVidD74XP83CP8wXsd/bridgesisbotsgt.php HTTP/1.1" 200 45 "-" "-" "-"
159.223.102.202 - - [23/Jul/2026:17:12:51 -0300] "POST /wp-cron.php?doing_wp_cron=1784837571.5074100494384765625000 HTTP/1.1" 200 11 "-" "WordPress/6.9.4; https://www.bottaingenieria.com.ar" "-"
52.20.51.46 - - [23/Jul/2026:17:12:51 -0300] "GET /robots.txt HTTP/1.1" 200 171 "-" "Mozilla/5.0 (Macintosh; Intel Mac OS X 10_10_1) AppleWebKit/600.2.5 (KHTML, like Gecko) Version/8.0.2 Safari/600.2.5 (Gort)" "-"
190.11.58.55 - - [23/Jul/2026:17:15:50 -0300] "POST /testbot/HVidD74XP83CP8wXsd/bridgesisbotsgt.php HTTP/1.1" 200 45 "-" "-" "-"
190.11.58.55 - - [23/Jul/2026:17:16:11 -0300] "POST /testbot/HVidD74XP83CP8wXsd/bridgesisbotsgt.php HTTP/1.1" 200 45 "-" "-" "-"
159.223.102.202 - - [23/Jul/2026:17:17:17 -0300] "POST /wp-cron.php?doing_wp_cron=1784837837.4671559333801269531250 HTTP/1.1" 200 11 "-" "WordPress/6.9.4; https://www.bottaingenieria.com.ar" "-"
34.96.41.38 - - [23/Jul/2026:17:17:17 -0300] "GET / HTTP/1.1" 200 157824 "-" "Mozilla/5.0 (Windows NT 10.0; Win64; x64) AppleWebKit/537.36 (KHTML, like Gecko) Chrome/121.0.0.0 Safari/537.36" "-"
190.11.58.55 - - [23/Jul/2026:17:17:28 -0300] "POST /testbot/HVidD74XP83CP8wXsd/bridgesisbotsgt.php HTTP/1.1" 200 45 "-" "-" "-"
190.11.58.55 - - [23/Jul/2026:17:20:36 -0300] "POST /testbot/HVidD74XP83CP8wXsd/bridgesisbotsgt.php HTTP/1.1" 200 45 "-" "-" "-"
190.11.58.55 - - [23/Jul/2026:17:20:54 -0300] "POST /testbot/HVidD74XP83CP8wXsd/bridgesisbotsgt.php HTTP/1.1" 200 45 "-" "-" "-"
49.235.136.28 - - [23/Jul/2026:17:21:26 -0300] "GET / HTTP/1.1" 301 162 "-" "Mozilla/5.0 (iPhone; CPU iPhone OS 13_2_3 like Mac OS X) AppleWebKit/605.1.15 (KHTML, like Gecko) Version/13.0.3 Mobile/15E148 Safari/604.1" "-"
159.223.102.202 - - [23/Jul/2026:17:21:28 -0300] "POST /wp-cron.php?doing_wp_cron=1784838088.0481040477752685546875 HTTP/1.1" 200 11 "-" "WordPress/6.9.4; https://www.bottaingenieria.com.ar" "-"
49.235.136.28 - - [23/Jul/2026:17:21:28 -0300] "GET / HTTP/1.1" 200 183797 "http://www.bottaingenieria.com.ar" "Mozilla/5.0 (iPhone; CPU iPhone OS 13_2_3 like Mac OS X) AppleWebKit/605.1.15 (KHTML, like Gecko) Version/13.0.3 Mobile/15E148 Safari/604.1" "-"
190.11.58.55 - - [23/Jul/2026:17:22:55 -0300] "POST /testbot/HVidD74XP83CP8wXsd/bridgesisbotsgt.php HTTP/1.1" 200 45 "-" "-" "-"
190.11.58.55 - - [23/Jul/2026:17:23:26 -0300] "POST /testbot/HVidD74XP83CP8wXsd/bridgesisbotsgt.php HTTP/1.1" 200 45 "-" "-" "-"
190.11.58.55 - - [23/Jul/2026:17:24:14 -0300] "POST /testbot/HVidD74XP83CP8wXsd/bridgesisbotsgt.php HTTP/1.1" 200 45 "-" "-" "-"
190.11.58.55 - - [23/Jul/2026:17:25:23 -0300] "POST /testbot/HVidD74XP83CP8wXsd/bridgesisbotsgt.php HTTP/1.1" 200 45 "-" "-" "-"
190.11.58.55 - - [23/Jul/2026:17:25:45 -0300] "POST /testbot/HVidD74XP83CP8wXsd/bridgesisbotsgt.php HTTP/1.1" 200 45 "-" "-" "-"
159.223.102.202 - - [23/Jul/2026:17:25:48 -0300] "POST /wp-cron.php?doing_wp_cron=1784838348.6709830760955810546875 HTTP/1.1" 200 11 "-" "WordPress/6.9.4; https://www.bottaingenieria.com.ar" "-"
44.210.179.106 - - [23/Jul/2026:17:25:48 -0300] "GET /novedades/ HTTP/1.1" 200 174341 "-" "Mozilla/5.0 AppleWebKit/605.1.15 (KHTML, like Gecko) Chrome/139.0.0.0 Safari/605.1.15" "-"
190.11.58.55 - - [23/Jul/2026:17:25:57 -0300] "POST /testbot/HVidD74XP83CP8wXsd/bridgesisbotsgt.php HTTP/1.1" 200 45 "-" "-" "-"
190.11.58.55 - - [23/Jul/2026:17:26:12 -0300] "POST /testbot/HVidD74XP83CP8wXsd/bridgesisbotsgt.php HTTP/1.1" 200 45 "-" "-" "-"
190.11.58.55 - - [23/Jul/2026:17:26:30 -0300] "POST /testbot/HVidD74XP83CP8wXsd/bridgesisbotsgt.php HTTP/1.1" 200 45 "-" "-" "-"
186.123.156.211 - - [23/Jul/2026:17:28:18 -0300] "GET /accesostock/accesoaplicacion.php?name=Solo%20usuario_1&pass=rlalu5840KDlkd765%25P HTTP/1.1" 301 162 "-" "-" "-"
190.11.58.55 - - [23/Jul/2026:17:28:21 -0300] "POST /testbot/HVidD74XP83CP8wXsd/bridgesisbotsgt.php HTTP/1.1" 200 45 "-" "-" "-"
190.11.58.55 - - [23/Jul/2026:17:30:24 -0300] "POST /testbot/HVidD74XP83CP8wXsd/bridgesisbotsgt.php HTTP/1.1" 200 45 "-" "-" "-"
190.11.58.55 - - [23/Jul/2026:17:32:29 -0300] "POST /testbot/HVidD74XP83CP8wXsd/bridgesisbotsgt.php HTTP/1.1" 200 45 "-" "-" "-"
190.11.58.55 - - [23/Jul/2026:17:32:38 -0300] "POST /testbot/HVidD74XP83CP8wXsd/bridgesisbotsgt.php HTTP/1.1" 200 45 "-" "-" "-"
159.223.102.202 - - [23/Jul/2026:17:33:42 -0300] "POST /wp-cron.php?doing_wp_cron=1784838822.5041010379791259765625 HTTP/1.1" 200 11 "-" "WordPress/6.9.4; https://www.bottaingenieria.com.ar" "-"
15.235.98.7 - - [23/Jul/2026:17:33:42 -0300] "GET /wp-sitemap.xml HTTP/2.0" 200 194 "-" "Mozilla/5.0 (compatible; AhrefsBot/7.0; +http://ahrefs.com/robot/)" "-"
142.44.228.14 - - [23/Jul/2026:17:33:44 -0300] "GET /wp-sitemap-posts-post-1.xml HTTP/2.0" 200 193 "-" "Mozilla/5.0 (compatible; AhrefsBot/7.0; +http://ahrefs.com/robot/)" "-"
54.39.0.204 - - [23/Jul/2026:17:33:45 -0300] "GET /wp-sitemap-posts-page-1.xml HTTP/2.0" 200 344 "-" "Mozilla/5.0 (compatible; AhrefsBot/7.0; +http://ahrefs.com/robot/)" "-"
51.222.168.80 - - [23/Jul/2026:17:33:47 -0300] "GET /wp-sitemap-posts-product-1.xml HTTP/2.0" 200 234 "-" "Mozilla/5.0 (compatible; AhrefsBot/7.0; +http://ahrefs.com/robot/)" "-"
142.44.220.140 - - [23/Jul/2026:17:33:49 -0300] "GET /wp-sitemap-taxonomies-category-1.xml HTTP/2.0" 200 153 "-" "Mozilla/5.0 (compatible; AhrefsBot/7.0; +http://ahrefs.com/robot/)" "-"
148.113.128.240 - - [23/Jul/2026:17:33:51 -0300] "GET /wp-sitemap-taxonomies-product_cat-1.xml HTTP/2.0" 200 160 "-" "Mozilla/5.0 (compatible; AhrefsBot/7.0; +http://ahrefs.com/robot/)" "-"
15.235.27.138 - - [23/Jul/2026:17:33:52 -0300] "GET /wp-sitemap-users-1.xml HTTP/2.0" 200 148 "-" "Mozilla/5.0 (compatible; AhrefsBot/7.0; +http://ahrefs.com/robot/)" "-"
190.11.58.55 - - [23/Jul/2026:17:34:05 -0300] "POST /testbot/HVidD74XP83CP8wXsd/bridgesisbotsgt.php HTTP/1.1" 200 45 "-" "-" "-"
190.11.58.55 - - [23/Jul/2026:17:35:43 -0300] "POST /testbot/HVidD74XP83CP8wXsd/bridgesisbotsgt.php HTTP/1.1" 200 45 "-" "-" "-"
190.11.58.55 - - [23/Jul/2026:17:37:50 -0300] "POST /testbot/HVidD74XP83CP8wXsd/bridgesisbotsgt.php HTTP/1.1" 200 45 "-" "-" "-"
190.11.58.55 - - [23/Jul/2026:17:38:14 -0300] "POST /testbot/HVidD74XP83CP8wXsd/bridgesisbotsgt.php HTTP/1.1" 200 45 "-" "-" "-"
190.11.58.55 - - [23/Jul/2026:17:38:20 -0300] "POST /testbot/HVidD74XP83CP8wXsd/bridgesisbotsgt.php HTTP/1.1" 200 45 "-" "-" "-"
190.11.58.55 - - [23/Jul/2026:17:38:41 -0300] "POST /testbot/HVidD74XP83CP8wXsd/bridgesisbotsgt.php HTTP/1.1" 200 45 "-" "-" "-"
190.11.58.55 - - [23/Jul/2026:17:41:07 -0300] "POST /testbot/HVidD74XP83CP8wXsd/bridgesisbotsgt.php HTTP/1.1" 200 45 "-" "-" "-"
190.11.58.55 - - [23/Jul/2026:17:41:20 -0300] "POST /testbot/HVidD74XP83CP8wXsd/bridgesisbotsgt.php HTTP/1.1" 200 45 "-" "-" "-"
190.11.58.55 - - [23/Jul/2026:17:43:39 -0300] "POST /testbot/HVidD74XP83CP8wXsd/bridgesisbotsgt.php HTTP/1.1" 200 45 "-" "-" "-"
190.11.58.55 - - [23/Jul/2026:17:44:54 -0300] "POST /testbot/HVidD74XP83CP8wXsd/bridgesisbotsgt.php HTTP/1.1" 200 45 "-" "-" "-"
190.11.58.55 - - [23/Jul/2026:17:45:01 -0300] "POST /testbot/HVidD74XP83CP8wXsd/bridgesisbotsgt.php HTTP/1.1" 200 45 "-" "-" "-"
159.223.102.202 - - [23/Jul/2026:17:47:27 -0300] "POST /wp-cron.php?doing_wp_cron=1784839647.4114279747009277343750 HTTP/1.1" 200 11 "-" "WordPress/6.9.4; https://www.bottaingenieria.com.ar" "-"
54.163.169.168 - - [23/Jul/2026:17:47:27 -0300] "GET /servicios/ HTTP/1.1" 200 177529 "-" "Mozilla/5.0 AppleWebKit/537.36 (KHTML, like Gecko; compatible; Amazonbot/0.1; +https://developer.amazon.com/support/amazonbot) Chrome/119.0.6045.214 Safari/537.36" "-"
190.11.58.55 - - [23/Jul/2026:17:49:41 -0300] "POST /testbot/HVidD74XP83CP8wXsd/bridgesisbotsgt.php HTTP/1.1" 200 45 "-" "-" "-"
190.11.58.55 - - [23/Jul/2026:17:49:51 -0300] "POST /testbot/HVidD74XP83CP8wXsd/bridgesisbotsgt.php HTTP/1.1" 200 45 "-" "-" "-"
190.11.58.55 - - [23/Jul/2026:17:52:53 -0300] "POST /testbot/HVidD74XP83CP8wXsd/bridgesisbotsgt.php HTTP/1.1" 200 45 "-" "-" "-"
190.11.58.55 - - [23/Jul/2026:17:53:11 -0300] "POST /testbot/HVidD74XP83CP8wXsd/bridgesisbotsgt.php HTTP/1.1" 200 45 "-" "-" "-"
190.11.58.55 - - [23/Jul/2026:17:53:30 -0300] "POST /testbot/HVidD74XP83CP8wXsd/bridgesisbotsgt.php HTTP/1.1" 200 45 "-" "-" "-"
190.11.58.55 - - [23/Jul/2026:18:00:12 -0300] "POST /testbot/HVidD74XP83CP8wXsd/bridgesisbotsgt.php HTTP/1.1" 200 45 "-" "-" "-"
190.11.58.55 - - [23/Jul/2026:18:01:39 -0300] "POST /testbot/HVidD74XP83CP8wXsd/bridgesisbotsgt.php HTTP/1.1" 200 45 "-" "-" "-"
190.11.58.55 - - [23/Jul/2026:18:04:23 -0300] "POST /testbot/HVidD74XP83CP8wXsd/bridgesisbotsgt.php HTTP/1.1" 200 45 "-" "-" "-"
190.11.58.55 - - [23/Jul/2026:18:04:48 -0300] "POST /testbot/HVidD74XP83CP8wXsd/bridgesisbotsgt.php HTTP/1.1" 200 45 "-" "-" "-"
159.223.102.202 - - [23/Jul/2026:18:05:11 -0300] "POST /wp-cron.php?doing_wp_cron=1784840711.7506079673767089843750 HTTP/1.1" 200 11 "-" "WordPress/6.9.4; https://www.bottaingenieria.com.ar" "-"
74.7.241.163 - - [23/Jul/2026:18:05:11 -0300] "GET /robots.txt HTTP/2.0" 200 141 "-" "Mozilla/5.0 (Macintosh; Intel Mac OS X 10_15_7) AppleWebKit/537.36 (KHTML, like Gecko) Chrome/131.0.0.0 Safari/537.36; compatible; OAI-SearchBot/1.4; robots.txt; +https://openai.com/searchbot" "-"
190.11.58.55 - - [23/Jul/2026:18:05:58 -0300] "POST /testbot/HVidD74XP83CP8wXsd/bridgesisbotsgt.php HTTP/1.1" 200 45 "-" "-" "-"
190.11.58.55 - - [23/Jul/2026:18:06:16 -0300] "POST /testbot/HVidD74XP83CP8wXsd/bridgesisbotsgt.php HTTP/1.1" 200 45 "-" "-" "-"
190.11.58.55 - - [23/Jul/2026:18:07:41 -0300] "POST /testbot/HVidD74XP83CP8wXsd/bridgesisbotsgt.php HTTP/1.1" 200 45 "-" "-" "-"
190.11.58.55 - - [23/Jul/2026:18:07:54 -0300] "POST /testbot/HVidD74XP83CP8wXsd/bridgesisbotsgt.php HTTP/1.1" 200 45 "-" "-" "-"
190.11.58.55 - - [23/Jul/2026:18:08:03 -0300] "POST /testbot/HVidD74XP83CP8wXsd/bridgesisbotsgt.php HTTP/1.1" 200 45 "-" "-" "-"
190.11.58.55 - - [23/Jul/2026:18:08:12 -0300] "POST /testbot/HVidD74XP83CP8wXsd/bridgesisbotsgt.php HTTP/1.1" 200 45 "-" "-" "-"
190.11.58.55 - - [23/Jul/2026:18:08:48 -0300] "POST /testbot/HVidD74XP83CP8wXsd/bridgesisbotsgt.php HTTP/1.1" 200 45 "-" "-" "-"
190.11.58.55 - - [23/Jul/2026:18:11:26 -0300] "POST /testbot/HVidD74XP83CP8wXsd/bridgesisbotsgt.php HTTP/1.1" 200 45 "-" "-" "-"
190.11.58.55 - - [23/Jul/2026:18:17:23 -0300] "POST /testbot/HVidD74XP83CP8wXsd/bridgesisbotsgt.php HTTP/1.1" 200 45 "-" "-" "-"
159.223.102.202 - - [23/Jul/2026:18:17:30 -0300] "POST /wp-cron.php?doing_wp_cron=1784841450.1294350624084472656250 HTTP/1.1" 200 11 "-" "WordPress/6.9.4; https://www.bottaingenieria.com.ar" "-"
34.96.62.80 - - [23/Jul/2026:18:17:30 -0300] "GET / HTTP/1.1" 200 157822 "-" "Mozilla/5.0 (Windows NT 10.0; Win64; x64) AppleWebKit/537.36 (KHTML, like Gecko) Chrome/121.0.0.0 Safari/537.36" "-"
190.11.58.55 - - [23/Jul/2026:18:20:58 -0300] "POST /testbot/HVidD74XP83CP8wXsd/bridgesisbotsgt.php HTTP/1.1" 200 45 "-" "-" "-"
159.223.102.202 - - [23/Jul/2026:18:23:10 -0300] "POST /wp-cron.php?doing_wp_cron=1784841790.0911219120025634765625 HTTP/1.1" 200 11 "-" "WordPress/6.9.4; https://www.bottaingenieria.com.ar" "-"
52.0.105.244 - - [23/Jul/2026:18:23:10 -0300] "GET /?p=230 HTTP/1.1" 301 5 "-" "Mozilla/5.0 AppleWebKit/537.36 (KHTML, like Gecko; compatible; Amazonbot/0.1; +https://developer.amazon.com/support/amazonbot) Chrome/119.0.6045.214 Safari/537.36" "-"
52.0.105.244 - - [23/Jul/2026:18:23:11 -0300] "GET /arca/ HTTP/1.1" 200 175524 "-" "Mozilla/5.0 AppleWebKit/537.36 (KHTML, like Gecko; compatible; Amazonbot/0.1; +https://developer.amazon.com/support/amazonbot) Chrome/119.0.6045.214 Safari/537.36" "-"
190.11.58.55 - - [23/Jul/2026:18:24:24 -0300] "POST /testbot/HVidD74XP83CP8wXsd/bridgesisbotsgt.php HTTP/1.1" 200 45 "-" "-" "-"
74.248.139.103 - - [23/Jul/2026:18:25:34 -0300] "GET /wp-content/plugins/hellopress/wp_filemanager.php HTTP/1.1" 404 146 "-" "-" "-"
74.248.139.103 - - [23/Jul/2026:18:25:34 -0300] "GET /this_is_a_new_hello_world.php HTTP/1.1" 404 146 "-" "-" "-"
74.248.139.103 - - [23/Jul/2026:18:25:34 -0300] "GET /mac.php HTTP/1.1" 404 146 "-" "-" "-"
74.248.139.103 - - [23/Jul/2026:18:25:34 -0300] "GET /echkm.php?p= HTTP/1.1" 404 146 "-" "-" "-"
74.248.139.103 - - [23/Jul/2026:18:25:34 -0300] "GET /red.php HTTP/1.1" 404 146 "-" "-" "-"
74.248.139.103 - - [23/Jul/2026:18:25:35 -0300] "GET /bootstrap.php?p= HTTP/1.1" 404 146 "-" "-" "-"
