144.172.104.129 - - [27/Jul/2026:17:19:04 -0300] "GET /wp-admin/plugin-install.php?tab=upload HTTP/1.1" 200 607145 "-" "Mozilla/5.0 (Windows NT 10.0; Win64; x64) AppleWebKit/537.36 (KHTML, like Gecko) Chrome/120.0.0.0 Safari/537.36" "-"
159.223.102.202 - - [27/Jul/2026:17:19:06 -0300] "POST /wp-cron.php?doing_wp_cron=1785183546.8103120326995849609375 HTTP/1.1" 200 11 "-" "WordPress/6.9.4; https://www.bottaingenieria.com.ar" "-"
144.172.104.129 - - [27/Jul/2026:17:19:07 -0300] "GET /wp-admin/theme-install.php?tab=upload HTTP/1.1" 200 622922 "-" "Mozilla/5.0 (Windows NT 10.0; Win64; x64) AppleWebKit/537.36 (KHTML, like Gecko) Chrome/120.0.0.0 Safari/537.36" "-"
144.172.104.129 - - [27/Jul/2026:17:19:09 -0300] "GET /wp-admin/plugin-editor.php HTTP/1.1" 200 621661 "-" "Mozilla/5.0 (Windows NT 10.0; Win64; x64) AppleWebKit/537.36 (KHTML, like Gecko) Chrome/120.0.0.0 Safari/537.36" "-"
144.172.104.129 - - [27/Jul/2026:17:19:12 -0300] "GET /wp-admin/theme-editor.php HTTP/1.1" 200 721886 "-" "Mozilla/5.0 (Windows NT 10.0; Win64; x64) AppleWebKit/537.36 (KHTML, like Gecko) Chrome/120.0.0.0 Safari/537.36" "-"
144.172.104.129 - - [27/Jul/2026:17:19:15 -0300] "GET /wp-admin/media-new.php HTTP/1.1" 200 598635 "-" "Mozilla/5.0 (Windows NT 10.0; Win64; x64) AppleWebKit/537.36 (KHTML, like Gecko) Chrome/120.0.0.0 Safari/537.36" "-"
144.172.104.129 - - [27/Jul/2026:17:19:17 -0300] "GET /wp-admin/ HTTP/1.1" 200 739356 "-" "Mozilla/5.0 (Windows NT 10.0; Win64; x64) AppleWebKit/537.36 (KHTML, like Gecko) Chrome/120.0.0.0 Safari/537.36" "-"
144.172.104.129 - - [27/Jul/2026:17:19:19 -0300] "GET /wp-admin/theme-install.php?tab=upload HTTP/1.1" 200 622913 "-" "Mozilla/5.0 (Windows NT 10.0; Win64; x64) AppleWebKit/537.36 (KHTML, like Gecko) Chrome/120.0.0.0 Safari/537.36" "-"
144.172.104.129 - - [27/Jul/2026:17:19:23 -0300] "POST /wp-admin/update.php?action=upload-theme HTTP/1.1" 499 0 "-" "Mozilla/5.0 (Windows NT 10.0; Win64; x64) AppleWebKit/537.36 (KHTML, like Gecko) Chrome/120.0.0.0 Safari/537.36" "-"
144.172.104.129 - - [27/Jul/2026:17:19:29 -0300] "GET /wp-admin/plugin-install.php?tab=upload HTTP/1.1" 200 607145 "-" "Mozilla/5.0 (Windows NT 10.0; Win64; x64) AppleWebKit/537.36 (KHTML, like Gecko) Chrome/120.0.0.0 Safari/537.36" "-"
144.172.104.129 - - [27/Jul/2026:17:19:32 -0300] "POST /wp-admin/update.php?action=upload-plugin HTTP/1.1" 200 588681 "-" "Mozilla/5.0 (Windows NT 10.0; Win64; x64) AppleWebKit/537.36 (KHTML, like Gecko) Chrome/120.0.0.0 Safari/537.36" "-"
144.172.104.129 - - [27/Jul/2026:17:19:36 -0300] "GET /wp-admin/plugins.php HTTP/1.1" 200 1001360 "-" "Mozilla/5.0 (Windows NT 10.0; Win64; x64) AppleWebKit/537.36 (KHTML, like Gecko) Chrome/120.0.0.0 Safari/537.36" "-"
144.172.104.129 - - [27/Jul/2026:17:19:39 -0300] "GET /wp-admin/plugin-install.php?tab=upload HTTP/1.1" 200 607145 "-" "Mozilla/5.0 (Windows NT 10.0; Win64; x64) AppleWebKit/537.36 (KHTML, like Gecko) Chrome/120.0.0.0 Safari/537.36" "-"
144.172.104.129 - - [27/Jul/2026:17:19:41 -0300] "POST /wp-admin/update.php?action=upload-plugin HTTP/1.1" 200 588680 "-" "Mozilla/5.0 (Windows NT 10.0; Win64; x64) AppleWebKit/537.36 (KHTML, like Gecko) Chrome/120.0.0.0 Safari/537.36" "-"
144.172.104.129 - - [27/Jul/2026:17:19:44 -0300] "GET /wp-admin/plugins.php HTTP/1.1" 200 1001387 "-" "Mozilla/5.0 (Windows NT 10.0; Win64; x64) AppleWebKit/537.36 (KHTML, like Gecko) Chrome/120.0.0.0 Safari/537.36" "-"
144.172.104.129 - - [27/Jul/2026:17:19:46 -0300] "POST /wp-json/batch/v1 HTTP/1.1" 207 27 "-" "Mozilla/5.0 (Windows NT 10.0; Win64; x64) AppleWebKit/537.36 (KHTML, like Gecko) Chrome/131.0.0.0 Safari/537.36" "-"
144.172.104.129 - - [27/Jul/2026:17:19:53 -0300] "POST /wp-json/batch/v1 HTTP/1.1" 207 27 "-" "Mozilla/5.0 (Windows NT 10.0; Win64; x64) AppleWebKit/537.36 (KHTML, like Gecko) Chrome/131.0.0.0 Safari/537.36" "-"
144.172.104.129 - - [27/Jul/2026:17:19:55 -0300] "POST /wp-json/batch/v1 HTTP/1.1" 207 3953 "-" "Mozilla/5.0 (Windows NT 10.0; Win64; x64) AppleWebKit/537.36 (KHTML, like Gecko) Chrome/131.0.0.0 Safari/537.36" "-"
190.11.58.55 - - [27/Jul/2026:17:20:36 -0300] "POST /testbot/HVidD74XP83CP8wXsd/bridgesisbotsgt.php HTTP/1.1" 200 45 "-" "-" "-"
190.11.58.55 - - [27/Jul/2026:17:20:37 -0300] "POST /testbot/HVidD74XP83CP8wXsd/bridgesisbotsgt.php HTTP/1.1" 200 45 "-" "-" "-"
190.11.58.55 - - [27/Jul/2026:17:20:41 -0300] "POST /testbot/HVidD74XP83CP8wXsd/bridgesisbotsgt.php HTTP/1.1" 200 45 "-" "-" "-"
190.11.58.55 - - [27/Jul/2026:17:21:51 -0300] "POST /testbot/HVidD74XP83CP8wXsd/bridgesisbotsgt.php HTTP/1.1" 200 45 "-" "-" "-"
190.11.58.55 - - [27/Jul/2026:17:25:39 -0300] "POST /testbot/HVidD74XP83CP8wXsd/bridgesisbotsgt.php HTTP/1.1" 200 45 "-" "-" "-"
190.11.58.55 - - [27/Jul/2026:17:26:00 -0300] "POST /testbot/HVidD74XP83CP8wXsd/bridgesisbotsgt.php HTTP/1.1" 200 45 "-" "-" "-"
190.11.58.55 - - [27/Jul/2026:17:27:04 -0300] "POST /testbot/HVidD74XP83CP8wXsd/bridgesisbotsgt.php HTTP/1.1" 200 45 "-" "-" "-"
190.11.58.55 - - [27/Jul/2026:17:28:58 -0300] "POST /testbot/HVidD74XP83CP8wXsd/bridgesisbotsgt.php HTTP/1.1" 200 45 "-" "-" "-"
190.11.58.55 - - [27/Jul/2026:17:33:32 -0300] "POST /testbot/HVidD74XP83CP8wXsd/bridgesisbotsgt.php HTTP/1.1" 200 45 "-" "-" "-"
190.11.58.55 - - [27/Jul/2026:17:33:56 -0300] "POST /testbot/HVidD74XP83CP8wXsd/bridgesisbotsgt.php HTTP/1.1" 200 45 "-" "-" "-"
190.11.58.55 - - [27/Jul/2026:17:34:27 -0300] "POST /testbot/HVidD74XP83CP8wXsd/bridgesisbotsgt.php HTTP/1.1" 200 45 "-" "-" "-"
190.11.58.55 - - [27/Jul/2026:17:36:49 -0300] "POST /testbot/HVidD74XP83CP8wXsd/bridgesisbotsgt.php HTTP/1.1" 200 45 "-" "-" "-"
190.11.58.55 - - [27/Jul/2026:17:37:16 -0300] "POST /testbot/HVidD74XP83CP8wXsd/bridgesisbotsgt.php HTTP/1.1" 200 45 "-" "-" "-"
190.11.58.55 - - [27/Jul/2026:17:37:24 -0300] "POST /testbot/HVidD74XP83CP8wXsd/bridgesisbotsgt.php HTTP/1.1" 200 45 "-" "-" "-"
190.11.58.55 - - [27/Jul/2026:17:37:27 -0300] "POST /testbot/HVidD74XP83CP8wXsd/bridgesisbotsgt.php HTTP/1.1" 200 45 "-" "-" "-"
190.11.58.55 - - [27/Jul/2026:17:37:54 -0300] "POST /testbot/HVidD74XP83CP8wXsd/bridgesisbotsgt.php HTTP/1.1" 200 45 "-" "-" "-"
190.11.58.55 - - [27/Jul/2026:17:38:45 -0300] "POST /testbot/HVidD74XP83CP8wXsd/bridgesisbotsgt.php HTTP/1.1" 200 45 "-" "-" "-"
159.223.102.202 - - [27/Jul/2026:17:39:50 -0300] "POST /wp-cron.php?doing_wp_cron=1785184789.9475650787353515625000 HTTP/1.1" 200 11 "-" "WordPress/6.9.4; https://www.bottaingenieria.com.ar" "-"
62.141.44.236 - - [27/Jul/2026:17:39:50 -0300] "GET / HTTP/2.0" 200 183760 "-" "Mozilla/5.0 (Windows NT 10.0; Win64; x64) AppleWebKit/537.36 (KHTML, like Gecko) Chrome/91.0.4472.114 Safari/537.36 Edg/91.0.864.54" "-"
159.223.102.202 - - [27/Jul/2026:17:41:08 -0300] "POST /wp-cron.php?doing_wp_cron=1785184868.2587189674377441406250 HTTP/1.1" 200 11 "-" "WordPress/6.9.4; https://www.bottaingenieria.com.ar" "-"
40.77.167.235 - - [27/Jul/2026:17:41:08 -0300] "GET /wp-sitemap-taxonomies-category-1.xml HTTP/2.0" 200 153 "-" "Mozilla/5.0 AppleWebKit/537.36 (KHTML, like Gecko; compatible; bingbot/2.0; +http://www.bing.com/bingbot.htm) Chrome/116.0.1938.76 Safari/537.36" "-"
190.11.58.55 - - [27/Jul/2026:17:45:35 -0300] "POST /testbot/HVidD74XP83CP8wXsd/bridgesisbotsgt.php HTTP/1.1" 200 45 "-" "-" "-"
190.11.58.55 - - [27/Jul/2026:17:48:07 -0300] "POST /testbot/HVidD74XP83CP8wXsd/bridgesisbotsgt.php HTTP/1.1" 200 45 "-" "-" "-"
190.11.58.55 - - [27/Jul/2026:17:49:11 -0300] "POST /testbot/HVidD74XP83CP8wXsd/bridgesisbotsgt.php HTTP/1.1" 200 45 "-" "-" "-"
190.11.58.55 - - [27/Jul/2026:17:49:38 -0300] "POST /testbot/HVidD74XP83CP8wXsd/bridgesisbotsgt.php HTTP/1.1" 200 45 "-" "-" "-"
190.11.58.55 - - [27/Jul/2026:17:53:13 -0300] "POST /testbot/HVidD74XP83CP8wXsd/bridgesisbotsgt.php HTTP/1.1" 200 45 "-" "-" "-"
190.11.58.55 - - [27/Jul/2026:17:56:09 -0300] "POST /testbot/HVidD74XP83CP8wXsd/bridgesisbotsgt.php HTTP/1.1" 200 45 "-" "-" "-"
190.11.58.55 - - [27/Jul/2026:17:56:46 -0300] "POST /testbot/HVidD74XP83CP8wXsd/bridgesisbotsgt.php HTTP/1.1" 200 45 "-" "-" "-"
190.11.58.55 - - [27/Jul/2026:17:58:15 -0300] "POST /testbot/HVidD74XP83CP8wXsd/bridgesisbotsgt.php HTTP/1.1" 200 45 "-" "-" "-"
190.11.58.55 - - [27/Jul/2026:17:58:38 -0300] "POST /testbot/HVidD74XP83CP8wXsd/bridgesisbotsgt.php HTTP/1.1" 200 45 "-" "-" "-"
159.223.102.202 - - [27/Jul/2026:17:58:39 -0300] "POST /wp-cron.php?doing_wp_cron=1785185918.9550049304962158203125 HTTP/1.1" 200 11 "-" "WordPress/6.9.4; https://www.bottaingenieria.com.ar" "-"
54.225.181.161 - - [27/Jul/2026:17:58:39 -0300] "GET /?p=47 HTTP/1.1" 301 5 "-" "Mozilla/5.0 AppleWebKit/537.36 (KHTML, like Gecko; compatible; Amazonbot/0.1; +https://developer.amazon.com/support/amazonbot) Chrome/119.0.6045.214 Safari/537.36" "-"
98.84.200.43 - - [27/Jul/2026:17:58:40 -0300] "GET /novedades/ HTTP/1.1" 200 174341 "-" "Mozilla/5.0 AppleWebKit/537.36 (KHTML, like Gecko; compatible; Amazonbot/0.1; +https://developer.amazon.com/support/amazonbot) Chrome/119.0.6045.214 Safari/537.36" "-"
143.92.60.216 - - [27/Jul/2026:17:58:45 -0300] "GET / HTTP/1.1" 200 183799 "-" "Mozilla/5.0 (Windows NT 10.0; Win64; x64) AppleWebKit/537.36 (KHTML, like Gecko) Chrome/120.0.0.0 Safari/537.36" "-"
143.92.60.216 - - [27/Jul/2026:17:58:46 -0300] "GET /lndex.php?id=1 HTTP/1.1" 200 31 "-" "Mozilla/5.0 (Windows NT 10.0; Win64; x64) AppleWebKit/537.36 (KHTML, like Gecko) Chrome/120.0.0.0 Safari/537.36" "-"
190.11.58.55 - - [27/Jul/2026:17:59:31 -0300] "POST /testbot/HVidD74XP83CP8wXsd/bridgesisbotsgt.php HTTP/1.1" 200 45 "-" "-" "-"
159.223.102.202 - - [27/Jul/2026:18:00:24 -0300] "POST /wp-cron.php?doing_wp_cron=1785186024.6254119873046875000000 HTTP/1.1" 200 11 "-" "WordPress/6.9.4; https://www.bottaingenieria.com.ar" "-"
51.195.183.22 - - [27/Jul/2026:18:00:24 -0300] "GET /wp-sitemap.xml HTTP/2.0" 200 194 "-" "Mozilla/5.0 (compatible; AhrefsBot/7.0; +http://ahrefs.com/robot/)" "-"
54.38.147.34 - - [27/Jul/2026:18:00:26 -0300] "GET /wp-sitemap-posts-post-1.xml HTTP/2.0" 200 193 "-" "Mozilla/5.0 (compatible; AhrefsBot/7.0; +http://ahrefs.com/robot/)" "-"
198.244.242.112 - - [27/Jul/2026:18:00:28 -0300] "GET /wp-sitemap-posts-page-1.xml HTTP/2.0" 200 344 "-" "Mozilla/5.0 (compatible; AhrefsBot/7.0; +http://ahrefs.com/robot/)" "-"
198.244.226.51 - - [27/Jul/2026:18:00:30 -0300] "GET /wp-sitemap-posts-product-1.xml HTTP/2.0" 200 234 "-" "Mozilla/5.0 (compatible; AhrefsBot/7.0; +http://ahrefs.com/robot/)" "-"
198.244.168.216 - - [27/Jul/2026:18:00:31 -0300] "GET /wp-sitemap-taxonomies-category-1.xml HTTP/2.0" 200 153 "-" "Mozilla/5.0 (compatible; AhrefsBot/7.0; +http://ahrefs.com/robot/)" "-"
198.244.168.194 - - [27/Jul/2026:18:00:33 -0300] "GET /wp-sitemap-taxonomies-product_cat-1.xml HTTP/2.0" 200 160 "-" "Mozilla/5.0 (compatible; AhrefsBot/7.0; +http://ahrefs.com/robot/)" "-"
198.244.226.14 - - [27/Jul/2026:18:00:35 -0300] "GET /wp-sitemap-users-1.xml HTTP/2.0" 200 148 "-" "Mozilla/5.0 (compatible; AhrefsBot/7.0; +http://ahrefs.com/robot/)" "-"
190.11.58.55 - - [27/Jul/2026:18:03:26 -0300] "POST /testbot/HVidD74XP83CP8wXsd/bridgesisbotsgt.php HTTP/1.1" 200 45 "-" "-" "-"
190.11.58.55 - - [27/Jul/2026:18:07:01 -0300] "POST /testbot/HVidD74XP83CP8wXsd/bridgesisbotsgt.php HTTP/1.1" 200 45 "-" "-" "-"
190.11.58.55 - - [27/Jul/2026:18:07:33 -0300] "POST /testbot/HVidD74XP83CP8wXsd/bridgesisbotsgt.php HTTP/1.1" 200 45 "-" "-" "-"
190.11.58.55 - - [27/Jul/2026:18:08:49 -0300] "POST /testbot/HVidD74XP83CP8wXsd/bridgesisbotsgt.php HTTP/1.1" 200 45 "-" "-" "-"
190.11.58.55 - - [27/Jul/2026:18:09:12 -0300] "POST /testbot/HVidD74XP83CP8wXsd/bridgesisbotsgt.php HTTP/1.1" 200 45 "-" "-" "-"
190.11.58.55 - - [27/Jul/2026:18:12:44 -0300] "POST /testbot/HVidD74XP83CP8wXsd/bridgesisbotsgt.php HTTP/1.1" 200 45 "-" "-" "-"
190.11.58.55 - - [27/Jul/2026:18:16:16 -0300] "POST /testbot/HVidD74XP83CP8wXsd/bridgesisbotsgt.php HTTP/1.1" 200 45 "-" "-" "-"
159.223.102.202 - - [27/Jul/2026:18:16:22 -0300] "POST /wp-cron.php?doing_wp_cron=1785186982.8822278976440429687500 HTTP/1.1" 200 11 "-" "WordPress/6.9.4; https://www.bottaingenieria.com.ar" "-"
34.96.62.98 - - [27/Jul/2026:18:16:23 -0300] "GET / HTTP/1.1" 200 157823 "-" "Mozilla/5.0 (Windows NT 10.0; Win64; x64) AppleWebKit/537.36 (KHTML, like Gecko) Chrome/121.0.0.0 Safari/537.36" "-"
190.11.58.55 - - [27/Jul/2026:18:16:27 -0300] "POST /testbot/HVidD74XP83CP8wXsd/bridgesisbotsgt.php HTTP/1.1" 200 45 "-" "-" "-"
190.11.58.55 - - [27/Jul/2026:18:16:42 -0300] "POST /testbot/HVidD74XP83CP8wXsd/bridgesisbotsgt.php HTTP/1.1" 200 45 "-" "-" "-"
190.11.58.55 - - [27/Jul/2026:18:17:14 -0300] "POST /testbot/HVidD74XP83CP8wXsd/bridgesisbotsgt.php HTTP/1.1" 200 45 "-" "-" "-"
190.11.58.55 - - [27/Jul/2026:18:17:49 -0300] "POST /testbot/HVidD74XP83CP8wXsd/bridgesisbotsgt.php HTTP/1.1" 200 45 "-" "-" "-"
190.11.58.55 - - [27/Jul/2026:18:17:55 -0300] "POST /testbot/HVidD74XP83CP8wXsd/bridgesisbotsgt.php HTTP/1.1" 200 45 "-" "-" "-"
159.223.102.202 - - [27/Jul/2026:18:20:30 -0300] "POST /wp-cron.php?doing_wp_cron=1785187230.6736481189727783203125 HTTP/1.1" 200 11 "-" "WordPress/6.9.4; https://www.bottaingenieria.com.ar" "-"
216.73.216.169 - - [27/Jul/2026:18:20:30 -0300] "GET /robots.txt HTTP/2.0" 200 141 "-" "Mozilla/5.0 AppleWebKit/537.36 (KHTML, like Gecko; compatible; ClaudeBot/1.0; +claudebot@anthropic.com)" "-"
216.73.216.169 - - [27/Jul/2026:18:20:31 -0300] "GET /wp-sitemap.xml HTTP/2.0" 200 194 "-" "Mozilla/5.0 AppleWebKit/537.36 (KHTML, like Gecko; compatible; ClaudeBot/1.0; +claudebot@anthropic.com)" "-"
159.223.102.202 - - [27/Jul/2026:18:22:30 -0300] "POST /wp-cron.php?doing_wp_cron=1785187350.7556669712066650390625 HTTP/1.1" 200 11 "-" "WordPress/6.9.4; https://www.bottaingenieria.com.ar" "-"
3.213.213.161 - - [27/Jul/2026:18:22:30 -0300] "GET /finalizar-comprar/embed/ HTTP/1.1" 302 5 "-" "Mozilla/5.0 AppleWebKit/537.36 (KHTML, like Gecko; compatible; Amazonbot/0.1; +https://developer.amazon.com/support/amazonbot) Chrome/119.0.6045.214 Safari/537.36" "-"
44.195.145.102 - - [27/Jul/2026:18:22:32 -0300] "GET /carro/ HTTP/1.1" 200 198484 "-" "Mozilla/5.0 AppleWebKit/537.36 (KHTML, like Gecko; compatible; Amazonbot/0.1; +https://developer.amazon.com/support/amazonbot) Chrome/119.0.6045.214 Safari/537.36" "-"
190.11.58.55 - - [27/Jul/2026:18:24:31 -0300] "POST /testbot/HVidD74XP83CP8wXsd/bridgesisbotsgt.php HTTP/1.1" 200 45 "-" "-" "-"
190.11.58.55 - - [27/Jul/2026:18:25:35 -0300] "POST /testbot/HVidD74XP83CP8wXsd/bridgesisbotsgt.php HTTP/1.1" 200 45 "-" "-" "-"
190.11.58.55 - - [27/Jul/2026:18:29:42 -0300] "POST /testbot/HVidD74XP83CP8wXsd/bridgesisbotsgt.php HTTP/1.1" 200 45 "-" "-" "-"
190.11.58.55 - - [27/Jul/2026:18:32:05 -0300] "POST /testbot/HVidD74XP83CP8wXsd/bridgesisbotsgt.php HTTP/1.1" 200 45 "-" "-" "-"
45.182.220.14 - - [27/Jul/2026:18:33:06 -0300] "GET /accesostock/accesoaplicacion.php?name=Solo%20usuario_1&pass=rlalu5840KDlkd765%25P HTTP/1.1" 301 162 "-" "-" "-"
190.11.58.55 - - [27/Jul/2026:18:34:15 -0300] "POST /testbot/HVidD74XP83CP8wXsd/bridgesisbotsgt.php HTTP/1.1" 200 45 "-" "-" "-"
190.11.58.55 - - [27/Jul/2026:18:37:42 -0300] "POST /testbot/HVidD74XP83CP8wXsd/bridgesisbotsgt.php HTTP/1.1" 200 45 "-" "-" "-"
159.223.102.202 - - [27/Jul/2026:18:39:56 -0300] "POST /wp-cron.php?doing_wp_cron=1785188396.0820109844207763671875 HTTP/1.1" 200 11 "-" "WordPress/6.9.4; https://www.bottaingenieria.com.ar" "-"
98.85.192.134 - - [27/Jul/2026:18:39:56 -0300] "GET /?p=145 HTTP/1.1" 301 5 "-" "Mozilla/5.0 AppleWebKit/605.1.15 (KHTML, like Gecko) Chrome/139.0.0.0 Safari/605.1.15" "-"
54.210.133.241 - - [27/Jul/2026:18:39:57 -0300] "GET /mi-cuenta/ HTTP/1.1" 200 176647 "-" "Mozilla/5.0 AppleWebKit/605.1.15 (KHTML, like Gecko) Chrome/139.0.0.0 Safari/605.1.15" "-"
45.182.220.14 - - [27/Jul/2026:18:40:10 -0300] "GET /accesostock/accesoaplicacion.php?name=Solo%20usuario_1&pass=rlalu5840KDlkd765%25P HTTP/1.1" 301 162 "-" "-" "-"
190.11.58.55 - - [27/Jul/2026:18:41:59 -0300] "POST /testbot/HVidD74XP83CP8wXsd/bridgesisbotsgt.php HTTP/1.1" 200 45 "-" "-" "-"
190.11.58.55 - - [27/Jul/2026:18:42:18 -0300] "POST /testbot/HVidD74XP83CP8wXsd/bridgesisbotsgt.php HTTP/1.1" 200 45 "-" "-" "-"
159.223.102.202 - - [27/Jul/2026:18:44:18 -0300] "POST /wp-cron.php?doing_wp_cron=1785188658.5812530517578125000000 HTTP/1.1" 200 11 "-" "WordPress/6.9.4; https://www.bottaingenieria.com.ar" "-"
52.23.112.144 - - [27/Jul/2026:18:44:18 -0300] "GET /?p=292 HTTP/1.1" 301 5 "-" "Mozilla/5.0 AppleWebKit/537.36 (KHTML, like Gecko; compatible; Amazonbot/0.1; +https://developer.amazon.com/support/amazonbot) Chrome/119.0.6045.214 Safari/537.36" "-"
3.226.106.93 - - [27/Jul/2026:18:44:21 -0300] "GET /ges/ HTTP/1.1" 200 176470 "-" "Mozilla/5.0 AppleWebKit/537.36 (KHTML, like Gecko; compatible; Amazonbot/0.1; +https://developer.amazon.com/support/amazonbot) Chrome/119.0.6045.214 Safari/537.36" "-"
159.223.102.202 - - [27/Jul/2026:18:45:15 -0300] "POST /wp-cron.php?doing_wp_cron=1785188715.5304780006408691406250 HTTP/1.1" 200 11 "-" "WordPress/6.9.4; https://www.bottaingenieria.com.ar" "-"
54.165.147.76 - - [27/Jul/2026:18:45:15 -0300] "GET /?p=292 HTTP/1.1" 301 5 "-" "Mozilla/5.0 AppleWebKit/605.1.15 (KHTML, like Gecko) Chrome/139.0.0.0 Safari/605.1.15" "-"
34.200.116.27 - - [27/Jul/2026:18:45:16 -0300] "GET /ges/ HTTP/1.1" 200 176470 "-" "Mozilla/5.0 AppleWebKit/605.1.15 (KHTML, like Gecko) Chrome/139.0.0.0 Safari/605.1.15" "-"
190.11.58.55 - - [27/Jul/2026:18:45:47 -0300] "POST /testbot/HVidD74XP83CP8wXsd/bridgesisbotsgt.php HTTP/1.1" 200 45 "-" "-" "-"
190.11.58.55 - - [27/Jul/2026:18:47:24 -0300] "POST /testbot/HVidD74XP83CP8wXsd/bridgesisbotsgt.php HTTP/1.1" 200 45 "-" "-" "-"
159.223.102.202 - - [27/Jul/2026:18:51:51 -0300] "POST /wp-cron.php?doing_wp_cron=1785189111.3970839977264404296875 HTTP/1.1" 200 11 "-" "WordPress/6.9.4; https://www.bottaingenieria.com.ar" "-"
54.84.93.8 - - [27/Jul/2026:18:51:51 -0300] "GET /nosotros/ HTTP/1.1" 200 177765 "-" "Mozilla/5.0 AppleWebKit/537.36 (KHTML, like Gecko; compatible; Amazonbot/0.1; +https://developer.amazon.com/support/amazonbot) Chrome/119.0.6045.214 Safari/537.36" "-"
190.11.58.55 - - [27/Jul/2026:18:52:00 -0300] "POST /testbot/HVidD74XP83CP8wXsd/bridgesisbotsgt.php HTTP/1.1" 200 45 "-" "-" "-"
190.11.58.55 - - [27/Jul/2026:18:53:17 -0300] "POST /testbot/HVidD74XP83CP8wXsd/bridgesisbotsgt.php HTTP/1.1" 200 45 "-" "-" "-"
190.11.58.55 - - [27/Jul/2026:18:54:48 -0300] "POST /testbot/HVidD74XP83CP8wXsd/bridgesisbotsgt.php HTTP/1.1" 200 45 "-" "-" "-"
190.11.58.55 - - [27/Jul/2026:18:58:38 -0300] "POST /testbot/HVidD74XP83CP8wXsd/bridgesisbotsgt.php HTTP/1.1" 200 45 "-" "-" "-"
190.11.58.55 - - [27/Jul/2026:18:58:39 -0300] "POST /testbot/HVidD74XP83CP8wXsd/bridgesisbotsgt.php HTTP/1.1" 200 45 "-" "-" "-"
190.11.58.55 - - [27/Jul/2026:19:04:59 -0300] "POST /testbot/HVidD74XP83CP8wXsd/bridgesisbotsgt.php HTTP/1.1" 200 45 "-" "-" "-"
190.11.58.55 - - [27/Jul/2026:19:06:40 -0300] "POST /testbot/HVidD74XP83CP8wXsd/bridgesisbotsgt.php HTTP/1.1" 200 45 "-" "-" "-"
190.11.58.55 - - [27/Jul/2026:19:13:00 -0300] "POST /testbot/HVidD74XP83CP8wXsd/bridgesisbotsgt.php HTTP/1.1" 200 45 "-" "-" "-"
34.96.41.49 - - [27/Jul/2026:19:16:14 -0300] "GET / HTTP/1.1" 499 0 "-" "Mozilla/5.0 (Windows NT 10.0; Win64; x64) AppleWebKit/537.36 (KHTML, like Gecko) Chrome/121.0.0.0 Safari/537.36" "-"
159.223.102.202 - - [27/Jul/2026:19:16:17 -0300] "POST /wp-cron.php?doing_wp_cron=1785190577.4668738842010498046875 HTTP/1.1" 200 11 "-" "WordPress/6.9.4; https://www.bottaingenieria.com.ar" "-"
74.7.230.12 - - [27/Jul/2026:19:16:17 -0300] "GET /robots.txt HTTP/2.0" 200 141 "-" "Mozilla/5.0 (Macintosh; Intel Mac OS X 10_15_7) AppleWebKit/537.36 (KHTML, like Gecko) Chrome/131.0.0.0 Safari/537.36; compatible; OAI-SearchBot/1.4; robots.txt; +https://openai.com/searchbot" "-"
74.7.227.173 - - [27/Jul/2026:19:16:17 -0300] "GET /wp-sitemap.xml HTTP/2.0" 200 194 "-" "Mozilla/5.0 AppleWebKit/537.36 (KHTML, like Gecko; compatible; GPTBot/1.4; +https://openai.com/gptbot)" "-"
34.96.41.49 - - [27/Jul/2026:19:16:19 -0300] "GET / HTTP/1.1" 200 157823 "-" "Mozilla/5.0 (Windows NT 10.0; Win64; x64) AppleWebKit/537.36 (KHTML, like Gecko) Chrome/121.0.0.0 Safari/537.36" "-"
143.92.60.216 - - [27/Jul/2026:19:19:51 -0300] "GET /lndex.php?id=1 HTTP/1.1" 200 31 "-" "Mozilla/5.0 (Windows NT 10.0; Win64; x64) AppleWebKit/537.36 (KHTML, like Gecko) Chrome/120.0.0.0 Safari/537.36" "-"
190.11.58.55 - - [27/Jul/2026:19:20:46 -0300] "POST /testbot/HVidD74XP83CP8wXsd/bridgesisbotsgt.php HTTP/1.1" 200 45 "-" "-" "-"
190.11.58.55 - - [27/Jul/2026:19:21:02 -0300] "POST /testbot/HVidD74XP83CP8wXsd/bridgesisbotsgt.php HTTP/1.1" 200 45 "-" "-" "-"
159.223.102.202 - - [27/Jul/2026:19:21:03 -0300] "POST /wp-cron.php?doing_wp_cron=1785190863.0063810348510742187500 HTTP/1.1" 200 11 "-" "WordPress/6.9.4; https://www.bottaingenieria.com.ar" "-"
74.7.241.141 - - [27/Jul/2026:19:21:03 -0300] "GET /robots.txt HTTP/2.0" 200 141 "http://bottaingenieria.com.ar/robots.txt" "Mozilla/5.0 (Macintosh; Intel Mac OS X 10_15_7) AppleWebKit/537.36 (KHTML, like Gecko) Chrome/131.0.0.0 Safari/537.36; compatible; OAI-SearchBot/1.4; robots.txt; +https://openai.com/searchbot" "-"
190.11.58.55 - - [27/Jul/2026:19:21:08 -0300] "POST /testbot/HVidD74XP83CP8wXsd/bridgesisbotsgt.php HTTP/1.1" 200 45 "-" "-" "-"
159.223.102.202 - - [27/Jul/2026:19:21:35 -0300] "POST /wp-cron.php?doing_wp_cron=1785190895.8067169189453125000000 HTTP/1.1" 200 11 "-" "WordPress/6.9.4; https://www.bottaingenieria.com.ar" "-"
74.7.227.173 - - [27/Jul/2026:19:21:35 -0300] "GET / HTTP/2.0" 200 157809 "http://bottaingenieria.com.ar" "Mozilla/5.0 AppleWebKit/537.36 (KHTML, like Gecko; compatible; GPTBot/1.4; +https://openai.com/gptbot)" "-"
190.11.58.55 - - [27/Jul/2026:19:25:51 -0300] "POST /testbot/HVidD74XP83CP8wXsd/bridgesisbotsgt.php HTTP/1.1" 200 45 "-" "-" "-"
159.223.102.202 - - [27/Jul/2026:19:28:51 -0300] "POST /wp-cron.php?doing_wp_cron=1785191331.2276020050048828125000 HTTP/1.1" 200 11 "-" "WordPress/6.9.4; https://www.bottaingenieria.com.ar" "-"
51.195.244.33 - - [27/Jul/2026:19:28:51 -0300] "GET /wp-sitemap.xml HTTP/2.0" 200 194 "-" "Mozilla/5.0 (compatible; AhrefsBot/7.0; +http://ahrefs.com/robot/)" "-"
51.89.129.100 - - [27/Jul/2026:19:28:52 -0300] "GET /wp-sitemap-posts-post-1.xml HTTP/2.0" 200 193 "-" "Mozilla/5.0 (compatible; AhrefsBot/7.0; +http://ahrefs.com/robot/)" "-"
51.195.244.131 - - [27/Jul/2026:19:28:54 -0300] "GET /wp-sitemap-posts-page-1.xml HTTP/2.0" 200 344 "-" "Mozilla/5.0 (compatible; AhrefsBot/7.0; +http://ahrefs.com/robot/)" "-"
198.244.168.140 - - [27/Jul/2026:19:28:56 -0300] "GET /wp-sitemap-posts-product-1.xml HTTP/2.0" 200 234 "-" "Mozilla/5.0 (compatible; AhrefsBot/7.0; +http://ahrefs.com/robot/)" "-"
51.89.129.205 - - [27/Jul/2026:19:28:58 -0300] "GET /wp-sitemap-taxonomies-category-1.xml HTTP/2.0" 200 153 "-" "Mozilla/5.0 (compatible; AhrefsBot/7.0; +http://ahrefs.com/robot/)" "-"
198.244.183.192 - - [27/Jul/2026:19:29:00 -0300] "GET /wp-sitemap-taxonomies-product_cat-1.xml HTTP/2.0" 200 160 "-" "Mozilla/5.0 (compatible; AhrefsBot/7.0; +http://ahrefs.com/robot/)" "-"
51.195.183.67 - - [27/Jul/2026:19:29:01 -0300] "GET /wp-sitemap-users-1.xml HTTP/2.0" 200 148 "-" "Mozilla/5.0 (compatible; AhrefsBot/7.0; +http://ahrefs.com/robot/)" "-"
190.11.58.55 - - [27/Jul/2026:19:33:31 -0300] "POST /testbot/HVidD74XP83CP8wXsd/bridgesisbotsgt.php HTTP/1.1" 200 45 "-" "-" "-"
190.11.58.55 - - [27/Jul/2026:19:38:01 -0300] "POST /testbot/HVidD74XP83CP8wXsd/bridgesisbotsgt.php HTTP/1.1" 200 45 "-" "-" "-"
159.223.102.202 - - [27/Jul/2026:19:39:08 -0300] "POST /wp-cron.php?doing_wp_cron=1785191947.9783420562744140625000 HTTP/1.1" 200 11 "-" "WordPress/6.9.4; https://www.bottaingenieria.com.ar" "-"
54.87.113.56 - - [27/Jul/2026:19:39:08 -0300] "GET /bfact HTTP/1.1" 301 5 "-" "Mozilla/5.0 AppleWebKit/605.1.15 (KHTML, like Gecko) Chrome/139.0.0.0 Safari/605.1.15" "-"
54.235.137.122 - - [27/Jul/2026:19:39:09 -0300] "GET /producto/bfact/ HTTP/1.1" 200 178827 "-" "Mozilla/5.0 AppleWebKit/605.1.15 (KHTML, like Gecko) Chrome/139.0.0.0 Safari/605.1.15" "-"
159.223.102.202 - - [27/Jul/2026:19:40:18 -0300] "POST /wp-cron.php?doing_wp_cron=1785192018.4984459877014160156250 HTTP/1.1" 200 11 "-" "WordPress/6.9.4; https://www.bottaingenieria.com.ar" "-"
52.0.63.151 - - [27/Jul/2026:19:40:18 -0300] "GET /?p=143 HTTP/1.1" 301 5 "-" "Mozilla/5.0 AppleWebKit/537.36 (KHTML, like Gecko; compatible; Amazonbot/0.1; +https://developer.amazon.com/support/amazonbot) Chrome/119.0.6045.214 Safari/537.36" "-"
98.82.39.241 - - [27/Jul/2026:19:40:19 -0300] "GET /carro/ HTTP/1.1" 200 198486 "-" "Mozilla/5.0 AppleWebKit/537.36 (KHTML, like Gecko; compatible; Amazonbot/0.1; +https://developer.amazon.com/support/amazonbot) Chrome/119.0.6045.214 Safari/537.36" "-"
190.11.58.55 - - [27/Jul/2026:19:43:11 -0300] "POST /testbot/HVidD74XP83CP8wXsd/bridgesisbotsgt.php HTTP/1.1" 200 45 "-" "-" "-"
190.11.58.55 - - [27/Jul/2026:19:43:56 -0300] "POST /testbot/HVidD74XP83CP8wXsd/bridgesisbotsgt.php HTTP/1.1" 200 45 "-" "-" "-"
190.11.58.55 - - [27/Jul/2026:19:44:14 -0300] "POST /testbot/HVidD74XP83CP8wXsd/bridgesisbotsgt.php HTTP/1.1" 200 45 "-" "-" "-"
159.223.102.202 - - [27/Jul/2026:19:46:49 -0300] "POST /wp-cron.php?doing_wp_cron=1785192409.1588299274444580078125 HTTP/1.1" 200 11 "-" "WordPress/6.9.4; https://www.bottaingenieria.com.ar" "-"
54.166.104.83 - - [27/Jul/2026:19:46:49 -0300] "GET /novedades/ HTTP/1.1" 200 174341 "-" "Mozilla/5.0 AppleWebKit/537.36 (KHTML, like Gecko; compatible; Amazonbot/0.1; +https://developer.amazon.com/support/amazonbot) Chrome/119.0.6045.214 Safari/537.36" "-"
190.11.58.55 - - [27/Jul/2026:19:49:51 -0300] "POST /testbot/HVidD74XP83CP8wXsd/bridgesisbotsgt.php HTTP/1.1" 200 45 "-" "-" "-"
190.11.58.55 - - [27/Jul/2026:19:53:29 -0300] "POST /testbot/HVidD74XP83CP8wXsd/bridgesisbotsgt.php HTTP/1.1" 200 45 "-" "-" "-"
190.11.58.55 - - [27/Jul/2026:19:53:53 -0300] "POST /testbot/HVidD74XP83CP8wXsd/bridgesisbotsgt.php HTTP/1.1" 200 45 "-" "-" "-"
176.98.23.172 - - [27/Jul/2026:19:55:45 -0300] "GET /xmlrpc.php HTTP/2.0" 403 166 "https://bottaingenieria.com.ar/xmlrpc.php" "Mozilla/5.0 (Windows NT 10.0; Win64; x64) AppleWebKit/537.36 (KHTML, like Gecko) Chrome/130.0.0.0 Safari/537.36" "-"
159.223.102.202 - - [27/Jul/2026:19:56:22 -0300] "POST /wp-cron.php?doing_wp_cron=1785192982.5191540718078613281250 HTTP/1.1" 200 11 "-" "WordPress/6.9.4; https://www.bottaingenieria.com.ar" "-"
52.0.63.151 - - [27/Jul/2026:19:56:22 -0300] "GET /finalizar-comprar/ HTTP/1.1" 302 5 "-" "Mozilla/5.0 AppleWebKit/537.36 (KHTML, like Gecko; compatible; Amazonbot/0.1; +https://developer.amazon.com/support/amazonbot) Chrome/119.0.6045.214 Safari/537.36" "-"
52.4.213.199 - - [27/Jul/2026:19:56:23 -0300] "GET /carro/ HTTP/1.1" 200 198483 "-" "Mozilla/5.0 AppleWebKit/537.36 (KHTML, like Gecko; compatible; Amazonbot/0.1; +https://developer.amazon.com/support/amazonbot) Chrome/119.0.6045.214 Safari/537.36" "-"
190.11.58.55 - - [27/Jul/2026:20:00:38 -0300] "POST /testbot/HVidD74XP83CP8wXsd/bridgesisbotsgt.php HTTP/1.1" 200 45 "-" "-" "-"
190.11.58.55 - - [27/Jul/2026:20:01:38 -0300] "POST /testbot/HVidD74XP83CP8wXsd/bridgesisbotsgt.php HTTP/1.1" 200 45 "-" "-" "-"
190.11.58.55 - - [27/Jul/2026:20:06:23 -0300] "POST /testbot/HVidD74XP83CP8wXsd/bridgesisbotsgt.php HTTP/1.1" 200 45 "-" "-" "-"
190.11.58.55 - - [27/Jul/2026:20:07:38 -0300] "POST /testbot/HVidD74XP83CP8wXsd/bridgesisbotsgt.php HTTP/1.1" 200 45 "-" "-" "-"
45.182.220.14 - - [27/Jul/2026:20:08:24 -0300] "GET /accesostock/accesoaplicacion.php?name=Solo%20usuario_1&pass=rlalu5840KDlkd765%25P HTTP/1.1" 301 162 "-" "-" "-"
159.223.102.202 - - [27/Jul/2026:20:11:24 -0300] "POST /wp-cron.php?doing_wp_cron=1785193884.5443410873413085937500 HTTP/1.1" 200 11 "-" "WordPress/6.9.4; https://www.bottaingenieria.com.ar" "-"
54.83.23.103 - - [27/Jul/2026:20:11:24 -0300] "GET /?p=49 HTTP/1.1" 301 5 "-" "Mozilla/5.0 AppleWebKit/537.36 (KHTML, like Gecko; compatible; Amazonbot/0.1; +https://developer.amazon.com/support/amazonbot) Chrome/119.0.6045.214 Safari/537.36" "-"
44.212.145.46 - - [27/Jul/2026:20:11:25 -0300] "GET /nosotros/ HTTP/1.1" 200 177756 "-" "Mozilla/5.0 AppleWebKit/537.36 (KHTML, like Gecko; compatible; Amazonbot/0.1; +https://developer.amazon.com/support/amazonbot) Chrome/119.0.6045.214 Safari/537.36" "-"
159.223.102.202 - - [27/Jul/2026:20:14:28 -0300] "POST /wp-cron.php?doing_wp_cron=1785194068.0791189670562744140625 HTTP/1.1" 200 11 "-" "WordPress/6.9.4; https://www.bottaingenieria.com.ar" "-"
82.223.4.24 - - [27/Jul/2026:20:14:28 -0300] "GET /wp-login.php HTTP/1.1" 200 127651 "www.google.com" "Mozilla/5.0 (Windows NT 10.0; Win64; x64) AppleWebKit/537.36 (KHTML, like Gecko) Chrome/91.0.4472.124 Safari/537.36" "-"
82.223.4.24 - - [27/Jul/2026:20:14:29 -0300] "POST /wp-login.php HTTP/1.1" 302 5 "https://www.bottaingenieria.com.ar/wp-admin/" "Mozilla/5.0 (Windows NT 10.0; Win64; x64) AppleWebKit/537.36 (KHTML, like Gecko) Chrome/91.0.4472.124 Safari/537.36" "-"
82.223.4.24 - - [27/Jul/2026:20:14:31 -0300] "GET /wp-admin/ HTTP/1.1" 200 211729 "https://www.bottaingenieria.com.ar/wp-admin/" "Mozilla/5.0 (Windows NT 10.0; Win64; x64) AppleWebKit/537.36 (KHTML, like Gecko) Chrome/91.0.4472.124 Safari/537.36" "-"
82.223.4.24 - - [27/Jul/2026:20:14:32 -0300] "GET /wp-admin/ HTTP/1.1" 200 211722 "www.google.com" "Mozilla/5.0 (Windows NT 10.0; Win64; x64) AppleWebKit/537.36 (KHTML, like Gecko) Chrome/91.0.4472.124 Safari/537.36" "-"
82.223.4.24 - - [27/Jul/2026:20:14:33 -0300] "GET /wp-admin/plugin-install.php?tab=upload HTTP/1.1" 200 172975 "www.google.com" "Mozilla/5.0 (Windows NT 10.0; Win64; x64) AppleWebKit/537.36 (KHTML, like Gecko) Chrome/91.0.4472.124 Safari/537.36" "-"
82.223.4.24 - - [27/Jul/2026:20:14:35 -0300] "POST /wp-admin/update.php?action=upload-plugin HTTP/1.1" 200 168207 "www.google.com" "Mozilla/5.0 (Windows NT 10.0; Win64; x64) AppleWebKit/537.36 (KHTML, like Gecko) Chrome/91.0.4472.124 Safari/537.36" "-"
82.223.4.24 - - [27/Jul/2026:20:14:35 -0300] "GET /wp-content/plugins/nrpqdlj/index.php HTTP/1.1" 404 178 "www.google.com" "Mozilla/5.0 (Windows NT 10.0; Win64; x64) AppleWebKit/537.36 (KHTML, like Gecko) Chrome/91.0.4472.124 Safari/537.36" "-"
82.223.4.24 - - [27/Jul/2026:20:14:36 -0300] "GET /wp-admin/plugin-install.php?s=File+Manager&tab=search&type=term HTTP/1.1" 200 182190 "www.google.com" "Mozilla/5.0 (Windows NT 10.0; Win64; x64) AppleWebKit/537.36 (KHTML, like Gecko) Chrome/91.0.4472.124 Safari/537.36" "-"
82.223.4.24 - - [27/Jul/2026:20:14:37 -0300] "GET /wp-admin/update.php?action=install-plugin&plugin=wp-file-manager&_wpnonce=4199044747 HTTP/1.1" 200 168282 "www.google.com" "Mozilla/5.0 (Windows NT 10.0; Win64; x64) AppleWebKit/537.36 (KHTML, like Gecko) Chrome/91.0.4472.124 Safari/537.36" "-"
82.223.4.24 - - [27/Jul/2026:20:14:39 -0300] "GET /wp-admin/theme-install.php?tab=upload HTTP/1.1" 200 176085 "www.google.com" "Mozilla/5.0 (Windows NT 10.0; Win64; x64) AppleWebKit/537.36 (KHTML, like Gecko) Chrome/91.0.4472.124 Safari/537.36" "-"
82.223.4.24 - - [27/Jul/2026:20:14:40 -0300] "POST /wp-admin/update.php?action=upload-theme HTTP/1.1" 200 169243 "www.google.com" "Mozilla/5.0 (Windows NT 10.0; Win64; x64) AppleWebKit/537.36 (KHTML, like Gecko) Chrome/91.0.4472.124 Safari/537.36" "-"
82.223.4.24 - - [27/Jul/2026:20:14:41 -0300] "GET /wp-content/themes/vlcskmk/about.php HTTP/1.1" 404 178 "www.google.com" "Mozilla/5.0 (Windows NT 10.0; Win64; x64) AppleWebKit/537.36 (KHTML, like Gecko) Chrome/91.0.4472.124 Safari/537.36" "-"
82.223.4.24 - - [27/Jul/2026:20:14:42 -0300] "GET /wp-admin/theme-editor.php?file=404.php HTTP/1.1" 500 2522 "www.google.com" "Mozilla/5.0 (Windows NT 10.0; Win64; x64) AppleWebKit/537.36 (KHTML, like Gecko) Chrome/91.0.4472.124 Safari/537.36" "-"
82.223.4.24 - - [27/Jul/2026:20:14:42 -0300] "GET /wp-admin/plugin-install.php?tab=upload HTTP/1.1" 200 172975 "www.google.com" "Mozilla/5.0 (Windows NT 10.0; Win64; x64) AppleWebKit/537.36 (KHTML, like Gecko) Chrome/91.0.4472.124 Safari/537.36" "-"
82.223.4.24 - - [27/Jul/2026:20:14:43 -0300] "POST /wp-admin/update.php?action=upload-plugin HTTP/1.1" 500 2516 "www.google.com" "Mozilla/5.0 (Windows NT 10.0; Win64; x64) AppleWebKit/537.36 (KHTML, like Gecko) Chrome/91.0.4472.124 Safari/537.36" "-"
82.223.4.24 - - [27/Jul/2026:20:14:44 -0300] "GET /wp-content/uploads/2026/07/ffknfmit.php HTTP/1.1" 404 178 "www.google.com" "Mozilla/5.0 (Windows NT 10.0; Win64; x64) AppleWebKit/537.36 (KHTML, like Gecko) Chrome/91.0.4472.124 Safari/537.36" "-"
82.223.4.24 - - [27/Jul/2026:20:14:44 -0300] "GET /wp-content/uploads/2026/ffknfmit.php HTTP/1.1" 404 178 "www.google.com" "Mozilla/5.0 (Windows NT 10.0; Win64; x64) AppleWebKit/537.36 (KHTML, like Gecko) Chrome/91.0.4472.124 Safari/537.36" "-"
82.223.4.24 - - [27/Jul/2026:20:14:44 -0300] "GET /wp-content/uploads/ffknfmit.php HTTP/1.1" 404 178 "www.google.com" "Mozilla/5.0 (Windows NT 10.0; Win64; x64) AppleWebKit/537.36 (KHTML, like Gecko) Chrome/91.0.4472.124 Safari/537.36" "-"
82.223.4.24 - - [27/Jul/2026:20:14:45 -0300] "GET /wp-content/ffknfmit.php HTTP/1.1" 404 178 "www.google.com" "Mozilla/5.0 (Windows NT 10.0; Win64; x64) AppleWebKit/537.36 (KHTML, like Gecko) Chrome/91.0.4472.124 Safari/537.36" "-"
82.223.4.24 - - [27/Jul/2026:20:14:45 -0300] "GET /ffknfmit.php HTTP/1.1" 404 178 "www.google.com" "Mozilla/5.0 (Windows NT 10.0; Win64; x64) AppleWebKit/537.36 (KHTML, like Gecko) Chrome/91.0.4472.124 Safari/537.36" "-"
82.223.4.24 - - [27/Jul/2026:20:14:45 -0300] "GET /wp-admin/theme-editor.php?file=404.php HTTP/1.1" 500 2522 "www.google.com" "Mozilla/5.0 (Windows NT 10.0; Win64; x64) AppleWebKit/537.36 (KHTML, like Gecko) Chrome/91.0.4472.124 Safari/537.36" "-"
190.11.58.55 - - [27/Jul/2026:20:15:30 -0300] "POST /testbot/HVidD74XP83CP8wXsd/bridgesisbotsgt.php HTTP/1.1" 200 45 "-" "-" "-"
159.223.102.202 - - [27/Jul/2026:20:16:10 -0300] "POST /wp-cron.php?doing_wp_cron=1785194170.2139539718627929687500 HTTP/1.1" 200 11 "-" "WordPress/6.9.4; https://www.bottaingenieria.com.ar" "-"
34.96.62.34 - - [27/Jul/2026:20:16:10 -0300] "GET / HTTP/1.1" 200 157823 "-" "Mozilla/5.0 (Windows NT 10.0; Win64; x64) AppleWebKit/537.36 (KHTML, like Gecko) Chrome/121.0.0.0 Safari/537.36" "-"
34.96.62.34 - - [27/Jul/2026:20:16:15 -0300] "GET / HTTP/1.1" 200 157823 "-" "Mozilla/5.0 (Windows NT 10.0; Win64; x64) AppleWebKit/537.36 (KHTML, like Gecko) Chrome/121.0.0.0 Safari/537.36" "-"
159.223.102.202 - - [27/Jul/2026:20:17:10 -0300] "POST /wp-cron.php?doing_wp_cron=1785194230.1514389514923095703125 HTTP/1.1" 200 11 "-" "WordPress/6.9.4; https://www.bottaingenieria.com.ar" "-"
44.207.233.68 - - [27/Jul/2026:20:17:10 -0300] "GET /?p=49 HTTP/1.1" 301 5 "-" "Mozilla/5.0 AppleWebKit/605.1.15 (KHTML, like Gecko) Chrome/139.0.0.0 Safari/605.1.15" "-"
52.44.108.124 - - [27/Jul/2026:20:17:11 -0300] "GET /nosotros/ HTTP/1.1" 200 177758 "-" "Mozilla/5.0 AppleWebKit/605.1.15 (KHTML, like Gecko) Chrome/139.0.0.0 Safari/605.1.15" "-"
190.11.58.55 - - [27/Jul/2026:20:17:27 -0300] "POST /testbot/HVidD74XP83CP8wXsd/bridgesisbotsgt.php HTTP/1.1" 200 45 "-" "-" "-"
190.11.58.55 - - [27/Jul/2026:20:17:48 -0300] "POST /testbot/HVidD74XP83CP8wXsd/bridgesisbotsgt.php HTTP/1.1" 200 45 "-" "-" "-"
190.11.58.55 - - [27/Jul/2026:20:22:40 -0300] "POST /testbot/HVidD74XP83CP8wXsd/bridgesisbotsgt.php HTTP/1.1" 200 45 "-" "-" "-"
159.223.102.202 - - [27/Jul/2026:20:26:01 -0300] "POST /wp-cron.php?doing_wp_cron=1785194761.0188128948211669921875 HTTP/1.1" 200 11 "-" "WordPress/6.9.4; https://www.bottaingenieria.com.ar" "-"
40.77.167.28 - - [27/Jul/2026:20:26:01 -0300] "GET /wp-sitemap.xml HTTP/2.0" 200 194 "-" "Mozilla/5.0 AppleWebKit/537.36 (KHTML, like Gecko; compatible; bingbot/2.0; +http://www.bing.com/bingbot.htm) Chrome/116.0.1938.76 Safari/537.36" "-"
190.11.58.55 - - [27/Jul/2026:20:32:08 -0300] "POST /testbot/HVidD74XP83CP8wXsd/bridgesisbotsgt.php HTTP/1.1" 200 45 "-" "-" "-"
190.11.58.55 - - [27/Jul/2026:20:32:12 -0300] "POST /testbot/HVidD74XP83CP8wXsd/bridgesisbotsgt.php HTTP/1.1" 200 45 "-" "-" "-"
190.11.58.55 - - [27/Jul/2026:20:33:04 -0300] "POST /testbot/HVidD74XP83CP8wXsd/bridgesisbotsgt.php HTTP/1.1" 200 45 "-" "-" "-"
159.223.102.202 - - [27/Jul/2026:20:33:53 -0300] "POST /wp-cron.php?doing_wp_cron=1785195233.1114549636840820312500 HTTP/1.1" 200 11 "-" "WordPress/6.9.4; https://www.bottaingenieria.com.ar" "-"
216.73.216.169 - - [27/Jul/2026:20:33:53 -0300] "GET /robots.txt HTTP/2.0" 200 141 "-" "Mozilla/5.0 AppleWebKit/537.36 (KHTML, like Gecko; compatible; ClaudeBot/1.0; +claudebot@anthropic.com)" "-"
216.73.216.169 - - [27/Jul/2026:20:33:53 -0300] "GET /wp-sitemap.xml HTTP/2.0" 200 194 "-" "Mozilla/5.0 AppleWebKit/537.36 (KHTML, like Gecko; compatible; ClaudeBot/1.0; +claudebot@anthropic.com)" "-"
159.223.102.202 - - [27/Jul/2026:20:39:09 -0300] "POST /wp-cron.php?doing_wp_cron=1785195549.0706479549407958984375 HTTP/1.1" 200 11 "-" "WordPress/6.9.4; https://www.bottaingenieria.com.ar" "-"
82.223.4.24 - - [27/Jul/2026:20:39:09 -0300] "GET /wp-login.php HTTP/1.1" 200 127651 "www.google.com" "Mozilla/5.0 (Windows NT 10.0; Win64; x64) AppleWebKit/537.36 (KHTML, like Gecko) Chrome/91.0.4472.124 Safari/537.36" "-"
82.223.4.24 - - [27/Jul/2026:20:39:09 -0300] "POST /wp-login.php HTTP/1.1" 302 5 "https://www.bottaingenieria.com.ar/wp-admin/" "Mozilla/5.0 (Windows NT 10.0; Win64; x64) AppleWebKit/537.36 (KHTML, like Gecko) Chrome/91.0.4472.124 Safari/537.36" "-"
82.223.4.24 - - [27/Jul/2026:20:39:11 -0300] "GET /wp-admin/ HTTP/1.1" 200 211739 "https://www.bottaingenieria.com.ar/wp-admin/" "Mozilla/5.0 (Windows NT 10.0; Win64; x64) AppleWebKit/537.36 (KHTML, like Gecko) Chrome/91.0.4472.124 Safari/537.36" "-"
82.223.4.24 - - [27/Jul/2026:20:39:11 -0300] "GET /wp-admin/ HTTP/1.1" 200 211743 "www.google.com" "Mozilla/5.0 (Windows NT 10.0; Win64; x64) AppleWebKit/537.36 (KHTML, like Gecko) Chrome/91.0.4472.124 Safari/537.36" "-"
82.223.4.24 - - [27/Jul/2026:20:39:13 -0300] "GET /wp-admin/plugin-install.php?tab=upload HTTP/1.1" 200 172978 "www.google.com" "Mozilla/5.0 (Windows NT 10.0; Win64; x64) AppleWebKit/537.36 (KHTML, like Gecko) Chrome/91.0.4472.124 Safari/537.36" "-"
82.223.4.24 - - [27/Jul/2026:20:39:14 -0300] "POST /wp-admin/update.php?action=upload-plugin HTTP/1.1" 200 168210 "www.google.com" "Mozilla/5.0 (Windows NT 10.0; Win64; x64) AppleWebKit/537.36 (KHTML, like Gecko) Chrome/91.0.4472.124 Safari/537.36" "-"
82.223.4.24 - - [27/Jul/2026:20:39:14 -0300] "GET /wp-content/plugins/tjyziqx/index.php HTTP/1.1" 404 178 "www.google.com" "Mozilla/5.0 (Windows NT 10.0; Win64; x64) AppleWebKit/537.36 (KHTML, like Gecko) Chrome/91.0.4472.124 Safari/537.36" "-"
82.223.4.24 - - [27/Jul/2026:20:39:15 -0300] "GET /wp-admin/plugin-install.php?s=File+Manager&tab=search&type=term HTTP/1.1" 200 182199 "www.google.com" "Mozilla/5.0 (Windows NT 10.0; Win64; x64) AppleWebKit/537.36 (KHTML, like Gecko) Chrome/91.0.4472.124 Safari/537.36" "-"
82.223.4.24 - - [27/Jul/2026:20:39:16 -0300] "GET /wp-admin/update.php?action=install-plugin&plugin=wp-file-manager&_wpnonce=08eaca67cc HTTP/1.1" 200 168282 "www.google.com" "Mozilla/5.0 (Windows NT 10.0; Win64; x64) AppleWebKit/537.36 (KHTML, like Gecko) Chrome/91.0.4472.124 Safari/537.36" "-"
82.223.4.24 - - [27/Jul/2026:20:39:18 -0300] "GET /wp-admin/theme-install.php?tab=upload HTTP/1.1" 200 176089 "www.google.com" "Mozilla/5.0 (Windows NT 10.0; Win64; x64) AppleWebKit/537.36 (KHTML, like Gecko) Chrome/91.0.4472.124 Safari/537.36" "-"
82.223.4.24 - - [27/Jul/2026:20:39:19 -0300] "POST /wp-admin/update.php?action=upload-theme HTTP/1.1" 200 169244 "www.google.com" "Mozilla/5.0 (Windows NT 10.0; Win64; x64) AppleWebKit/537.36 (KHTML, like Gecko) Chrome/91.0.4472.124 Safari/537.36" "-"
82.223.4.24 - - [27/Jul/2026:20:39:19 -0300] "GET /wp-content/themes/dvtbkao/about.php HTTP/1.1" 404 178 "www.google.com" "Mozilla/5.0 (Windows NT 10.0; Win64; x64) AppleWebKit/537.36 (KHTML, like Gecko) Chrome/91.0.4472.124 Safari/537.36" "-"
82.223.4.24 - - [27/Jul/2026:20:39:20 -0300] "GET /wp-admin/theme-editor.php?file=404.php HTTP/1.1" 500 2522 "www.google.com" "Mozilla/5.0 (Windows NT 10.0; Win64; x64) AppleWebKit/537.36 (KHTML, like Gecko) Chrome/91.0.4472.124 Safari/537.36" "-"
82.223.4.24 - - [27/Jul/2026:20:39:20 -0300] "GET /wp-admin/plugin-install.php?tab=upload HTTP/1.1" 200 172978 "www.google.com" "Mozilla/5.0 (Windows NT 10.0; Win64; x64) AppleWebKit/537.36 (KHTML, like Gecko) Chrome/91.0.4472.124 Safari/537.36" "-"
82.223.4.24 - - [27/Jul/2026:20:39:21 -0300] "POST /wp-admin/update.php?action=upload-plugin HTTP/1.1" 500 2516 "www.google.com" "Mozilla/5.0 (Windows NT 10.0; Win64; x64) AppleWebKit/537.36 (KHTML, like Gecko) Chrome/91.0.4472.124 Safari/537.36" "-"
82.223.4.24 - - [27/Jul/2026:20:39:22 -0300] "GET /wp-content/uploads/2026/07/qslpnxjp.php HTTP/1.1" 404 178 "www.google.com" "Mozilla/5.0 (Windows NT 10.0; Win64; x64) AppleWebKit/537.36 (KHTML, like Gecko) Chrome/91.0.4472.124 Safari/537.36" "-"
82.223.4.24 - - [27/Jul/2026:20:39:22 -0300] "GET /wp-content/uploads/2026/qslpnxjp.php HTTP/1.1" 404 178 "www.google.com" "Mozilla/5.0 (Windows NT 10.0; Win64; x64) AppleWebKit/537.36 (KHTML, like Gecko) Chrome/91.0.4472.124 Safari/537.36" "-"
82.223.4.24 - - [27/Jul/2026:20:39:22 -0300] "GET /wp-content/uploads/qslpnxjp.php HTTP/1.1" 404 178 "www.google.com" "Mozilla/5.0 (Windows NT 10.0; Win64; x64) AppleWebKit/537.36 (KHTML, like Gecko) Chrome/91.0.4472.124 Safari/537.36" "-"
82.223.4.24 - - [27/Jul/2026:20:39:22 -0300] "GET /wp-content/qslpnxjp.php HTTP/1.1" 404 178 "www.google.com" "Mozilla/5.0 (Windows NT 10.0; Win64; x64) AppleWebKit/537.36 (KHTML, like Gecko) Chrome/91.0.4472.124 Safari/537.36" "-"
82.223.4.24 - - [27/Jul/2026:20:39:23 -0300] "GET /qslpnxjp.php HTTP/1.1" 404 178 "www.google.com" "Mozilla/5.0 (Windows NT 10.0; Win64; x64) AppleWebKit/537.36 (KHTML, like Gecko) Chrome/91.0.4472.124 Safari/537.36" "-"
82.223.4.24 - - [27/Jul/2026:20:39:23 -0300] "GET /wp-admin/theme-editor.php?file=404.php HTTP/1.1" 500 2522 "www.google.com" "Mozilla/5.0 (Windows NT 10.0; Win64; x64) AppleWebKit/537.36 (KHTML, like Gecko) Chrome/91.0.4472.124 Safari/537.36" "-"
190.11.58.55 - - [27/Jul/2026:20:39:23 -0300] "POST /testbot/HVidD74XP83CP8wXsd/bridgesisbotsgt.php HTTP/1.1" 200 45 "-" "-" "-"
159.223.102.202 - - [27/Jul/2026:20:40:15 -0300] "POST /wp-cron.php?doing_wp_cron=1785195615.1643319129943847656250 HTTP/1.1" 200 11 "-" "WordPress/6.9.4; https://www.bottaingenieria.com.ar" "-"
41.216.188.106 - - [27/Jul/2026:20:40:15 -0300] "GET /wp-login.php HTTP/1.1" 200 127651 "www.google.com" "Mozilla/5.0 (Windows NT 10.0; Win64; x64) AppleWebKit/537.36 (KHTML, like Gecko) Chrome/91.0.4472.124 Safari/537.36" "-"
41.216.188.106 - - [27/Jul/2026:20:40:15 -0300] "POST /wp-login.php HTTP/1.1" 302 5 "https://www.bottaingenieria.com.ar/wp-admin/" "Mozilla/5.0 (Windows NT 10.0; Win64; x64) AppleWebKit/537.36 (KHTML, like Gecko) Chrome/91.0.4472.124 Safari/537.36" "-"
41.216.188.106 - - [27/Jul/2026:20:40:16 -0300] "GET /wp-admin/ HTTP/1.1" 200 211731 "https://www.bottaingenieria.com.ar/wp-admin/" "Mozilla/5.0 (Windows NT 10.0; Win64; x64) AppleWebKit/537.36 (KHTML, like Gecko) Chrome/91.0.4472.124 Safari/537.36" "-"
41.216.188.106 - - [27/Jul/2026:20:40:17 -0300] "GET /wp-admin/ HTTP/1.1" 200 211736 "www.google.com" "Mozilla/5.0 (Windows NT 10.0; Win64; x64) AppleWebKit/537.36 (KHTML, like Gecko) Chrome/91.0.4472.124 Safari/537.36" "-"
41.216.188.106 - - [27/Jul/2026:20:40:18 -0300] "GET /wp-admin/plugin-install.php?tab=upload HTTP/1.1" 200 172981 "www.google.com" "Mozilla/5.0 (Windows NT 10.0; Win64; x64) AppleWebKit/537.36 (KHTML, like Gecko) Chrome/91.0.4472.124 Safari/537.36" "-"
41.216.188.106 - - [27/Jul/2026:20:40:19 -0300] "POST /wp-admin/update.php?action=upload-plugin HTTP/1.1" 200 168214 "www.google.com" "Mozilla/5.0 (Windows NT 10.0; Win64; x64) AppleWebKit/537.36 (KHTML, like Gecko) Chrome/91.0.4472.124 Safari/537.36" "-"
41.216.188.106 - - [27/Jul/2026:20:40:20 -0300] "GET /wp-content/plugins/xcdzxhn/index.php HTTP/1.1" 404 178 "www.google.com" "Mozilla/5.0 (Windows NT 10.0; Win64; x64) AppleWebKit/537.36 (KHTML, like Gecko) Chrome/91.0.4472.124 Safari/537.36" "-"
41.216.188.106 - - [27/Jul/2026:20:40:21 -0300] "GET /wp-admin/plugin-install.php?s=File+Manager&tab=search&type=term HTTP/1.1" 200 182200 "www.google.com" "Mozilla/5.0 (Windows NT 10.0; Win64; x64) AppleWebKit/537.36 (KHTML, like Gecko) Chrome/91.0.4472.124 Safari/537.36" "-"
41.216.188.106 - - [27/Jul/2026:20:40:22 -0300] "GET /wp-admin/update.php?action=install-plugin&plugin=wp-file-manager&_wpnonce=eb9a1a6f7c HTTP/1.1" 200 168287 "www.google.com" "Mozilla/5.0 (Windows NT 10.0; Win64; x64) AppleWebKit/537.36 (KHTML, like Gecko) Chrome/91.0.4472.124 Safari/537.36" "-"
41.216.188.106 - - [27/Jul/2026:20:40:24 -0300] "GET /wp-admin/theme-install.php?tab=upload HTTP/1.1" 200 176092 "www.google.com" "Mozilla/5.0 (Windows NT 10.0; Win64; x64) AppleWebKit/537.36 (KHTML, like Gecko) Chrome/91.0.4472.124 Safari/537.36" "-"
41.216.188.106 - - [27/Jul/2026:20:40:25 -0300] "POST /wp-admin/update.php?action=upload-theme HTTP/1.1" 200 169248 "www.google.com" "Mozilla/5.0 (Windows NT 10.0; Win64; x64) AppleWebKit/537.36 (KHTML, like Gecko) Chrome/91.0.4472.124 Safari/537.36" "-"
41.216.188.106 - - [27/Jul/2026:20:40:25 -0300] "GET /wp-content/themes/vwbdwkx/about.php HTTP/1.1" 404 178 "www.google.com" "Mozilla/5.0 (Windows NT 10.0; Win64; x64) AppleWebKit/537.36 (KHTML, like Gecko) Chrome/91.0.4472.124 Safari/537.36" "-"
41.216.188.106 - - [27/Jul/2026:20:40:26 -0300] "GET /wp-admin/theme-editor.php?file=404.php HTTP/1.1" 500 2522 "www.google.com" "Mozilla/5.0 (Windows NT 10.0; Win64; x64) AppleWebKit/537.36 (KHTML, like Gecko) Chrome/91.0.4472.124 Safari/537.36" "-"
41.216.188.106 - - [27/Jul/2026:20:40:26 -0300] "GET /wp-admin/plugin-install.php?tab=upload HTTP/1.1" 200 172980 "www.google.com" "Mozilla/5.0 (Windows NT 10.0; Win64; x64) AppleWebKit/537.36 (KHTML, like Gecko) Chrome/91.0.4472.124 Safari/537.36" "-"
41.216.188.106 - - [27/Jul/2026:20:40:27 -0300] "POST /wp-admin/update.php?action=upload-plugin HTTP/1.1" 500 2516 "www.google.com" "Mozilla/5.0 (Windows NT 10.0; Win64; x64) AppleWebKit/537.36 (KHTML, like Gecko) Chrome/91.0.4472.124 Safari/537.36" "-"
41.216.188.106 - - [27/Jul/2026:20:40:28 -0300] "GET /wp-content/uploads/2026/07/rjmmtizl.php HTTP/1.1" 404 178 "www.google.com" "Mozilla/5.0 (Windows NT 10.0; Win64; x64) AppleWebKit/537.36 (KHTML, like Gecko) Chrome/91.0.4472.124 Safari/537.36" "-"
41.216.188.106 - - [27/Jul/2026:20:40:28 -0300] "GET /wp-content/uploads/2026/rjmmtizl.php HTTP/1.1" 404 178 "www.google.com" "Mozilla/5.0 (Windows NT 10.0; Win64; x64) AppleWebKit/537.36 (KHTML, like Gecko) Chrome/91.0.4472.124 Safari/537.36" "-"
41.216.188.106 - - [27/Jul/2026:20:40:28 -0300] "GET /wp-content/uploads/rjmmtizl.php HTTP/1.1" 404 178 "www.google.com" "Mozilla/5.0 (Windows NT 10.0; Win64; x64) AppleWebKit/537.36 (KHTML, like Gecko) Chrome/91.0.4472.124 Safari/537.36" "-"
41.216.188.106 - - [27/Jul/2026:20:40:29 -0300] "GET /wp-content/rjmmtizl.php HTTP/1.1" 404 178 "www.google.com" "Mozilla/5.0 (Windows NT 10.0; Win64; x64) AppleWebKit/537.36 (KHTML, like Gecko) Chrome/91.0.4472.124 Safari/537.36" "-"
41.216.188.106 - - [27/Jul/2026:20:40:29 -0300] "GET /rjmmtizl.php HTTP/1.1" 404 178 "www.google.com" "Mozilla/5.0 (Windows NT 10.0; Win64; x64) AppleWebKit/537.36 (KHTML, like Gecko) Chrome/91.0.4472.124 Safari/537.36" "-"
41.216.188.106 - - [27/Jul/2026:20:40:30 -0300] "GET /wp-admin/theme-editor.php?file=404.php HTTP/1.1" 500 2522 "www.google.com" "Mozilla/5.0 (Windows NT 10.0; Win64; x64) AppleWebKit/537.36 (KHTML, like Gecko) Chrome/91.0.4472.124 Safari/537.36" "-"
52.71.46.142 - - [27/Jul/2026:20:40:46 -0300] "GET /?p=233 HTTP/1.1" 301 5 "-" "Mozilla/5.0 AppleWebKit/537.36 (KHTML, like Gecko; compatible; Amazonbot/0.1; +https://developer.amazon.com/support/amazonbot) Chrome/119.0.6045.214 Safari/537.36" "-"
52.71.46.142 - - [27/Jul/2026:20:40:47 -0300] "GET /iaychatbots/ HTTP/1.1" 200 175620 "-" "Mozilla/5.0 AppleWebKit/537.36 (KHTML, like Gecko; compatible; Amazonbot/0.1; +https://developer.amazon.com/support/amazonbot) Chrome/119.0.6045.214 Safari/537.36" "-"
190.11.58.55 - - [27/Jul/2026:20:41:01 -0300] "POST /testbot/HVidD74XP83CP8wXsd/bridgesisbotsgt.php HTTP/1.1" 200 45 "-" "-" "-"
159.223.102.202 - - [27/Jul/2026:20:43:16 -0300] "POST /wp-cron.php?doing_wp_cron=1785195795.9945499897003173828125 HTTP/1.1" 200 11 "-" "WordPress/6.9.4; https://www.bottaingenieria.com.ar" "-"
18.233.176.29 - - [27/Jul/2026:20:43:16 -0300] "GET /?p=47 HTTP/1.1" 301 5 "-" "Mozilla/5.0 AppleWebKit/605.1.15 (KHTML, like Gecko) Chrome/139.0.0.0 Safari/605.1.15" "-"
13.223.35.36 - - [27/Jul/2026:20:43:16 -0300] "GET /novedades/ HTTP/1.1" 200 174349 "-" "Mozilla/5.0 AppleWebKit/605.1.15 (KHTML, like Gecko) Chrome/139.0.0.0 Safari/605.1.15" "-"
159.223.102.202 - - [27/Jul/2026:20:44:52 -0300] "POST /wp-cron.php?doing_wp_cron=1785195892.1075930595397949218750 HTTP/1.1" 200 11 "-" "WordPress/6.9.4; https://www.bottaingenieria.com.ar" "-"
104.210.140.132 - - [27/Jul/2026:20:44:52 -0300] "GET /robots.txt HTTP/2.0" 200 141 "-" "Mozilla/5.0 (Macintosh; Intel Mac OS X 10_15_7) AppleWebKit/537.36 (KHTML, like Gecko) Chrome/131.0.0.0 Safari/537.36; compatible; OAI-SearchBot/1.0; +https://openai.com/searchbot" "-"
190.11.58.55 - - [27/Jul/2026:20:45:06 -0300] "POST /testbot/HVidD74XP83CP8wXsd/bridgesisbotsgt.php HTTP/1.1" 200 45 "-" "-" "-"
190.11.58.55 - - [27/Jul/2026:20:51:06 -0300] "POST /testbot/HVidD74XP83CP8wXsd/bridgesisbotsgt.php HTTP/1.1" 200 45 "-" "-" "-"
190.11.58.55 - - [27/Jul/2026:20:51:09 -0300] "POST /testbot/HVidD74XP83CP8wXsd/bridgesisbotsgt.php HTTP/1.1" 200 45 "-" "-" "-"
159.223.102.202 - - [27/Jul/2026:20:52:57 -0300] "POST /wp-cron.php?doing_wp_cron=1785196376.9906830787658691406250 HTTP/1.1" 200 11 "-" "WordPress/6.9.4; https://www.bottaingenieria.com.ar" "-"
